--
-- Host: 127.0.0.1    Database: aadfirst_laravel
-- ------------------------------------------------------


--
-- Table structure for table `about_us`
--

CREATE TABLE `about_us` (
  `id` bigint(20) unsigned NOT NULL AUTO_INCREMENT,
  `experience_year` int(11) DEFAULT NULL,
  `about_image` varchar(255) DEFAULT NULL,
  `ceo_image` varchar(255) DEFAULT NULL,
  `signature_image` varchar(255) DEFAULT NULL,
  `created_at` timestamp NULL DEFAULT NULL,
  `updated_at` timestamp NULL DEFAULT NULL,
  PRIMARY KEY (`id`)
) ENGINE=InnoDB AUTO_INCREMENT=2 DEFAULT CHARSET=utf8mb4 COLLATE=utf8mb4_unicode_ci;

--
-- Dumping data for table `about_us`
--

INSERT INTO `about_us` VALUES (1,2,'uploads/website-images/file-name-17427262889164.webp','uploads/website-images/ceo-image-2024-03-28-07-27-55-7464.webp','uploads/website-images/reveiw-icon-2024-03-07-07-52-29-6285.webp',NULL,'2026-05-16 13:20:43');

--
-- Table structure for table `about_us_translations`
--

CREATE TABLE `about_us_translations` (
  `id` bigint(20) unsigned NOT NULL AUTO_INCREMENT,
  `lang_code` varchar(10) NOT NULL,
  `about_us_id` int(11) NOT NULL,
  `header` varchar(255) NOT NULL,
  `title` text NOT NULL,
  `description` longtext NOT NULL,
  `ceo_name` varchar(255) DEFAULT NULL,
  `ceo_designation` varchar(255) DEFAULT NULL,
  `created_at` timestamp NULL DEFAULT NULL,
  `updated_at` timestamp NULL DEFAULT NULL,
  PRIMARY KEY (`id`)
) ENGINE=InnoDB AUTO_INCREMENT=47 DEFAULT CHARSET=utf8mb4 COLLATE=utf8mb4_unicode_ci;

--
-- Dumping data for table `about_us_translations`
--

INSERT INTO `about_us_translations` VALUES (1,'en',1,'About Us','Aadfirst Is the first classified ads site used by 1 million users','<p>There are many variations of passages of Lorem Ipsum available, but suffered alteration in some form, by injected humour, or randomised look even slightly believable. If you are going to use passage of you to be sure there isn\'t anything embarrassing.</p>','John Doe','CEO & Founder',NULL,'2024-04-04 21:18:13'),(46,'ro',1,'About Us','[app_name] este primul site de anunțuri folosit de [total_users] de utilizatori','<p>Există multe variații ale pasajelor Lorem Ipsum disponibile, &icirc;nsă au suferit modificări sub diverse forme: prin umor introdus, aleatorizare sau alte schimbări care le fac să pară mai puțin credibile. Dacă folosești un pasaj, asigură-te că nu conține nimic jenant.</p>','John Doe','CEO & Founder','2026-05-15 10:14:43','2026-05-16 13:17:50');

--
-- Table structure for table `admin_roles`
--

CREATE TABLE `admin_roles` (
  `id` bigint(20) unsigned NOT NULL AUTO_INCREMENT,
  `name` varchar(255) NOT NULL,
  `slug` varchar(255) NOT NULL,
  `sections` longtext CHARACTER SET utf8mb4 COLLATE utf8mb4_bin DEFAULT NULL CHECK (json_valid(`sections`)),
  `is_system` tinyint(1) NOT NULL DEFAULT 0,
  `created_at` timestamp NULL DEFAULT NULL,
  `updated_at` timestamp NULL DEFAULT NULL,
  PRIMARY KEY (`id`),
  UNIQUE KEY `admin_roles_slug_unique` (`slug`)
) ENGINE=InnoDB AUTO_INCREMENT=8 DEFAULT CHARSET=utf8mb4 COLLATE=utf8mb4_unicode_ci;

--
-- Dumping data for table `admin_roles`
--

INSERT INTO `admin_roles` VALUES (1,'Super Admin','super_admin','[\"*\"]',1,'2026-05-15 20:53:43','2026-05-15 20:53:43'),(2,'Supervisor','supervisor','[\"dashboard\",\"listings\",\"ecommerce\",\"taxonomy\",\"subscriptions\",\"frontend_users\",\"kyc\",\"ads\",\"contact_messages\",\"support_tickets\",\"blog\",\"pages\",\"home_sections\",\"settings\",\"currency\",\"language\",\"email\",\"website_setup\",\"seo\",\"menus\",\"payments\",\"newsletter\",\"cache\",\"accounting\"]',1,'2026-05-15 20:53:43','2026-05-18 19:28:08'),(3,'Moderator','moderator','[\"dashboard\",\"listings\",\"kyc\",\"contact_messages\",\"support_tickets\",\"blog\"]',1,'2026-05-15 20:53:43','2026-05-15 23:59:31'),(4,'Support','support','[\"dashboard\",\"support_tickets\",\"contact_messages\",\"frontend_users\"]',1,'2026-05-15 20:53:43','2026-05-15 20:53:43'),(5,'Content Manager','content_manager','[\"dashboard\",\"blog\",\"pages\",\"home_sections\",\"ads\",\"menus\"]',1,'2026-05-15 20:53:43','2026-05-15 20:53:43'),(7,'Accounting','accounting','[\"accounting\"]',1,'2026-05-18 10:40:20','2026-05-18 10:40:20');

--
-- Table structure for table `ads_banners`
--

CREATE TABLE `ads_banners` (
  `id` bigint(20) unsigned NOT NULL AUTO_INCREMENT,
  `position` varchar(255) NOT NULL,
  `position_key` varchar(255) NOT NULL,
  `ad_type` varchar(255) NOT NULL DEFAULT 'custom',
  `image` varchar(255) NOT NULL,
  `link` text NOT NULL,
  `ad_code` text DEFAULT NULL,
  `status` varchar(255) NOT NULL DEFAULT 'enable',
  `created_at` timestamp NULL DEFAULT NULL,
  `updated_at` timestamp NULL DEFAULT NULL,
  PRIMARY KEY (`id`)
) ENGINE=InnoDB AUTO_INCREMENT=11 DEFAULT CHARSET=utf8mb4 COLLATE=utf8mb4_unicode_ci;

--
-- Dumping data for table `ads_banners`
--

INSERT INTO `ads_banners` VALUES (1,'Top Bar','top_bar','custom','uploads/website-images/file-name-17424633553375.png','https://aadfirst.minionionbd.com/listing/penthouse-with-pool-at-sunset-generative',NULL,'enable',NULL,'2025-03-20 09:35:55'),(2,'Home-1 featured listing side bar','home1_featured_listing_sidebar','custom','uploads/website-images/file-name-17424634203216.png','https://aadfirst.minionionbd.com/listing/quality-gym-equipment-for-sale',NULL,'enable',NULL,'2025-03-20 09:37:00'),(4,'Home-1 featured listing bottom','home1_featured_listing_bottom','custom','uploads/website-images/file-name-17424634515335.png','https://aadfirst.minionionbd.com/listing/essential-equipment-for-fitness-enthusiasts',NULL,'enable',NULL,'2025-03-20 09:37:31'),(5,'Home-2 featured listing top','home2_featured_listing_top','custom','uploads/website-images/Home1-2024-04-03-06-23-16-1839.png','https://aadfirst.minionionbd.com/listing/essential-equipment-for-fitness-enthusiasts',NULL,'enable',NULL,'2024-04-03 00:23:16'),(6,'Home-3 city top','home3_city_top','custom','uploads/website-images/Home1-2024-03-31-05-07-18-4382.png','https://aadfirst.minionionbd.com/listing/essential-equipment-for-fitness-enthusiasts',NULL,'enable',NULL,'2024-03-30 23:07:18'),(7,'Listing page sidebar','listing_sidebar','custom','uploads/website-images/file-name-17424660581947.png','https://aadfirst.minionionbd.com/listing/essential-equipment-for-fitness-enthusiasts',NULL,'enable',NULL,'2025-03-20 10:20:58'),(8,'Listing detail topbar','listing_detail_topbar','custom','uploads/website-images/Home1-2024-03-31-05-10-08-8585.png','https://aadfirst.minionionbd.com/listing/penthouse-with-pool-at-sunset-generative',NULL,'enable',NULL,'2024-04-03 01:48:07'),(9,'Listing detail sidebar','listing_detail_sidebar','custom','uploads/website-images/Home1-2024-04-05-03-07-28-4489.png','https://aadfirst.minionionbd.com/listing/penthouse-with-pool-at-sunset-generative',NULL,'enable',NULL,'2024-04-04 21:07:29'),(10,'Home-1 explore side','home1_explore_side','custom','uploads/website-images/Home1-2024-03-31-05-09-32-5379.png','https://aadfirst.minionionbd.com/listing/penthouse-with-pool-at-sunset-generative',NULL,'enable',NULL,'2024-03-30 23:09:32');

--
-- Table structure for table `api_cost_summary`
--

CREATE TABLE `api_cost_summary` (
  `id` bigint(20) unsigned NOT NULL AUTO_INCREMENT,
  `provider` varchar(64) NOT NULL,
  `feature_type` varchar(64) DEFAULT NULL,
  `period_type` enum('day','month') NOT NULL DEFAULT 'day',
  `period_date` date NOT NULL,
  `request_count` int(10) unsigned NOT NULL DEFAULT 0,
  `success_count` int(10) unsigned NOT NULL DEFAULT 0,
  `error_count` int(10) unsigned NOT NULL DEFAULT 0,
  `total_cost` decimal(14,4) NOT NULL DEFAULT 0.0000,
  `created_at` timestamp NULL DEFAULT NULL,
  `updated_at` timestamp NULL DEFAULT NULL,
  PRIMARY KEY (`id`),
  UNIQUE KEY `api_cost_summary_unique` (`provider`,`feature_type`,`period_type`,`period_date`),
  KEY `api_cost_summary_period_type_period_date_index` (`period_type`,`period_date`),
  KEY `api_cost_summary_period_date_index` (`period_date`)
) ENGINE=InnoDB DEFAULT CHARSET=utf8mb4 COLLATE=utf8mb4_unicode_ci;

--
-- Dumping data for table `api_cost_summary`
--


--
-- Table structure for table `api_usage_logs`
--

CREATE TABLE `api_usage_logs` (
  `id` bigint(20) unsigned NOT NULL AUTO_INCREMENT,
  `provider` varchar(64) NOT NULL,
  `endpoint` varchar(512) NOT NULL,
  `http_method` varchar(10) NOT NULL DEFAULT 'GET',
  `cost_per_request` decimal(12,6) NOT NULL DEFAULT 0.000000,
  `total_cost` decimal(12,6) NOT NULL DEFAULT 0.000000,
  `status` varchar(16) NOT NULL DEFAULT 'success',
  `http_status` smallint(5) unsigned DEFAULT NULL,
  `response_time_ms` int(10) unsigned DEFAULT NULL,
  `feature_type` varchar(64) NOT NULL,
  `user_id` bigint(20) unsigned DEFAULT NULL,
  `admin_id` bigint(20) unsigned DEFAULT NULL,
  `metadata` longtext CHARACTER SET utf8mb4 COLLATE utf8mb4_bin DEFAULT NULL CHECK (json_valid(`metadata`)),
  `created_at` timestamp NOT NULL DEFAULT current_timestamp() ON UPDATE current_timestamp(),
  PRIMARY KEY (`id`),
  KEY `api_usage_logs_provider_created_at_index` (`provider`,`created_at`),
  KEY `api_usage_logs_feature_type_created_at_index` (`feature_type`,`created_at`),
  KEY `api_usage_logs_provider_index` (`provider`),
  KEY `api_usage_logs_status_index` (`status`),
  KEY `api_usage_logs_feature_type_index` (`feature_type`),
  KEY `api_usage_logs_user_id_index` (`user_id`),
  KEY `api_usage_logs_admin_id_index` (`admin_id`),
  KEY `api_usage_logs_created_at_index` (`created_at`)
) ENGINE=InnoDB AUTO_INCREMENT=2 DEFAULT CHARSET=utf8mb4 COLLATE=utf8mb4_unicode_ci;

--
-- Dumping data for table `api_usage_logs`
--

INSERT INTO `api_usage_logs` VALUES (1,'smtp_probe','smtp://gmail-smtp-in.l.google.com/RCPT','SMTP',0.000000,0.000000,'success',250,316,'email_verification',NULL,NULL,'{\"email_domain\":\"gmail.com\"}','2026-05-19 10:09:00');

--
-- Table structure for table `bank_payments`
--

CREATE TABLE `bank_payments` (
  `id` bigint(20) unsigned NOT NULL AUTO_INCREMENT,
  `status` int(11) NOT NULL DEFAULT 0,
  `account_info` text DEFAULT NULL,
  `image` varchar(255) DEFAULT NULL,
  `created_at` timestamp NULL DEFAULT NULL,
  `updated_at` timestamp NULL DEFAULT NULL,
  PRIMARY KEY (`id`)
) ENGINE=InnoDB AUTO_INCREMENT=2 DEFAULT CHARSET=utf8mb4 COLLATE=utf8mb4_unicode_ci;

--
-- Dumping data for table `bank_payments`
--

INSERT INTO `bank_payments` VALUES (1,1,'Bank Name: Your bank name\r\nAccount Number:  Your bank account number\r\nRouting Number: Your bank routing number\r\nBranch: Your bank branch name','uploads/website-images/bank-2024-03-30-01-40-11-1519.png',NULL,'2024-03-29 19:40:11');

--
-- Table structure for table `blog_categories`
--

CREATE TABLE `blog_categories` (
  `id` bigint(20) unsigned NOT NULL AUTO_INCREMENT,
  `slug` varchar(255) NOT NULL,
  `status` tinyint(4) NOT NULL DEFAULT 0,
  `created_at` timestamp NULL DEFAULT NULL,
  `updated_at` timestamp NULL DEFAULT NULL,
  PRIMARY KEY (`id`)
) ENGINE=InnoDB AUTO_INCREMENT=2 DEFAULT CHARSET=utf8mb4 COLLATE=utf8mb4_unicode_ci;

--
-- Dumping data for table `blog_categories`
--

INSERT INTO `blog_categories` VALUES (1,'general',1,'2026-05-15 22:46:37','2026-05-16 02:25:58');

--
-- Table structure for table `blog_category_translations`
--

CREATE TABLE `blog_category_translations` (
  `id` bigint(20) unsigned NOT NULL AUTO_INCREMENT,
  `lang_code` varchar(255) NOT NULL,
  `blog_category_id` int(11) NOT NULL,
  `name` varchar(255) NOT NULL,
  `created_at` timestamp NULL DEFAULT NULL,
  `updated_at` timestamp NULL DEFAULT NULL,
  PRIMARY KEY (`id`)
) ENGINE=InnoDB AUTO_INCREMENT=3 DEFAULT CHARSET=utf8mb4 COLLATE=utf8mb4_unicode_ci;

--
-- Dumping data for table `blog_category_translations`
--

INSERT INTO `blog_category_translations` VALUES (1,'en',1,'General','2026-05-15 22:46:37','2026-05-15 22:46:37'),(2,'ro',1,'General','2026-05-15 22:46:37','2026-05-15 22:46:37');

--
-- Table structure for table `blog_comments`
--

CREATE TABLE `blog_comments` (
  `id` bigint(20) unsigned NOT NULL AUTO_INCREMENT,
  `blog_id` int(11) NOT NULL,
  `name` varchar(255) DEFAULT NULL,
  `email` varchar(255) DEFAULT NULL,
  `phone` varchar(255) DEFAULT NULL,
  `comment` text NOT NULL,
  `status` tinyint(4) NOT NULL DEFAULT 0,
  `created_at` timestamp NULL DEFAULT NULL,
  `updated_at` timestamp NULL DEFAULT NULL,
  PRIMARY KEY (`id`)
) ENGINE=InnoDB DEFAULT CHARSET=utf8mb4 COLLATE=utf8mb4_unicode_ci;

--
-- Dumping data for table `blog_comments`
--


--
-- Table structure for table `blog_translations`
--

CREATE TABLE `blog_translations` (
  `id` bigint(20) unsigned NOT NULL AUTO_INCREMENT,
  `blog_id` int(11) NOT NULL DEFAULT 0,
  `lang_code` varchar(11) NOT NULL,
  `title` varchar(255) NOT NULL,
  `description` longtext NOT NULL,
  `seo_title` text NOT NULL,
  `seo_description` text NOT NULL,
  `created_at` timestamp NULL DEFAULT NULL,
  `updated_at` timestamp NULL DEFAULT NULL,
  PRIMARY KEY (`id`)
) ENGINE=InnoDB AUTO_INCREMENT=3 DEFAULT CHARSET=utf8mb4 COLLATE=utf8mb4_unicode_ci;

--
-- Dumping data for table `blog_translations`
--

INSERT INTO `blog_translations` VALUES (1,1,'en','Test articol','<p>test</p>','test','test','2026-05-16 02:26:28','2026-05-16 02:26:28'),(2,1,'ro','Test articol','<p>test</p>','test','test','2026-05-16 02:26:28','2026-05-16 02:26:28');

--
-- Table structure for table `blogs`
--

CREATE TABLE `blogs` (
  `id` bigint(20) unsigned NOT NULL AUTO_INCREMENT,
  `admin_id` int(11) NOT NULL DEFAULT 0,
  `slug` text NOT NULL,
  `blog_category_id` int(11) NOT NULL,
  `image` varchar(255) NOT NULL,
  `views` int(11) NOT NULL DEFAULT 0,
  `status` int(11) NOT NULL DEFAULT 0,
  `show_homepage` varchar(255) NOT NULL DEFAULT 'no',
  `is_popular` varchar(255) NOT NULL DEFAULT 'no',
  `tags` text DEFAULT NULL,
  `created_at` timestamp NULL DEFAULT NULL,
  `updated_at` timestamp NULL DEFAULT NULL,
  PRIMARY KEY (`id`)
) ENGINE=InnoDB AUTO_INCREMENT=2 DEFAULT CHARSET=utf8mb4 COLLATE=utf8mb4_unicode_ci;

--
-- Dumping data for table `blogs`
--

INSERT INTO `blogs` VALUES (1,1,'test-articol',1,'uploads/custom-images/file-name-17788623886464.jpg',2,1,'no','no','[{\"value\":\"test\"}]','2026-05-16 02:26:28','2026-05-16 19:21:55');

--
-- Table structure for table `bookings`
--

CREATE TABLE `bookings` (
  `id` bigint(20) unsigned NOT NULL AUTO_INCREMENT,
  `listing_id` int(11) NOT NULL,
  `user_id` int(11) NOT NULL,
  `agent_id` bigint(20) unsigned DEFAULT NULL,
  `start_date` date NOT NULL,
  `end_date` date NOT NULL,
  `status` varchar(255) NOT NULL,
  `rejection_reason` text DEFAULT NULL,
  `rejected_at` timestamp NULL DEFAULT NULL,
  `created_at` timestamp NULL DEFAULT NULL,
  `updated_at` timestamp NULL DEFAULT NULL,
  PRIMARY KEY (`id`)
) ENGINE=InnoDB AUTO_INCREMENT=5 DEFAULT CHARSET=utf8mb4 COLLATE=utf8mb4_unicode_ci;

--
-- Dumping data for table `bookings`
--

INSERT INTO `bookings` VALUES (1,19,3,2,'2026-05-19','2026-05-28','approved',NULL,NULL,'2026-05-17 21:37:39','2026-05-17 21:37:39'),(2,39,3,2,'2026-05-18','2026-05-20','approved',NULL,NULL,'2026-05-17 21:50:54','2026-05-17 21:51:41'),(3,39,3,2,'2026-06-01','2026-06-04','approved',NULL,NULL,'2026-05-17 21:55:42','2026-05-17 21:56:12'),(4,19,5,2,'2026-05-29','2026-05-30','pending',NULL,NULL,'2026-05-19 16:48:15','2026-05-19 16:48:15');

--
-- Table structure for table `categories`
--

CREATE TABLE `categories` (
  `id` bigint(20) unsigned NOT NULL AUTO_INCREMENT,
  `slug` varchar(255) NOT NULL,
  `icon` varchar(255) DEFAULT NULL,
  `status` varchar(255) NOT NULL DEFAULT 'enable',
  `homepage_sort_order` smallint(5) unsigned NOT NULL DEFAULT 0,
  `show_on_homepage` tinyint(1) NOT NULL DEFAULT 0,
  `created_at` timestamp NULL DEFAULT NULL,
  `updated_at` timestamp NULL DEFAULT NULL,
  PRIMARY KEY (`id`)
) ENGINE=InnoDB AUTO_INCREMENT=5 DEFAULT CHARSET=utf8mb4 COLLATE=utf8mb4_unicode_ci;

--
-- Dumping data for table `categories`
--

INSERT INTO `categories` VALUES (1,'classified',NULL,'enable',0,0,NULL,'2026-05-18 06:38:14'),(2,'realestate','uploads/custom-images/file-name-17791062537371.png','enable',0,1,NULL,'2026-05-18 12:11:20'),(3,'jobpost','uploads/custom-images/file-name-17791065407865.png','enable',0,1,NULL,'2026-05-18 12:15:40'),(4,'ecommerce',NULL,'disable',0,0,NULL,'2026-05-18 12:40:57');

--
-- Table structure for table `category_translations`
--

CREATE TABLE `category_translations` (
  `id` bigint(20) unsigned NOT NULL AUTO_INCREMENT,
  `category_id` int(11) NOT NULL,
  `lang_code` varchar(255) NOT NULL,
  `name` varchar(255) NOT NULL,
  `created_at` timestamp NULL DEFAULT NULL,
  `updated_at` timestamp NULL DEFAULT NULL,
  PRIMARY KEY (`id`)
) ENGINE=InnoDB AUTO_INCREMENT=9 DEFAULT CHARSET=utf8mb4 COLLATE=utf8mb4_unicode_ci;

--
-- Dumping data for table `category_translations`
--

INSERT INTO `category_translations` VALUES (1,1,'en','Classified',NULL,NULL),(2,2,'en','Real Estate',NULL,NULL),(3,3,'en','Job Post',NULL,NULL),(4,4,'en','Ecommerce\r\n',NULL,NULL),(5,1,'ro','Anunțuri','2026-05-15 09:58:44','2026-05-15 10:10:11'),(6,2,'ro','Imobiliare','2026-05-15 09:58:44','2026-05-15 10:10:11'),(7,3,'ro','Locuri de muncă','2026-05-15 09:58:44','2026-05-15 10:10:11'),(8,4,'ro','Magazin','2026-05-15 09:58:44','2026-05-15 10:10:11');

--
-- Table structure for table `child_categories`
--

CREATE TABLE `child_categories` (
  `id` bigint(20) unsigned NOT NULL AUTO_INCREMENT,
  `sub_category_id` int(11) NOT NULL,
  `slug` varchar(255) NOT NULL,
  `icon` varchar(255) DEFAULT NULL,
  `status` varchar(255) NOT NULL DEFAULT 'enable',
  `created_at` timestamp NULL DEFAULT NULL,
  `updated_at` timestamp NULL DEFAULT NULL,
  PRIMARY KEY (`id`),
  UNIQUE KEY `child_categories_sub_category_slug_unique` (`sub_category_id`,`slug`)
) ENGINE=InnoDB AUTO_INCREMENT=32 DEFAULT CHARSET=utf8mb4 COLLATE=utf8mb4_unicode_ci;

--
-- Dumping data for table `child_categories`
--

INSERT INTO `child_categories` VALUES (1,1,'autoturisme',NULL,'enable','2026-05-15 10:10:11','2026-05-15 10:10:11'),(2,1,'motociclete',NULL,'enable','2026-05-15 10:10:11','2026-05-15 10:10:11'),(3,1,'piese-auto',NULL,'enable','2026-05-15 10:10:11','2026-05-15 10:10:11'),(4,2,'telefoane',NULL,'enable','2026-05-15 10:10:11','2026-05-15 10:10:11'),(5,2,'calculatoare',NULL,'enable','2026-05-15 10:10:11','2026-05-15 10:10:11'),(6,2,'tv-audio',NULL,'enable','2026-05-15 10:10:11','2026-05-15 10:10:11'),(7,3,'mobila',NULL,'enable','2026-05-15 10:10:11','2026-05-15 10:10:11'),(8,3,'electrocasnice',NULL,'enable','2026-05-15 10:10:11','2026-05-15 10:10:11'),(9,4,'imbracaminte',NULL,'enable','2026-05-15 10:10:11','2026-05-15 10:10:11'),(10,4,'incaltaminte',NULL,'enable','2026-05-15 10:10:11','2026-05-15 10:10:11'),(11,4,'accesorii',NULL,'enable','2026-05-15 10:10:11','2026-05-15 10:10:11'),(12,5,'servicii-casa',NULL,'enable','2026-05-15 10:10:11','2026-05-15 10:10:11'),(13,5,'lectii-cursuri',NULL,'enable','2026-05-15 10:10:11','2026-05-15 10:10:11'),(14,5,'evenimente',NULL,'enable','2026-05-15 10:10:11','2026-05-15 10:10:11'),(15,13,'frontend',NULL,'enable','2026-05-15 10:10:11','2026-05-15 10:10:11'),(16,13,'backend',NULL,'enable','2026-05-15 10:10:11','2026-05-15 10:10:11'),(17,13,'qa-tester',NULL,'enable','2026-05-15 10:10:11','2026-05-15 10:10:11'),(18,13,'devops',NULL,'enable','2026-05-15 10:10:11','2026-05-15 10:10:11'),(19,16,'electrician',NULL,'enable','2026-05-15 10:10:11','2026-05-15 10:10:11'),(20,16,'instalator',NULL,'enable','2026-05-15 10:10:11','2026-05-15 10:10:11'),(21,16,'tamplar',NULL,'enable','2026-05-15 10:10:11','2026-05-15 10:10:11'),(22,16,'zugrav',NULL,'enable','2026-05-15 10:10:11','2026-05-15 10:10:11'),(23,6,'case-vile',NULL,'enable','2026-05-17 22:14:08','2026-05-17 22:14:08'),(24,6,'apartament',NULL,'enable','2026-05-17 22:14:48','2026-05-17 22:14:48'),(25,7,'de-inchiriat-case-vile',NULL,'enable','2026-05-17 22:20:49','2026-05-17 22:20:49'),(26,7,'de-inchiriat-apartament',NULL,'enable','2026-05-17 22:21:15','2026-05-17 22:21:15'),(27,6,'teren-de-vanzare',NULL,'enable','2026-05-17 22:22:06','2026-05-17 22:22:06'),(28,6,'birouri-de-vanzare',NULL,'enable','2026-05-17 22:22:49','2026-05-17 22:22:49'),(29,7,'birouri-de-inchiriat',NULL,'enable','2026-05-17 22:23:08','2026-05-17 22:23:08'),(30,6,'garaje-parcari-de-vanzare',NULL,'enable','2026-05-17 22:23:53','2026-05-17 22:23:53'),(31,7,'garaje-parcari-de-inchiriat',NULL,'enable','2026-05-17 22:24:11','2026-05-17 22:24:11');

--
-- Table structure for table `child_category_translations`
--

CREATE TABLE `child_category_translations` (
  `id` bigint(20) unsigned NOT NULL AUTO_INCREMENT,
  `child_category_id` int(11) NOT NULL,
  `lang_code` varchar(255) NOT NULL,
  `name` varchar(255) NOT NULL,
  `created_at` timestamp NULL DEFAULT NULL,
  `updated_at` timestamp NULL DEFAULT NULL,
  PRIMARY KEY (`id`)
) ENGINE=InnoDB AUTO_INCREMENT=82 DEFAULT CHARSET=utf8mb4 COLLATE=utf8mb4_unicode_ci;

--
-- Dumping data for table `child_category_translations`
--

INSERT INTO `child_category_translations` VALUES (1,1,'ro','Autoturisme','2026-05-15 10:10:11','2026-05-15 10:10:11'),(2,1,'en','Cars','2026-05-15 10:10:11','2026-05-15 10:10:11'),(3,2,'ro','Motociclete','2026-05-15 10:10:11','2026-05-15 10:10:11'),(4,2,'en','Motorcycles','2026-05-15 10:10:11','2026-05-15 10:10:11'),(5,3,'ro','Piese auto','2026-05-15 10:10:11','2026-05-15 10:10:11'),(6,3,'en','Auto Parts','2026-05-15 10:10:11','2026-05-15 10:10:11'),(7,4,'ro','Telefoane','2026-05-15 10:10:11','2026-05-15 10:10:11'),(8,4,'en','Phones','2026-05-15 10:10:11','2026-05-15 10:10:11'),(9,5,'ro','Calculatoare','2026-05-15 10:10:11','2026-05-15 10:10:11'),(10,5,'en','Computers','2026-05-15 10:10:11','2026-05-15 10:10:11'),(11,6,'ro','TV & Audio','2026-05-15 10:10:11','2026-05-15 10:10:11'),(12,6,'en','TV & Audio','2026-05-15 10:10:11','2026-05-15 10:10:11'),(13,7,'ro','Mobilă','2026-05-15 10:10:11','2026-05-15 10:10:11'),(14,7,'en','Furniture','2026-05-15 10:10:11','2026-05-15 10:10:11'),(15,8,'ro','Electrocasnice','2026-05-15 10:10:11','2026-05-15 10:10:11'),(16,8,'en','Appliances','2026-05-15 10:10:11','2026-05-15 10:10:11'),(17,9,'ro','Îmbrăcăminte','2026-05-15 10:10:11','2026-05-15 10:10:11'),(18,9,'en','Clothing','2026-05-15 10:10:11','2026-05-15 10:10:11'),(19,10,'ro','Încălțăminte','2026-05-15 10:10:11','2026-05-15 10:10:11'),(20,10,'en','Shoes','2026-05-15 10:10:11','2026-05-15 10:10:11'),(21,11,'ro','Accesorii','2026-05-15 10:10:11','2026-05-15 10:10:11'),(22,11,'en','Accessories','2026-05-15 10:10:11','2026-05-15 10:10:11'),(23,12,'ro','Servicii pentru casă','2026-05-15 10:10:11','2026-05-15 10:10:11'),(24,12,'en','Home Services','2026-05-15 10:10:11','2026-05-15 10:10:11'),(25,13,'ro','Lecții & Cursuri','2026-05-15 10:10:11','2026-05-15 10:10:11'),(26,13,'en','Lessons & Courses','2026-05-15 10:10:11','2026-05-15 10:10:11'),(27,14,'ro','Evenimente','2026-05-15 10:10:11','2026-05-15 10:10:11'),(28,14,'en','Events','2026-05-15 10:10:11','2026-05-15 10:10:11'),(29,15,'ro','Frontend','2026-05-15 10:10:11','2026-05-15 10:10:11'),(30,15,'en','Frontend','2026-05-15 10:10:11','2026-05-15 10:10:11'),(31,16,'ro','Backend','2026-05-15 10:10:11','2026-05-15 10:10:11'),(32,16,'en','Backend','2026-05-15 10:10:11','2026-05-15 10:10:11'),(33,17,'ro','QA / Tester','2026-05-15 10:10:11','2026-05-15 10:10:11'),(34,17,'en','QA / Tester','2026-05-15 10:10:11','2026-05-15 10:10:11'),(35,18,'ro','DevOps','2026-05-15 10:10:11','2026-05-15 10:10:11'),(36,18,'en','DevOps','2026-05-15 10:10:11','2026-05-15 10:10:11'),(37,19,'ro','Electrician','2026-05-15 10:10:11','2026-05-15 10:10:11'),(38,19,'en','Electrician','2026-05-15 10:10:11','2026-05-15 10:10:11'),(39,20,'ro','Instalator','2026-05-15 10:10:11','2026-05-15 10:10:11'),(40,20,'en','Plumber','2026-05-15 10:10:11','2026-05-15 10:10:11'),(41,21,'ro','Tâmplar','2026-05-15 10:10:11','2026-05-15 10:10:11'),(42,21,'en','Carpenter','2026-05-15 10:10:11','2026-05-15 10:10:11'),(43,22,'ro','Zugrav','2026-05-15 10:10:11','2026-05-15 10:10:11'),(44,22,'en','Painter','2026-05-15 10:10:11','2026-05-15 10:10:11'),(64,23,'en','Case / Vile','2026-05-17 22:14:08','2026-05-17 22:14:08'),(65,23,'ro','Case / Vile','2026-05-17 22:14:08','2026-05-17 22:14:08'),(66,24,'en','Apartament','2026-05-17 22:14:48','2026-05-17 22:14:48'),(67,24,'ro','Apartament','2026-05-17 22:14:48','2026-05-17 22:14:48'),(68,25,'en','Case / Vile','2026-05-17 22:20:49','2026-05-17 22:20:49'),(69,25,'ro','Case / Vile','2026-05-17 22:20:49','2026-05-17 22:20:49'),(70,26,'en','Apartament','2026-05-17 22:21:15','2026-05-17 22:21:15'),(71,26,'ro','Apartament','2026-05-17 22:21:15','2026-05-17 22:21:15'),(72,27,'en','Teren','2026-05-17 22:22:06','2026-05-17 22:22:06'),(73,27,'ro','Teren','2026-05-17 22:22:06','2026-05-17 22:22:06'),(74,28,'en','Birouri','2026-05-17 22:22:49','2026-05-17 22:22:49'),(75,28,'ro','Birouri','2026-05-17 22:22:49','2026-05-17 22:22:49'),(76,29,'en','Birouri','2026-05-17 22:23:08','2026-05-17 22:23:08'),(77,29,'ro','Birouri','2026-05-17 22:23:08','2026-05-17 22:23:08'),(78,30,'en','Garaje / Parcari','2026-05-17 22:23:53','2026-05-17 22:23:53'),(79,30,'ro','Garaje / Parcari','2026-05-17 22:23:53','2026-05-17 22:23:53'),(80,31,'en','Garaje / Parcari','2026-05-17 22:24:11','2026-05-17 22:24:11'),(81,31,'ro','Garaje / Parcari','2026-05-17 22:24:11','2026-05-17 22:24:11');

--
-- Table structure for table `cities`
--

CREATE TABLE `cities` (
  `id` bigint(20) unsigned NOT NULL AUTO_INCREMENT,
  `image` varchar(255) DEFAULT NULL,
  `created_at` timestamp NULL DEFAULT NULL,
  `updated_at` timestamp NULL DEFAULT NULL,
  `country_id` int(11) NOT NULL DEFAULT 0,
  `county_id` int(11) NOT NULL DEFAULT 0,
  `homepage_sort_order` smallint(5) unsigned NOT NULL DEFAULT 0,
  `show_on_homepage` tinyint(1) NOT NULL DEFAULT 0,
  PRIMARY KEY (`id`)
) ENGINE=InnoDB AUTO_INCREMENT=896 DEFAULT CHARSET=utf8mb4 COLLATE=utf8mb4_unicode_ci;

--
-- Dumping data for table `cities`
--

INSERT INTO `cities` VALUES (320,'uploads/custom-images/file-name-17788648088188.jpg','2026-05-15 09:34:30','2026-05-17 15:19:35',1,10,0,0),(321,NULL,'2026-05-15 09:34:30','2026-05-17 15:19:37',1,14,0,0),(322,NULL,'2026-05-15 09:34:30','2026-05-17 15:19:40',1,25,0,0),(323,NULL,'2026-05-15 09:34:30','2026-05-17 15:19:37',1,15,0,0),(324,NULL,'2026-05-15 09:34:30','2026-05-17 15:19:44',1,38,0,0),(325,NULL,'2026-05-15 09:34:30','2026-05-17 15:19:35',1,8,0,0),(326,NULL,'2026-05-15 09:34:30','2026-05-17 15:19:38',1,18,0,0),(327,NULL,'2026-05-15 09:34:30','2026-05-17 15:19:38',1,19,0,0),(328,NULL,'2026-05-15 09:34:30','2026-05-17 15:19:35',1,5,0,0),(329,NULL,'2026-05-15 09:34:30','2026-05-17 15:19:43',1,32,0,0),(330,NULL,'2026-05-15 09:34:30','2026-05-17 15:19:35',1,9,0,0),(331,NULL,'2026-05-15 09:34:30','2026-05-17 15:19:34',1,2,0,0),(332,NULL,'2026-05-15 09:34:30','2026-05-17 15:19:34',1,3,0,0),(333,NULL,'2026-05-15 09:34:30','2026-05-17 15:19:34',1,4,0,0),(334,NULL,'2026-05-15 09:34:30','2026-05-17 15:19:44',1,35,0,0),(335,NULL,'2026-05-15 09:34:30','2026-05-17 15:19:41',1,29,0,0),(336,NULL,'2026-05-15 09:34:30','2026-05-17 15:19:41',1,27,0,0),(337,NULL,'2026-05-15 09:34:30','2026-05-17 15:19:36',1,11,0,0),(338,NULL,'2026-05-15 09:34:30','2026-05-17 15:19:45',1,41,0,0),(339,NULL,'2026-05-15 09:34:30','2026-05-17 15:19:44',1,34,0,0),(340,NULL,'2026-05-15 09:34:30','2026-05-17 15:19:35',1,7,0,0),(341,NULL,'2026-05-15 09:34:30','2026-05-17 15:19:44',1,36,0,0),(342,NULL,'2026-05-15 09:34:30','2026-05-17 15:19:41',1,28,0,0),(343,NULL,'2026-05-15 09:34:30','2026-05-17 15:19:41',1,30,0,0),(344,NULL,'2026-05-15 09:34:30','2026-05-17 15:19:35',1,6,0,0),(345,NULL,'2026-05-15 09:34:30','2026-05-17 15:19:38',1,21,0,0),(346,NULL,'2026-05-15 09:34:30','2026-05-17 15:19:38',1,17,0,0),(347,NULL,'2026-05-15 09:34:30','2026-05-17 15:19:45',1,42,0,0),(348,NULL,'2026-05-15 09:34:30','2026-05-17 15:19:45',1,39,0,0),(349,NULL,'2026-05-15 09:34:30','2026-05-17 15:19:34',1,1,0,0),(350,NULL,'2026-05-15 09:34:30','2026-05-17 15:19:42',1,31,0,0),(351,NULL,'2026-05-15 09:34:30','2026-05-17 15:19:45',1,40,0,0),(352,NULL,'2026-05-15 09:34:30','2026-05-17 15:19:37',1,13,0,0),(353,NULL,'2026-05-15 09:34:30','2026-05-17 15:19:37',1,12,0,0),(354,NULL,'2026-05-15 09:34:30','2026-05-17 15:19:38',1,20,0,0),(355,NULL,'2026-05-15 09:34:30','2026-05-17 15:19:41',1,26,0,0),(356,NULL,'2026-05-15 09:34:30','2026-05-17 15:19:40',1,23,0,0),(357,NULL,'2026-05-15 09:34:30','2026-05-17 15:19:45',1,40,0,0),(358,NULL,'2026-05-15 09:34:30','2026-05-17 15:19:43',1,33,0,0),(359,NULL,'2026-05-15 09:34:30','2026-05-17 15:19:40',1,23,0,0),(360,NULL,'2026-05-15 09:34:30','2026-05-17 15:19:38',1,16,0,0),(361,NULL,'2026-05-15 09:34:30','2026-05-17 15:19:41',1,30,0,0),(362,NULL,'2026-05-15 09:34:30','2026-05-17 15:19:41',1,26,0,0),(363,NULL,'2026-05-15 09:34:30','2026-05-17 15:19:37',1,14,0,0),(364,NULL,'2026-05-15 09:34:30','2026-05-17 15:19:40',1,24,0,0),(365,NULL,'2026-05-15 09:34:30','2026-05-17 15:19:44',1,37,0,0),(366,NULL,'2026-05-15 09:34:30','2026-05-17 15:19:41',1,26,0,0),(367,NULL,'2026-05-15 09:34:30','2026-05-17 15:19:44',1,35,0,0),(368,NULL,'2026-05-15 09:34:30','2026-05-17 15:19:44',1,38,0,0),(369,NULL,'2026-05-15 09:34:30','2026-05-17 15:19:37',1,15,0,0),(370,NULL,'2026-05-15 09:34:30','2026-05-17 15:19:39',1,22,0,0),(371,NULL,'2026-05-15 09:34:30','2026-05-17 15:19:37',1,15,0,0),(372,NULL,'2026-05-15 09:34:30','2026-05-17 15:19:34',1,4,0,0),(373,NULL,'2026-05-15 09:34:30','2026-05-17 15:19:41',1,26,0,0),(374,NULL,'2026-05-15 09:34:30','2026-05-17 15:19:38',1,19,0,0),(375,NULL,'2026-05-15 09:34:30','2026-05-17 15:19:41',1,27,0,0),(376,NULL,'2026-05-15 09:34:30','2026-05-17 15:19:37',1,15,0,0),(377,NULL,'2026-05-15 09:34:30','2026-05-17 15:19:37',1,14,0,0),(378,NULL,'2026-05-15 09:34:30','2026-05-17 15:19:40',1,22,0,0),(379,NULL,'2026-05-15 09:34:30','2026-05-17 15:19:40',1,23,0,0),(380,NULL,'2026-05-15 09:34:30','2026-05-17 15:19:35',1,8,0,0),(381,NULL,'2026-05-15 09:34:30','2026-05-17 15:19:40',1,25,0,0),(382,NULL,'2026-05-15 09:34:30','2026-05-17 15:19:36',1,11,0,0),(383,NULL,'2026-05-15 09:34:30','2026-05-17 15:19:41',1,29,0,0),(384,NULL,'2026-05-15 09:34:30','2026-05-17 15:19:34',1,3,0,0),(385,NULL,'2026-05-15 09:34:30','2026-05-17 15:19:43',1,32,0,0),(386,NULL,'2026-05-15 09:34:30','2026-05-17 15:19:34',1,3,0,0),(387,NULL,'2026-05-15 09:34:30','2026-05-17 15:19:40',1,24,0,0),(388,NULL,'2026-05-15 09:34:30','2026-05-17 15:19:42',1,31,0,0),(389,NULL,'2026-05-15 09:34:30','2026-05-17 15:19:41',1,27,0,0),(390,NULL,'2026-05-15 09:34:30','2026-05-17 15:19:34',1,1,0,0),(391,NULL,'2026-05-15 09:34:30','2026-05-17 15:19:35',1,8,0,0),(392,NULL,'2026-05-15 09:34:30','2026-05-17 15:19:34',1,3,0,0),(393,NULL,'2026-05-15 09:34:30','2026-05-17 15:19:45',1,40,0,0),(394,NULL,'2026-05-15 09:34:30','2026-05-17 15:19:44',1,36,0,0),(395,NULL,'2026-05-15 09:34:30','2026-05-17 15:19:41',1,29,0,0),(396,NULL,'2026-05-15 09:34:30','2026-05-17 15:19:44',1,36,0,0),(397,NULL,'2026-05-15 09:34:30','2026-05-17 15:19:35',1,7,0,0),(398,NULL,'2026-05-15 09:34:30','2026-05-17 15:19:37',1,12,0,0),(399,NULL,'2026-05-15 09:34:30','2026-05-15 09:34:30',1,0,0,0),(400,NULL,'2026-05-15 09:34:30','2026-05-17 15:19:44',1,35,0,0),(401,NULL,'2026-05-15 09:34:30','2026-05-17 15:19:41',1,26,0,0),(402,NULL,'2026-05-15 09:34:30','2026-05-17 15:19:37',1,13,0,0),(403,NULL,'2026-05-15 09:34:30','2026-05-17 15:19:35',1,8,0,0),(404,NULL,'2026-05-15 09:34:30','2026-05-17 15:19:34',1,1,0,0),(405,NULL,'2026-05-15 09:34:30','2026-05-17 15:19:41',1,29,0,0),(406,NULL,'2026-05-15 09:34:30','2026-05-17 15:19:37',1,14,0,0),(407,NULL,'2026-05-15 09:34:30','2026-05-17 15:19:41',1,26,0,0),(408,NULL,'2026-05-15 09:34:30','2026-05-17 15:19:35',1,8,0,0),(409,NULL,'2026-05-15 09:34:30','2026-05-17 15:19:34',1,4,0,0),(410,NULL,'2026-05-15 09:34:30','2026-05-17 15:19:37',1,14,0,0),(411,NULL,'2026-05-15 09:34:30','2026-05-17 15:19:40',1,23,0,0),(412,NULL,'2026-05-15 09:34:30','2026-05-17 15:19:34',1,4,0,0),(413,NULL,'2026-05-15 09:34:30','2026-05-15 09:34:30',1,0,0,0),(414,NULL,'2026-05-15 09:34:30','2026-05-17 15:19:44',1,37,0,0),(415,NULL,'2026-05-15 09:34:30','2026-05-17 15:19:34',1,1,0,0),(416,NULL,'2026-05-15 09:34:30','2026-05-17 15:19:44',1,34,0,0),(417,NULL,'2026-05-15 09:34:30','2026-05-17 15:19:40',1,23,0,0),(418,NULL,'2026-05-15 09:34:30','2026-05-17 15:19:41',1,30,0,0),(419,NULL,'2026-05-15 09:34:30','2026-05-17 15:19:34',1,1,0,0),(420,NULL,'2026-05-15 09:34:30','2026-05-17 15:19:40',1,23,0,0),(421,NULL,'2026-05-15 09:34:30','2026-05-17 15:19:43',1,32,0,0),(422,NULL,'2026-05-15 09:34:30','2026-05-17 15:19:38',1,16,0,0),(423,NULL,'2026-05-15 09:34:30','2026-05-17 15:19:42',1,31,0,0),(424,NULL,'2026-05-15 09:34:30','2026-05-17 15:19:38',1,21,0,0),(425,NULL,'2026-05-15 09:34:30','2026-05-17 15:19:35',1,7,0,0),(426,NULL,'2026-05-15 09:34:30','2026-05-17 15:19:38',1,18,0,0),(427,NULL,'2026-05-15 09:34:30','2026-05-17 15:19:35',1,8,0,0),(428,NULL,'2026-05-15 09:34:30','2026-05-17 15:19:40',1,22,0,0),(429,NULL,'2026-05-15 09:34:30','2026-05-17 15:19:35',1,5,0,0),(430,NULL,'2026-05-15 09:34:30','2026-05-17 15:19:44',1,36,0,0),(431,NULL,'2026-05-15 09:34:30','2026-05-17 15:19:45',1,41,0,0),(432,NULL,'2026-05-15 09:34:30','2026-05-17 15:19:38',1,17,0,0),(433,NULL,'2026-05-15 09:34:30','2026-05-17 15:19:41',1,27,0,0),(434,NULL,'2026-05-15 09:34:30','2026-05-17 15:19:45',1,42,0,0),(435,NULL,'2026-05-15 09:34:30','2026-05-15 09:34:30',1,0,0,0),(436,NULL,'2026-05-15 09:34:30','2026-05-17 15:19:37',1,15,0,0),(437,NULL,'2026-05-15 09:34:30','2026-05-17 15:19:38',1,18,0,0),(438,NULL,'2026-05-15 09:34:30','2026-05-17 15:19:43',1,32,0,0),(439,NULL,'2026-05-15 09:34:30','2026-05-17 15:19:41',1,26,0,0),(440,NULL,'2026-05-15 09:34:30','2026-05-17 15:19:41',1,29,0,0),(441,NULL,'2026-05-15 09:34:30','2026-05-17 15:19:44',1,34,0,0),(442,NULL,'2026-05-15 09:34:30','2026-05-17 15:19:41',1,26,0,0),(443,NULL,'2026-05-15 09:34:30','2026-05-17 15:19:41',1,27,0,0),(444,NULL,'2026-05-15 09:34:30','2026-05-17 15:19:34',1,4,0,0),(445,NULL,'2026-05-15 09:34:30','2026-05-15 09:34:30',1,0,0,0),(446,NULL,'2026-05-15 09:34:30','2026-05-17 15:19:44',1,33,0,0),(447,NULL,'2026-05-15 09:34:30','2026-05-17 15:19:38',1,18,0,0),(448,NULL,'2026-05-15 09:34:30','2026-05-17 15:19:35',1,5,0,0),(449,NULL,'2026-05-15 09:34:30','2026-05-17 15:19:42',1,31,0,0),(450,NULL,'2026-05-15 09:34:30','2026-05-17 15:19:40',1,24,0,0),(451,NULL,'2026-05-15 09:34:30','2026-05-17 15:19:44',1,36,0,0),(452,NULL,'2026-05-15 09:34:30','2026-05-17 15:19:35',1,4,0,0),(453,NULL,'2026-05-15 09:34:30','2026-05-17 15:19:43',1,32,0,0),(454,NULL,'2026-05-15 09:34:30','2026-05-17 15:19:38',1,17,0,0),(455,NULL,'2026-05-15 09:34:30','2026-05-17 15:19:37',1,13,0,0),(456,NULL,'2026-05-15 09:34:30','2026-05-17 15:19:38',1,20,0,0),(457,NULL,'2026-05-15 09:34:30','2026-05-17 15:19:40',1,24,0,0),(458,NULL,'2026-05-15 09:34:30','2026-05-17 15:19:40',1,23,0,0),(459,NULL,'2026-05-15 09:34:30','2026-05-17 15:19:40',1,22,0,0),(460,NULL,'2026-05-15 09:34:31','2026-05-17 15:19:44',1,37,0,0),(461,NULL,'2026-05-15 09:34:31','2026-05-17 15:19:38',1,17,0,0),(462,NULL,'2026-05-15 09:34:31','2026-05-17 15:19:44',1,36,0,0),(463,NULL,'2026-05-15 09:34:31','2026-05-17 15:19:44',1,35,0,0),(464,NULL,'2026-05-15 09:34:31','2026-05-17 15:19:34',1,1,0,0),(465,NULL,'2026-05-15 09:34:31','2026-05-17 15:19:34',1,2,0,0),(466,NULL,'2026-05-15 09:34:31','2026-05-17 15:19:43',1,32,0,0),(467,NULL,'2026-05-15 09:34:31','2026-05-15 09:34:31',1,0,0,0),(468,NULL,'2026-05-15 09:34:31','2026-05-17 15:19:35',1,7,0,0),(469,NULL,'2026-05-15 09:34:31','2026-05-17 15:19:45',1,42,0,0),(470,NULL,'2026-05-15 09:34:31','2026-05-15 09:34:31',1,0,0,0),(471,NULL,'2026-05-15 09:34:31','2026-05-17 15:19:35',1,6,0,0),(472,NULL,'2026-05-15 09:34:31','2026-05-17 15:19:41',1,27,0,0),(473,NULL,'2026-05-15 09:34:31','2026-05-15 09:34:31',1,0,0,0),(474,NULL,'2026-05-15 09:34:31','2026-05-15 09:34:31',1,0,0,0),(475,NULL,'2026-05-15 09:34:31','2026-05-17 15:19:35',1,6,0,0),(476,NULL,'2026-05-15 09:34:31','2026-05-17 15:19:42',1,31,0,0),(477,NULL,'2026-05-15 09:34:31','2026-05-17 15:19:35',1,5,0,0),(478,NULL,'2026-05-15 09:34:31','2026-05-17 15:19:44',1,38,0,0),(479,NULL,'2026-05-15 09:34:31','2026-05-17 15:19:35',1,7,0,0),(480,NULL,'2026-05-15 09:34:31','2026-05-17 15:19:35',1,4,0,0),(481,NULL,'2026-05-15 09:34:31','2026-05-17 15:19:40',1,25,0,0),(482,NULL,'2026-05-15 09:34:31','2026-05-17 15:19:38',1,18,0,0),(483,NULL,'2026-05-15 09:34:31','2026-05-15 09:34:31',1,0,0,0),(484,NULL,'2026-05-15 09:34:31','2026-05-17 15:19:38',1,21,0,0),(485,NULL,'2026-05-15 09:34:31','2026-05-17 15:19:35',1,6,0,0),(486,NULL,'2026-05-15 09:34:31','2026-05-17 15:19:44',1,38,0,0),(487,NULL,'2026-05-15 09:34:31','2026-05-15 09:34:31',1,0,0,0),(488,NULL,'2026-05-15 09:34:31','2026-05-17 15:19:44',1,37,0,0),(489,NULL,'2026-05-15 09:34:31','2026-05-15 09:34:31',1,0,0,0),(490,NULL,'2026-05-15 09:34:31','2026-05-17 15:19:34',1,2,0,0),(491,NULL,'2026-05-15 09:34:31','2026-05-17 15:19:35',1,5,0,0),(492,NULL,'2026-05-15 09:34:31','2026-05-17 15:19:42',1,31,0,0),(493,NULL,'2026-05-15 09:34:31','2026-05-17 15:19:41',1,29,0,0),(494,NULL,'2026-05-15 09:34:31','2026-05-17 15:19:44',1,33,0,0),(495,NULL,'2026-05-15 09:34:31','2026-05-17 15:19:35',1,5,0,0),(496,NULL,'2026-05-15 09:34:31','2026-05-17 15:19:41',1,25,0,0),(497,NULL,'2026-05-15 09:34:31','2026-05-15 09:34:31',1,0,0,0),(498,NULL,'2026-05-15 09:34:31','2026-05-17 15:19:36',1,11,0,0),(499,NULL,'2026-05-15 09:34:31','2026-05-17 15:19:34',1,3,0,0),(500,NULL,'2026-05-15 09:34:31','2026-05-17 15:19:45',1,42,0,0),(501,NULL,'2026-05-15 09:34:31','2026-05-17 15:19:34',1,3,0,0),(502,NULL,'2026-05-15 09:34:31','2026-05-17 15:19:37',1,13,0,0),(503,NULL,'2026-05-15 09:34:31','2026-05-17 15:19:38',1,17,0,0),(504,NULL,'2026-05-15 09:34:31','2026-05-17 15:19:37',1,13,0,0),(505,NULL,'2026-05-15 09:34:31','2026-05-17 15:19:45',1,39,0,0),(506,NULL,'2026-05-15 09:34:31','2026-05-17 15:19:38',1,16,0,0),(507,NULL,'2026-05-15 09:34:31','2026-05-17 15:19:37',1,15,0,0),(508,NULL,'2026-05-15 09:34:31','2026-05-15 09:34:31',1,0,0,0),(509,NULL,'2026-05-15 09:34:31','2026-05-17 15:19:43',1,32,0,0),(510,NULL,'2026-05-15 09:34:31','2026-05-17 15:19:41',1,28,0,0),(511,NULL,'2026-05-15 09:34:31','2026-05-17 15:19:41',1,25,0,0),(512,NULL,'2026-05-15 09:34:31','2026-05-17 15:19:35',1,9,0,0),(513,NULL,'2026-05-15 09:34:31','2026-05-17 15:19:35',1,5,0,0),(514,NULL,'2026-05-15 09:34:31','2026-05-15 09:34:31',1,0,0,0),(515,NULL,'2026-05-15 09:34:31','2026-05-17 15:19:34',1,2,0,0),(516,NULL,'2026-05-15 09:34:31','2026-05-17 15:19:40',1,22,0,0),(517,NULL,'2026-05-15 09:34:31','2026-05-17 15:19:40',1,23,0,0),(518,NULL,'2026-05-15 09:34:31','2026-05-15 09:34:31',1,0,0,0),(519,NULL,'2026-05-15 09:34:31','2026-05-17 15:19:37',1,15,0,0),(520,NULL,'2026-05-15 09:34:31','2026-05-17 15:19:41',1,28,0,0),(521,NULL,'2026-05-15 09:34:31','2026-05-17 15:19:37',1,13,0,0),(522,NULL,'2026-05-15 09:34:31','2026-05-17 15:19:41',1,29,0,0),(523,NULL,'2026-05-15 09:34:31','2026-05-15 09:34:31',1,0,0,0),(524,NULL,'2026-05-15 09:34:31','2026-05-17 15:19:43',1,32,0,0),(525,NULL,'2026-05-15 09:34:31','2026-05-17 15:19:44',1,38,0,0),(526,NULL,'2026-05-15 09:34:31','2026-05-17 15:19:38',1,16,0,0),(527,NULL,'2026-05-15 09:34:31','2026-05-17 15:19:41',1,27,0,0),(528,NULL,'2026-05-15 09:34:31','2026-05-17 15:19:42',1,30,0,0),(529,NULL,'2026-05-15 09:34:31','2026-05-17 15:19:37',1,14,0,0),(530,NULL,'2026-05-15 09:34:31','2026-05-15 09:34:31',1,0,0,0),(531,NULL,'2026-05-15 09:34:31','2026-05-17 15:19:44',1,34,0,0),(532,NULL,'2026-05-15 09:34:31','2026-05-17 15:19:38',1,20,0,0),(533,NULL,'2026-05-15 09:34:31','2026-05-17 15:19:38',1,16,0,0),(534,NULL,'2026-05-15 09:34:31','2026-05-15 09:34:31',1,0,0,0),(535,NULL,'2026-05-15 09:34:31','2026-05-17 15:19:38',1,21,0,0),(536,NULL,'2026-05-15 09:34:31','2026-05-17 15:19:38',1,21,0,0),(537,NULL,'2026-05-15 09:34:31','2026-05-15 09:34:31',1,0,0,0),(538,NULL,'2026-05-15 09:34:31','2026-05-17 15:19:44',1,35,0,0),(539,NULL,'2026-05-15 09:34:31','2026-05-17 15:19:45',1,40,0,0),(540,NULL,'2026-05-15 09:34:31','2026-05-17 15:19:38',1,18,0,0),(541,NULL,'2026-05-15 09:34:31','2026-05-17 15:19:45',1,41,0,0),(542,NULL,'2026-05-15 09:34:31','2026-05-15 09:34:31',1,0,0,0),(543,NULL,'2026-05-15 09:34:31','2026-05-17 15:19:45',1,39,0,0),(544,NULL,'2026-05-15 09:34:31','2026-05-17 15:19:34',1,2,0,0),(545,NULL,'2026-05-15 09:34:31','2026-05-15 09:34:31',1,0,0,0),(546,NULL,'2026-05-15 09:34:31','2026-05-17 15:19:37',1,12,0,0),(547,NULL,'2026-05-15 09:34:31','2026-05-15 09:34:31',1,0,0,0),(548,NULL,'2026-05-15 09:34:31','2026-05-15 09:34:31',1,0,0,0),(549,NULL,'2026-05-15 09:34:31','2026-05-17 15:19:45',1,42,0,0),(550,NULL,'2026-05-15 09:34:31','2026-05-15 09:34:31',1,0,0,0),(551,NULL,'2026-05-15 09:34:31','2026-05-17 15:19:45',1,40,0,0),(552,NULL,'2026-05-15 09:34:31','2026-05-17 15:19:45',1,38,0,0),(553,NULL,'2026-05-15 09:34:31','2026-05-17 15:19:40',1,24,0,0),(554,NULL,'2026-05-15 09:34:31','2026-05-17 15:19:34',1,2,0,0),(555,NULL,'2026-05-15 09:34:31','2026-05-17 15:19:37',1,12,0,0),(556,NULL,'2026-05-15 09:34:31','2026-05-17 15:19:34',1,2,0,0),(557,NULL,'2026-05-15 09:34:31','2026-05-17 15:19:44',1,35,0,0),(558,NULL,'2026-05-15 09:34:31','2026-05-15 09:34:31',1,0,0,0),(559,NULL,'2026-05-15 09:34:31','2026-05-17 15:19:44',1,36,0,0),(560,NULL,'2026-05-15 09:34:31','2026-05-15 09:34:31',1,0,0,0),(561,NULL,'2026-05-15 09:34:31','2026-05-15 09:34:31',1,0,0,0),(562,NULL,'2026-05-15 09:34:31','2026-05-17 15:19:45',1,38,0,0),(563,NULL,'2026-05-15 09:34:31','2026-05-15 09:34:31',1,0,0,0),(564,NULL,'2026-05-15 09:34:31','2026-05-15 09:34:31',1,0,0,0),(565,NULL,'2026-05-15 09:34:31','2026-05-17 15:19:45',1,41,0,0),(566,NULL,'2026-05-15 09:34:31','2026-05-17 15:19:35',1,7,0,0),(567,NULL,'2026-05-15 09:34:31','2026-05-15 09:34:31',1,0,0,0),(568,NULL,'2026-05-15 09:34:31','2026-05-17 15:19:37',1,11,0,0),(569,NULL,'2026-05-15 09:34:31','2026-05-17 15:19:38',1,17,0,0),(570,NULL,'2026-05-15 09:34:31','2026-05-17 15:19:44',1,33,0,0),(571,NULL,'2026-05-15 09:34:31','2026-05-17 15:19:38',1,21,0,0),(572,NULL,'2026-05-15 09:34:31','2026-05-17 15:19:34',1,1,0,0),(573,NULL,'2026-05-15 09:34:31','2026-05-17 15:19:38',1,17,0,0),(574,NULL,'2026-05-15 09:34:31','2026-05-17 15:19:37',1,11,0,0),(575,NULL,'2026-05-15 09:34:31','2026-05-17 15:19:44',1,35,0,0),(576,NULL,'2026-05-15 09:34:31','2026-05-15 09:34:31',1,0,0,0),(577,NULL,'2026-05-15 09:34:31','2026-05-17 15:19:44',1,34,0,0),(578,NULL,'2026-05-15 09:34:31','2026-05-17 15:19:42',1,30,0,0),(579,NULL,'2026-05-15 09:34:31','2026-05-17 15:19:43',1,31,0,0),(580,NULL,'2026-05-15 09:34:31','2026-05-17 15:19:37',1,12,0,0),(581,NULL,'2026-05-15 09:34:31','2026-05-17 15:19:38',1,19,0,0),(582,NULL,'2026-05-15 09:34:31','2026-05-17 15:19:44',1,34,0,0),(583,NULL,'2026-05-15 09:34:31','2026-05-17 15:19:35',1,9,0,0),(584,NULL,'2026-05-15 09:34:31','2026-05-15 09:34:31',1,0,0,0),(585,NULL,'2026-05-15 09:34:31','2026-05-15 09:34:31',1,0,0,0),(586,NULL,'2026-05-15 09:34:31','2026-05-17 15:19:45',1,41,0,0),(587,NULL,'2026-05-15 09:34:31','2026-05-17 15:19:45',1,38,0,0),(588,NULL,'2026-05-15 09:34:31','2026-05-17 15:19:37',1,13,0,0),(589,NULL,'2026-05-15 09:34:31','2026-05-15 09:34:31',1,0,0,0),(590,NULL,'2026-05-15 09:34:31','2026-05-15 09:34:31',1,0,0,0),(591,NULL,'2026-05-15 09:34:31','2026-05-17 15:19:40',1,22,0,0),(592,NULL,'2026-05-15 09:34:31','2026-05-15 09:34:31',1,0,0,0),(593,NULL,'2026-05-15 09:34:31','2026-05-15 09:34:31',1,0,0,0),(594,NULL,'2026-05-15 09:34:31','2026-05-15 09:34:31',1,0,0,0),(595,NULL,'2026-05-15 09:34:31','2026-05-17 15:19:38',1,21,0,0),(596,NULL,'2026-05-15 09:34:31','2026-05-15 09:34:31',1,0,0,0),(597,NULL,'2026-05-15 09:34:31','2026-05-15 09:34:31',1,0,0,0),(598,NULL,'2026-05-15 09:34:31','2026-05-15 09:34:31',1,0,0,0),(599,NULL,'2026-05-15 09:34:31','2026-05-17 15:19:41',1,28,0,0),(601,NULL,'2026-05-15 09:34:31','2026-05-17 15:19:35',1,8,0,0),(602,NULL,'2026-05-15 09:34:31','2026-05-15 09:34:31',1,0,0,0),(603,NULL,'2026-05-15 09:34:31','2026-05-15 09:34:31',1,0,0,0),(604,NULL,'2026-05-15 09:34:31','2026-05-15 09:34:31',1,0,0,0),(605,NULL,'2026-05-15 09:34:31','2026-05-15 09:34:31',1,0,0,0),(606,NULL,'2026-05-15 09:34:31','2026-05-17 15:19:40',1,24,0,0),(607,NULL,'2026-05-15 09:34:31','2026-05-15 09:34:31',1,0,0,0),(608,NULL,'2026-05-15 09:34:31','2026-05-15 09:34:31',1,0,0,0),(609,NULL,'2026-05-15 09:34:31','2026-05-17 15:19:41',1,28,0,0),(610,NULL,'2026-05-15 09:34:31','2026-05-17 15:19:45',1,39,0,0),(611,NULL,'2026-05-15 09:34:31','2026-05-15 09:34:31',1,0,0,0),(612,NULL,'2026-05-15 09:34:31','2026-05-17 15:19:38',1,18,0,0),(613,NULL,'2026-05-15 09:34:31','2026-05-15 09:34:31',1,0,0,0),(614,NULL,'2026-05-15 09:34:31','2026-05-15 09:34:31',1,0,0,0),(615,NULL,'2026-05-15 09:34:31','2026-05-15 09:34:31',1,0,0,0),(616,NULL,'2026-05-15 09:34:31','2026-05-15 09:34:31',1,0,0,0),(617,NULL,'2026-05-15 09:34:31','2026-05-15 09:34:31',1,0,0,0),(618,NULL,'2026-05-15 09:34:31','2026-05-15 09:34:31',1,0,0,0),(619,NULL,'2026-05-15 09:34:31','2026-05-15 09:34:31',1,0,0,0),(620,NULL,'2026-05-15 09:34:31','2026-05-15 09:34:31',1,0,0,0),(621,NULL,'2026-05-15 09:34:31','2026-05-15 09:34:31',1,0,0,0),(622,NULL,'2026-05-15 09:34:31','2026-05-17 15:19:45',1,41,0,0),(623,NULL,'2026-05-15 09:34:31','2026-05-15 09:34:31',1,0,0,0),(624,NULL,'2026-05-15 09:34:31','2026-05-15 09:34:31',1,0,0,0),(625,NULL,'2026-05-15 09:34:31','2026-05-15 09:34:31',1,0,0,0),(626,NULL,'2026-05-15 09:34:31','2026-05-15 09:34:31',1,0,0,0),(627,NULL,'2026-05-15 09:34:31','2026-05-15 09:34:31',1,0,0,0),(628,NULL,'2026-05-15 09:34:31','2026-05-17 15:19:45',1,39,0,0),(629,NULL,'2026-05-15 09:34:31','2026-05-15 09:34:31',1,0,0,0),(630,NULL,'2026-05-15 09:34:31','2026-05-17 15:19:35',1,9,0,0),(631,NULL,'2026-05-15 09:34:31','2026-05-15 09:34:31',1,0,0,0),(632,NULL,'2026-05-15 09:34:31','2026-05-17 15:19:38',1,19,0,0),(633,NULL,'2026-05-15 09:34:31','2026-05-15 09:34:31',1,0,0,0),(634,NULL,'2026-05-15 09:34:31','2026-05-15 09:34:31',1,0,0,0),(635,NULL,'2026-05-15 09:34:31','2026-05-17 15:19:45',1,41,0,0),(636,NULL,'2026-05-15 09:34:31','2026-05-15 09:34:31',1,0,0,0),(637,NULL,'2026-05-15 09:34:31','2026-05-15 09:34:31',1,0,0,0),(638,NULL,'2026-05-15 09:34:31','2026-05-15 09:34:31',1,0,0,0),(855,NULL,'2026-05-17 14:49:58','2026-05-17 15:19:34',1,37,0,0),(889,NULL,'2026-05-17 19:01:49','2026-05-17 19:01:49',1,26,0,0),(890,NULL,'2026-05-17 19:26:29','2026-05-17 19:26:29',1,26,0,0);

--
-- Table structure for table `city_district_translations`
--

CREATE TABLE `city_district_translations` (
  `id` bigint(20) unsigned NOT NULL AUTO_INCREMENT,
  `city_district_id` bigint(20) unsigned NOT NULL,
  `lang_code` varchar(10) NOT NULL,
  `name` varchar(255) NOT NULL,
  `created_at` timestamp NULL DEFAULT NULL,
  `updated_at` timestamp NULL DEFAULT NULL,
  PRIMARY KEY (`id`),
  UNIQUE KEY `city_district_translations_city_district_id_lang_code_unique` (`city_district_id`,`lang_code`)
) ENGINE=InnoDB AUTO_INCREMENT=13 DEFAULT CHARSET=utf8mb4 COLLATE=utf8mb4_unicode_ci;

--
-- Dumping data for table `city_district_translations`
--

INSERT INTO `city_district_translations` VALUES (1,1,'en','Sector 1','2026-05-18 06:05:11','2026-05-18 06:05:11'),(2,1,'ro','Sector 1','2026-05-18 06:05:11','2026-05-18 06:05:11'),(3,2,'en','Sector 2','2026-05-18 06:05:11','2026-05-18 06:05:11'),(4,2,'ro','Sector 2','2026-05-18 06:05:11','2026-05-18 06:05:11'),(5,3,'en','Sector 3','2026-05-18 06:05:11','2026-05-18 06:05:11'),(6,3,'ro','Sector 3','2026-05-18 06:05:11','2026-05-18 06:05:11'),(7,4,'en','Sector 4','2026-05-18 06:05:11','2026-05-18 06:05:11'),(8,4,'ro','Sector 4','2026-05-18 06:05:11','2026-05-18 06:05:11'),(9,5,'en','Sector 5','2026-05-18 06:05:11','2026-05-18 06:05:11'),(10,5,'ro','Sector 5','2026-05-18 06:05:11','2026-05-18 06:05:11'),(11,6,'en','Sector 6','2026-05-18 06:05:11','2026-05-18 06:05:11'),(12,6,'ro','Sector 6','2026-05-18 06:05:11','2026-05-18 06:05:11');

--
-- Table structure for table `city_districts`
--

CREATE TABLE `city_districts` (
  `id` bigint(20) unsigned NOT NULL AUTO_INCREMENT,
  `city_id` bigint(20) unsigned NOT NULL,
  `type` varchar(20) NOT NULL DEFAULT 'sector',
  `slug` varchar(255) DEFAULT NULL,
  `sort_order` int(10) unsigned NOT NULL DEFAULT 0,
  `status` varchar(255) NOT NULL DEFAULT 'enable',
  `created_at` timestamp NULL DEFAULT NULL,
  `updated_at` timestamp NULL DEFAULT NULL,
  PRIMARY KEY (`id`),
  UNIQUE KEY `city_districts_city_id_slug_unique` (`city_id`,`slug`),
  KEY `city_districts_city_id_status_index` (`city_id`,`status`)
) ENGINE=InnoDB AUTO_INCREMENT=7 DEFAULT CHARSET=utf8mb4 COLLATE=utf8mb4_unicode_ci;

--
-- Dumping data for table `city_districts`
--

INSERT INTO `city_districts` VALUES (1,320,'sector','sector-1',1,'enable','2026-05-18 06:05:11','2026-05-18 06:05:11'),(2,320,'sector','sector-2',2,'enable','2026-05-18 06:05:11','2026-05-18 06:05:11'),(3,320,'sector','sector-3',3,'enable','2026-05-18 06:05:11','2026-05-18 06:05:11'),(4,320,'sector','sector-4',4,'enable','2026-05-18 06:05:11','2026-05-18 06:05:11'),(5,320,'sector','sector-5',5,'enable','2026-05-18 06:05:11','2026-05-18 06:05:11'),(6,320,'sector','sector-6',6,'enable','2026-05-18 06:05:11','2026-05-18 06:05:11');

--
-- Table structure for table `city_translations`
--

CREATE TABLE `city_translations` (
  `id` bigint(20) unsigned NOT NULL AUTO_INCREMENT,
  `city_id` int(11) NOT NULL,
  `lang_code` varchar(255) NOT NULL,
  `name` varchar(255) NOT NULL,
  `created_at` timestamp NULL DEFAULT NULL,
  `updated_at` timestamp NULL DEFAULT NULL,
  PRIMARY KEY (`id`)
) ENGINE=InnoDB AUTO_INCREMENT=1664 DEFAULT CHARSET=utf8mb4 COLLATE=utf8mb4_unicode_ci;

--
-- Dumping data for table `city_translations`
--

INSERT INTO `city_translations` VALUES (320,320,'en','București','2026-05-15 09:34:30','2026-05-17 15:19:35'),(321,321,'en','Cluj-Napoca','2026-05-15 09:34:30','2026-05-15 09:34:30'),(322,322,'en','Iași','2026-05-15 09:34:30','2026-05-15 09:34:30'),(323,323,'en','Constanța','2026-05-15 09:34:30','2026-05-15 09:34:30'),(324,324,'en','Timișoara','2026-05-15 09:34:30','2026-05-15 09:34:30'),(325,325,'en','Brașov','2026-05-15 09:34:30','2026-05-15 09:34:30'),(326,326,'en','Craiova','2026-05-15 09:34:30','2026-05-15 09:34:30'),(327,327,'en','Galați','2026-05-15 09:34:30','2026-05-15 09:34:30'),(328,328,'en','Oradea','2026-05-15 09:34:30','2026-05-15 09:34:30'),(329,329,'en','Ploiești','2026-05-15 09:34:30','2026-05-15 09:34:30'),(330,330,'en','Brăila','2026-05-15 09:34:30','2026-05-15 09:34:30'),(331,331,'en','Arad','2026-05-15 09:34:30','2026-05-15 09:34:30'),(332,332,'en','Pitești','2026-05-15 09:34:30','2026-05-15 09:34:30'),(333,333,'en','Bacău','2026-05-15 09:34:30','2026-05-15 09:34:30'),(334,334,'en','Sibiu','2026-05-15 09:34:30','2026-05-15 09:34:30'),(335,335,'en','Târgu Mureș','2026-05-15 09:34:30','2026-05-15 09:34:30'),(336,336,'en','Baia Mare','2026-05-15 09:34:30','2026-05-15 09:34:30'),(337,337,'en','Buzău','2026-05-15 09:34:30','2026-05-15 09:34:30'),(338,338,'en','Râmnicu Vâlcea','2026-05-15 09:34:30','2026-05-15 09:34:30'),(339,339,'en','Satu Mare','2026-05-15 09:34:30','2026-05-15 09:34:30'),(340,340,'en','Botoșani','2026-05-15 09:34:30','2026-05-15 09:34:30'),(341,341,'en','Suceava','2026-05-15 09:34:30','2026-05-15 09:34:30'),(342,342,'en','Drobeta-Turnu Severin','2026-05-15 09:34:30','2026-05-15 09:34:30'),(343,343,'en','Piatra Neamț','2026-05-15 09:34:30','2026-05-15 09:34:30'),(344,344,'en','Bistrița','2026-05-15 09:34:30','2026-05-15 09:34:30'),(345,345,'en','Târgu Jiu','2026-05-15 09:34:30','2026-05-15 09:34:30'),(346,346,'en','Târgoviște','2026-05-15 09:34:30','2026-05-15 09:34:30'),(347,347,'en','Focșani','2026-05-15 09:34:30','2026-05-15 09:34:30'),(348,348,'en','Tulcea','2026-05-15 09:34:30','2026-05-15 09:34:30'),(349,349,'en','Alba Iulia','2026-05-15 09:34:30','2026-05-15 09:34:30'),(350,350,'en','Slatina','2026-05-15 09:34:30','2026-05-15 09:34:30'),(351,351,'en','Vaslui','2026-05-15 09:34:30','2026-05-15 09:34:30'),(352,352,'en','Reșița','2026-05-15 09:34:30','2026-05-15 09:34:30'),(353,353,'en','Călărași','2026-05-15 09:34:30','2026-05-15 09:34:30'),(354,354,'en','Giurgiu','2026-05-15 09:34:30','2026-05-15 09:34:30'),(355,355,'en','Popești-Leordeni','2026-05-15 09:34:30','2026-05-15 09:34:30'),(356,356,'en','Deva','2026-05-15 09:34:30','2026-05-15 09:34:30'),(357,357,'en','Bârlad','2026-05-15 09:34:30','2026-05-15 09:34:30'),(358,358,'en','Zalău','2026-05-15 09:34:30','2026-05-15 09:34:30'),(359,359,'en','Hunedoara','2026-05-15 09:34:30','2026-05-15 09:34:30'),(360,360,'en','Sfântu Gheorghe','2026-05-15 09:34:30','2026-05-15 09:34:30'),(361,361,'en','Roman','2026-05-15 09:34:30','2026-05-15 09:34:30'),(362,362,'en','Voluntari','2026-05-15 09:34:30','2026-05-15 09:34:30'),(363,363,'en','Turda','2026-05-15 09:34:30','2026-05-15 09:34:30'),(364,364,'en','Slobozia','2026-05-15 09:34:30','2026-05-15 09:34:30'),(365,365,'en','Alexandria','2026-05-15 09:34:30','2026-05-15 09:34:30'),(366,366,'en','Bragadiru','2026-05-15 09:34:30','2026-05-15 09:34:30'),(367,367,'en','Mediaș','2026-05-15 09:34:30','2026-05-15 09:34:30'),(368,368,'en','Lugoj','2026-05-15 09:34:30','2026-05-15 09:34:30'),(369,369,'en','Medgidia','2026-05-15 09:34:30','2026-05-15 09:34:30'),(370,370,'en','Miercurea Ciuc','2026-05-15 09:34:30','2026-05-15 09:34:30'),(371,371,'en','Năvodari','2026-05-15 09:34:30','2026-05-15 09:34:30'),(372,372,'en','Onești','2026-05-15 09:34:30','2026-05-15 09:34:30'),(373,373,'en','Pantelimon','2026-05-15 09:34:30','2026-05-15 09:34:30'),(374,374,'en','Tecuci','2026-05-15 09:34:30','2026-05-15 09:34:30'),(375,375,'en','Sighetu Marmației','2026-05-15 09:34:30','2026-05-15 09:34:30'),(376,376,'en','Mangalia','2026-05-15 09:34:30','2026-05-15 09:34:30'),(377,377,'en','Dej','2026-05-15 09:34:30','2026-05-15 09:34:30'),(378,378,'en','Odorheiu Secuiesc','2026-05-15 09:34:30','2026-05-15 09:34:30'),(379,379,'en','Petroșani','2026-05-15 09:34:30','2026-05-15 09:34:30'),(380,380,'en','Săcele','2026-05-15 09:34:30','2026-05-15 09:34:30'),(381,381,'en','Pașcani','2026-05-15 09:34:30','2026-05-15 09:34:30'),(382,382,'en','Râmnicu Sărat','2026-05-15 09:34:30','2026-05-15 09:34:30'),(383,383,'en','Reghin','2026-05-15 09:34:30','2026-05-15 09:34:30'),(384,384,'en','Mioveni','2026-05-15 09:34:30','2026-05-15 09:34:30'),(385,385,'en','Câmpina','2026-05-15 09:34:30','2026-05-15 09:34:30'),(386,386,'en','Câmpulung','2026-05-15 09:34:30','2026-05-15 09:34:30'),(387,387,'en','Fetești','2026-05-15 09:34:30','2026-05-15 09:34:30'),(388,388,'en','Caracal','2026-05-15 09:34:30','2026-05-15 09:34:30'),(389,389,'en','Borșa','2026-05-15 09:34:30','2026-05-15 09:34:30'),(390,390,'en','Sebeș','2026-05-15 09:34:30','2026-05-15 09:34:30'),(391,391,'en','Făgăraș','2026-05-15 09:34:30','2026-05-15 09:34:30'),(392,392,'en','Curtea de Argeș','2026-05-15 09:34:30','2026-05-15 09:34:30'),(393,393,'en','Huși','2026-05-15 09:34:30','2026-05-15 09:34:30'),(394,394,'en','Rădăuți','2026-05-15 09:34:30','2026-05-15 09:34:30'),(395,395,'en','Sighișoara','2026-05-15 09:34:30','2026-05-15 09:34:30'),(396,396,'en','Fălticeni','2026-05-15 09:34:30','2026-05-15 09:34:30'),(397,397,'en','Dorohoi','2026-05-15 09:34:30','2026-05-15 09:34:30'),(398,398,'en','Oltenița','2026-05-15 09:34:30','2026-05-15 09:34:30'),(399,399,'en','Roșiorii de Vede','2026-05-15 09:34:30','2026-05-15 09:34:30'),(400,400,'en','Cisnădie','2026-05-15 09:34:30','2026-05-15 09:34:30'),(401,401,'en','Otopeni','2026-05-15 09:34:30','2026-05-15 09:34:30'),(402,402,'en','Caransebeș','2026-05-15 09:34:30','2026-05-15 09:34:30'),(403,403,'en','Zărnești','2026-05-15 09:34:30','2026-05-15 09:34:30'),(404,404,'en','Aiud','2026-05-15 09:34:30','2026-05-15 09:34:30'),(405,405,'en','Târnăveni','2026-05-15 09:34:30','2026-05-15 09:34:30'),(406,406,'en','Câmpia Turzii','2026-05-15 09:34:30','2026-05-15 09:34:30'),(407,407,'en','Buftea','2026-05-15 09:34:30','2026-05-15 09:34:30'),(408,408,'en','Codlea','2026-05-15 09:34:30','2026-05-15 09:34:30'),(409,409,'en','Comănești','2026-05-15 09:34:30','2026-05-15 09:34:30'),(410,410,'en','Gherla','2026-05-15 09:34:30','2026-05-15 09:34:30'),(411,411,'en','Vulcan','2026-05-15 09:34:30','2026-05-15 09:34:30'),(412,412,'en','Moinești','2026-05-15 09:34:30','2026-05-15 09:34:30'),(413,413,'en','Petrila','2026-05-15 09:34:30','2026-05-15 09:34:30'),(414,414,'en','Turnu Măgurele','2026-05-15 09:34:30','2026-05-15 09:34:30'),(415,415,'en','Cugir','2026-05-15 09:34:30','2026-05-15 09:34:30'),(416,416,'en','Carei','2026-05-15 09:34:30','2026-05-15 09:34:30'),(417,417,'en','Lupeni','2026-05-15 09:34:30','2026-05-15 09:34:30'),(418,418,'en','Târgu Neamț','2026-05-15 09:34:30','2026-05-15 09:34:30'),(419,419,'en','Blaj','2026-05-15 09:34:30','2026-05-15 09:34:30'),(420,420,'en','Orăștie','2026-05-15 09:34:30','2026-05-15 09:34:30'),(421,421,'en','Băicoi','2026-05-15 09:34:30','2026-05-15 09:34:30'),(422,422,'en','Târgu Secuiesc','2026-05-15 09:34:30','2026-05-15 09:34:30'),(423,423,'en','Balș','2026-05-15 09:34:30','2026-05-15 09:34:30'),(424,424,'en','Motru','2026-05-15 09:34:30','2026-05-15 09:34:30'),(425,425,'en','Ștefănești','2026-05-15 09:34:30','2026-05-15 09:34:30'),(426,426,'en','Băilești','2026-05-15 09:34:30','2026-05-15 09:34:30'),(427,427,'en','Râșnov','2026-05-15 09:34:30','2026-05-15 09:34:30'),(428,428,'en','Gheorgheni','2026-05-15 09:34:30','2026-05-15 09:34:30'),(429,429,'en','Salonta','2026-05-15 09:34:30','2026-05-15 09:34:30'),(430,430,'en','Câmpulung Moldovenesc','2026-05-15 09:34:30','2026-05-15 09:34:30'),(431,431,'en','Drăgășani','2026-05-15 09:34:30','2026-05-15 09:34:30'),(432,432,'en','Moreni','2026-05-15 09:34:30','2026-05-15 09:34:30'),(433,433,'en','Vișeu de Sus','2026-05-15 09:34:30','2026-05-15 09:34:30'),(434,434,'en','Adjud','2026-05-15 09:34:30','2026-05-15 09:34:30'),(435,435,'en','Vicovu de Sus','2026-05-15 09:34:30','2026-05-15 09:34:30'),(436,436,'en','Cernavodă','2026-05-15 09:34:30','2026-05-15 09:34:30'),(437,437,'en','Filiași','2026-05-15 09:34:30','2026-05-15 09:34:30'),(438,438,'en','Breaza','2026-05-15 09:34:30','2026-05-15 09:34:30'),(439,439,'en','Chitila','2026-05-15 09:34:30','2026-05-15 09:34:30'),(440,440,'en','Luduș','2026-05-15 09:34:30','2026-05-15 09:34:30'),(441,441,'en','Negrești-Oaș','2026-05-15 09:34:30','2026-05-15 09:34:30'),(442,442,'en','Măgurele','2026-05-15 09:34:30','2026-05-15 09:34:30'),(443,443,'en','Baia Sprie','2026-05-15 09:34:30','2026-05-15 09:34:30'),(444,444,'en','Buhuși','2026-05-15 09:34:30','2026-05-15 09:34:30'),(445,445,'en','Ovidiu','2026-05-15 09:34:30','2026-05-15 09:34:30'),(446,446,'en','Șimleu Silvaniei','2026-05-15 09:34:30','2026-05-15 09:34:30'),(447,447,'en','Calafat','2026-05-15 09:34:30','2026-05-15 09:34:30'),(448,448,'en','Marghita','2026-05-15 09:34:30','2026-05-15 09:34:30'),(449,449,'en','Corabia','2026-05-15 09:34:30','2026-05-15 09:34:30'),(450,450,'en','Urziceni','2026-05-15 09:34:30','2026-05-15 09:34:30'),(451,451,'en','Gura Humorului','2026-05-15 09:34:30','2026-05-15 09:34:30'),(452,452,'en','Dărmănești','2026-05-15 09:34:30','2026-05-15 09:34:30'),(453,453,'en','Mizil','2026-05-15 09:34:30','2026-05-15 09:34:30'),(454,454,'en','Pucioasa','2026-05-15 09:34:30','2026-05-15 09:34:30'),(455,455,'en','Bocșa','2026-05-15 09:34:30','2026-05-15 09:34:30'),(456,456,'en','Bolintin-Vale','2026-05-15 09:34:30','2026-05-15 09:34:30'),(457,457,'en','Țăndărei','2026-05-15 09:34:30','2026-05-15 09:34:30'),(458,458,'en','Brad','2026-05-15 09:34:30','2026-05-15 09:34:30'),(459,459,'en','Toplița','2026-05-15 09:34:31','2026-05-15 09:34:31'),(460,460,'en','Zimnicea','2026-05-15 09:34:31','2026-05-15 09:34:31'),(461,461,'en','Găești','2026-05-15 09:34:31','2026-05-15 09:34:31'),(462,462,'en','Vatra Dornei','2026-05-15 09:34:31','2026-05-15 09:34:31'),(463,463,'en','Avrig','2026-05-15 09:34:31','2026-05-15 09:34:31'),(464,464,'en','Ocna Mureș','2026-05-15 09:34:31','2026-05-15 09:34:31'),(465,465,'en','Sântana','2026-05-15 09:34:31','2026-05-15 09:34:31'),(466,466,'en','Vălenii de Munte','2026-05-15 09:34:31','2026-05-15 09:34:31'),(467,467,'en','Pecica','2026-05-15 09:34:31','2026-05-15 09:34:31'),(468,468,'en','Darabani','2026-05-15 09:34:31','2026-05-15 09:34:31'),(469,469,'en','Mărășești','2026-05-15 09:34:31','2026-05-15 09:34:31'),(470,470,'en','Simeria','2026-05-15 09:34:31','2026-05-15 09:34:31'),(471,471,'en','Beclean','2026-05-15 09:34:31','2026-05-15 09:34:31'),(472,472,'en','Târgu Lăpuș','2026-05-15 09:34:31','2026-05-15 09:34:31'),(473,473,'en','Comarnic','2026-05-15 09:34:31','2026-05-15 09:34:31'),(474,474,'en','Dolhasca','2026-05-15 09:34:31','2026-05-15 09:34:31'),(475,475,'en','Sângeorz-Băi','2026-05-15 09:34:31','2026-05-15 09:34:31'),(476,476,'en','Scornicești','2026-05-15 09:34:31','2026-05-15 09:34:31'),(477,477,'en','Săcueni','2026-05-15 09:34:31','2026-05-15 09:34:31'),(478,478,'en','Sânnicolau Mare','2026-05-15 09:34:31','2026-05-15 09:34:31'),(479,479,'en','Flămânzi','2026-05-15 09:34:31','2026-05-15 09:34:31'),(480,480,'en','Târgu Ocna','2026-05-15 09:34:31','2026-05-15 09:34:31'),(481,481,'en','Hârlău','2026-05-15 09:34:31','2026-05-15 09:34:31'),(482,482,'en','Dăbuleni','2026-05-15 09:34:31','2026-05-15 09:34:31'),(483,483,'en','Boldești-Scăeni','2026-05-15 09:34:31','2026-05-15 09:34:31'),(484,484,'en','Rovinari','2026-05-15 09:34:31','2026-05-15 09:34:31'),(485,485,'en','Năsăud','2026-05-15 09:34:31','2026-05-15 09:34:31'),(486,486,'en','Jimbolia','2026-05-15 09:34:31','2026-05-15 09:34:31'),(487,487,'en','Urlați','2026-05-15 09:34:31','2026-05-15 09:34:31'),(488,488,'en','Videle','2026-05-15 09:34:31','2026-05-15 09:34:31'),(489,489,'en','Călan','2026-05-15 09:34:31','2026-05-15 09:34:31'),(490,490,'en','Lipova','2026-05-15 09:34:31','2026-05-15 09:34:31'),(491,491,'en','Beiuș','2026-05-15 09:34:31','2026-05-15 09:34:31'),(492,492,'en','Drăgănești-Olt','2026-05-15 09:34:31','2026-05-15 09:34:31'),(493,493,'en','Sovata','2026-05-15 09:34:31','2026-05-15 09:34:31'),(494,494,'en','Jibou','2026-05-15 09:34:31','2026-05-15 09:34:31'),(495,495,'en','Aleșd','2026-05-15 09:34:31','2026-05-15 09:34:31'),(496,496,'en','Târgu Frumos','2026-05-15 09:34:31','2026-05-15 09:34:31'),(497,497,'en','Salcea','2026-05-15 09:34:31','2026-05-15 09:34:31'),(498,498,'en','Nehoiu','2026-05-15 09:34:31','2026-05-15 09:34:31'),(499,499,'en','Costești','2026-05-15 09:34:31','2026-05-15 09:34:31'),(500,500,'en','Odobești','2026-05-15 09:34:31','2026-05-15 09:34:31'),(501,501,'en','Topoloveni','2026-05-15 09:34:31','2026-05-15 09:34:31'),(502,502,'en','Oravița','2026-05-15 09:34:31','2026-05-15 09:34:31'),(503,503,'en','Titu','2026-05-15 09:34:31','2026-05-15 09:34:31'),(504,504,'en','Moldova Nouă','2026-05-15 09:34:31','2026-05-15 09:34:31'),(505,505,'en','Babadag','2026-05-15 09:34:31','2026-05-15 09:34:31'),(506,506,'en','Covasna','2026-05-15 09:34:31','2026-05-15 09:34:31'),(507,507,'en','Murfatlar','2026-05-15 09:34:31','2026-05-15 09:34:31'),(508,508,'en','Cajvana','2026-05-15 09:34:31','2026-05-15 09:34:31'),(509,509,'en','Sinaia','2026-05-15 09:34:31','2026-05-15 09:34:31'),(510,510,'en','Strehaia','2026-05-15 09:34:31','2026-05-15 09:34:31'),(511,511,'en','Podu Iloaiei','2026-05-15 09:34:31','2026-05-15 09:34:31'),(512,512,'en','Ianca','2026-05-15 09:34:31','2026-05-15 09:34:31'),(513,513,'en','Valea lui Mihai','2026-05-15 09:34:31','2026-05-15 09:34:31'),(514,514,'en','Liteni','2026-05-15 09:34:31','2026-05-15 09:34:31'),(515,515,'en','Ineu','2026-05-15 09:34:31','2026-05-15 09:34:31'),(516,516,'en','Cristuru Secuiesc','2026-05-15 09:34:31','2026-05-15 09:34:31'),(517,517,'en','Hațeg','2026-05-15 09:34:31','2026-05-15 09:34:31'),(518,518,'en','Hârșova','2026-05-15 09:34:31','2026-05-15 09:34:31'),(519,519,'en','Eforie','2026-05-15 09:34:31','2026-05-15 09:34:31'),(520,520,'en','Orșova','2026-05-15 09:34:31','2026-05-15 09:34:31'),(521,521,'en','Oțelu Roșu','2026-05-15 09:34:31','2026-05-15 09:34:31'),(522,522,'en','Iernut','2026-05-15 09:34:31','2026-05-15 09:34:31'),(523,523,'en','Tăuții-Măgherăuș','2026-05-15 09:34:31','2026-05-15 09:34:31'),(524,524,'en','Bușteni','2026-05-15 09:34:31','2026-05-15 09:34:31'),(525,525,'en','Recaș','2026-05-15 09:34:31','2026-05-15 09:34:31'),(526,526,'en','Întorsura Buzăului','2026-05-15 09:34:31','2026-05-15 09:34:31'),(527,527,'en','Seini','2026-05-15 09:34:31','2026-05-15 09:34:31'),(528,528,'en','Roznov','2026-05-15 09:34:31','2026-05-15 09:34:31'),(529,529,'en','Huedin','2026-05-15 09:34:31','2026-05-15 09:34:31'),(530,530,'en','Techirghiol','2026-05-15 09:34:31','2026-05-15 09:34:31'),(531,531,'en','Tășnad','2026-05-15 09:34:31','2026-05-15 09:34:31'),(532,532,'en','Mihăilești','2026-05-15 09:34:31','2026-05-15 09:34:31'),(533,533,'en','Baraolt','2026-05-15 09:34:31','2026-05-15 09:34:31'),(534,534,'en','Șomcuta Mare','2026-05-15 09:34:31','2026-05-15 09:34:31'),(535,535,'en','Bumbești-Jiu','2026-05-15 09:34:31','2026-05-15 09:34:31'),(536,536,'en','Târgu Cărbunești','2026-05-15 09:34:31','2026-05-15 09:34:31'),(537,537,'en','Băbeni','2026-05-15 09:34:31','2026-05-15 09:34:31'),(538,538,'en','Agnita','2026-05-15 09:34:31','2026-05-15 09:34:31'),(539,539,'en','Negrești','2026-05-15 09:34:31','2026-05-15 09:34:31'),(540,540,'en','Segarcea','2026-05-15 09:34:31','2026-05-15 09:34:31'),(541,541,'en','Călimănești','2026-05-15 09:34:31','2026-05-15 09:34:31'),(542,542,'en','Curtici','2026-05-15 09:34:31','2026-05-15 09:34:31'),(543,543,'en','Măcin','2026-05-15 09:34:31','2026-05-15 09:34:31'),(544,544,'en','Chișineu-Criș','2026-05-15 09:34:31','2026-05-15 09:34:31'),(545,545,'en','Ghimbav','2026-05-15 09:34:31','2026-05-15 09:34:31'),(546,546,'en','Budești','2026-05-15 09:34:31','2026-05-15 09:34:31'),(547,547,'en','Ulmeni','2026-05-15 09:34:31','2026-05-15 09:34:31'),(548,548,'en','Ungheni','2026-05-15 09:34:31','2026-05-15 09:34:31'),(549,549,'en','Panciu','2026-05-15 09:34:31','2026-05-15 09:34:31'),(550,550,'en','Turceni','2026-05-15 09:34:31','2026-05-15 09:34:31'),(551,551,'en','Murgeni','2026-05-15 09:34:31','2026-05-15 09:34:31'),(552,552,'en','Buziaș','2026-05-15 09:34:31','2026-05-15 09:34:31'),(553,553,'en','Amara','2026-05-15 09:34:31','2026-05-15 09:34:31'),(554,554,'en','Pâncota','2026-05-15 09:34:31','2026-05-15 09:34:31'),(555,555,'en','Fundulea','2026-05-15 09:34:31','2026-05-15 09:34:31'),(556,556,'en','Nădlac','2026-05-15 09:34:31','2026-05-15 09:34:31'),(557,557,'en','Tălmaciu','2026-05-15 09:34:31','2026-05-15 09:34:31'),(558,558,'en','Plopeni','2026-05-15 09:34:31','2026-05-15 09:34:31'),(559,559,'en','Siret','2026-05-15 09:34:31','2026-05-15 09:34:31'),(560,560,'en','Uricani','2026-05-15 09:34:31','2026-05-15 09:34:31'),(561,561,'en','Zlatna','2026-05-15 09:34:31','2026-05-15 09:34:31'),(562,562,'en','Făget','2026-05-15 09:34:31','2026-05-15 09:34:31'),(563,563,'en','Câmpeni','2026-05-15 09:34:31','2026-05-15 09:34:31'),(564,564,'en','Vlăhița','2026-05-15 09:34:31','2026-05-15 09:34:31'),(565,565,'en','Horezu','2026-05-15 09:34:31','2026-05-15 09:34:31'),(566,566,'en','Săveni','2026-05-15 09:34:31','2026-05-15 09:34:31'),(567,567,'en','Victoria','2026-05-15 09:34:31','2026-05-15 09:34:31'),(568,568,'en','Pogoanele','2026-05-15 09:34:31','2026-05-15 09:34:31'),(569,569,'en','Fieni','2026-05-15 09:34:31','2026-05-15 09:34:31'),(570,570,'en','Cehu Silvaniei','2026-05-15 09:34:31','2026-05-15 09:34:31'),(571,571,'en','Tismana','2026-05-15 09:34:31','2026-05-15 09:34:31'),(572,572,'en','Teiuș','2026-05-15 09:34:31','2026-05-15 09:34:31'),(573,573,'en','Răcari','2026-05-15 09:34:31','2026-05-15 09:34:31'),(574,574,'en','Pătârlagele','2026-05-15 09:34:31','2026-05-15 09:34:31'),(575,575,'en','Dumbrăveni','2026-05-15 09:34:31','2026-05-15 09:34:31'),(576,576,'en','Sărmașu','2026-05-15 09:34:31','2026-05-15 09:34:31'),(577,577,'en','Ardud','2026-05-15 09:34:31','2026-05-15 09:34:31'),(578,578,'en','Bicaz','2026-05-15 09:34:31','2026-05-15 09:34:31'),(579,579,'en','Piatra-Olt','2026-05-15 09:34:31','2026-05-15 09:34:31'),(580,580,'en','Lehliu Gară','2026-05-15 09:34:31','2026-05-15 09:34:31'),(581,581,'en','Târgu Bujor','2026-05-15 09:34:31','2026-05-15 09:34:31'),(582,582,'en','Livada','2026-05-15 09:34:31','2026-05-15 09:34:31'),(583,583,'en','Însurăței','2026-05-15 09:34:31','2026-05-15 09:34:31'),(584,584,'en','Frasin','2026-05-15 09:34:31','2026-05-15 09:34:31'),(585,585,'en','Săliște','2026-05-15 09:34:31','2026-05-15 09:34:31'),(586,586,'en','Brezoi','2026-05-15 09:34:31','2026-05-15 09:34:31'),(587,587,'en','Deta','2026-05-15 09:34:31','2026-05-15 09:34:31'),(588,588,'en','Anina','2026-05-15 09:34:31','2026-05-15 09:34:31'),(589,589,'en','Gătaia','2026-05-15 09:34:31','2026-05-15 09:34:31'),(590,590,'en','Ciacova','2026-05-15 09:34:31','2026-05-15 09:34:31'),(591,591,'en','Bălan','2026-05-15 09:34:31','2026-05-15 09:34:31'),(592,592,'en','Miercurea Nirajului','2026-05-15 09:34:31','2026-05-15 09:34:31'),(593,593,'en','Sebiș','2026-05-15 09:34:31','2026-05-15 09:34:31'),(594,594,'en','Ștei','2026-05-15 09:34:31','2026-05-15 09:34:31'),(595,595,'en','Novaci','2026-05-15 09:34:31','2026-05-15 09:34:31'),(596,596,'en','Potcoava','2026-05-15 09:34:31','2026-05-15 09:34:31'),(597,597,'en','Broșteni','2026-05-15 09:34:31','2026-05-15 09:34:31'),(598,598,'en','Geoagiu','2026-05-15 09:34:31','2026-05-15 09:34:31'),(599,599,'en','Vânju Mare','2026-05-15 09:34:31','2026-05-15 09:34:31'),(601,601,'en','Rupea','2026-05-15 09:34:31','2026-05-15 09:34:31'),(602,602,'en','Sângeorgiu de Pădure','2026-05-15 09:34:31','2026-05-15 09:34:31'),(603,603,'en','Săliștea de Sus','2026-05-15 09:34:31','2026-05-15 09:34:31'),(604,604,'en','Slănic','2026-05-15 09:34:31','2026-05-15 09:34:31'),(605,605,'en','Milișăuți','2026-05-15 09:34:31','2026-05-15 09:34:31'),(606,606,'en','Fierbinți-Târg','2026-05-15 09:34:31','2026-05-15 09:34:31'),(607,607,'en','Negru Vodă','2026-05-15 09:34:31','2026-05-15 09:34:31'),(608,608,'en','Copșa Mică','2026-05-15 09:34:31','2026-05-15 09:34:31'),(609,609,'en','Baia de Aramă','2026-05-15 09:34:31','2026-05-15 09:34:31'),(610,610,'en','Isaccea','2026-05-15 09:34:31','2026-05-15 09:34:31'),(611,611,'en','Abrud','2026-05-15 09:34:31','2026-05-15 09:34:31'),(612,612,'en','Bechet','2026-05-15 09:34:31','2026-05-15 09:34:31'),(613,613,'en','Cavnic','2026-05-15 09:34:31','2026-05-15 09:34:31'),(614,614,'en','Bălcești','2026-05-15 09:34:31','2026-05-15 09:34:31'),(615,615,'en','Berbești','2026-05-15 09:34:31','2026-05-15 09:34:31'),(616,616,'en','Bucecea','2026-05-15 09:34:31','2026-05-15 09:34:31'),(617,617,'en','Predeal','2026-05-15 09:34:31','2026-05-15 09:34:31'),(618,618,'en','Slănic Moldova','2026-05-15 09:34:31','2026-05-15 09:34:31'),(619,619,'en','Țicleni','2026-05-15 09:34:31','2026-05-15 09:34:31'),(620,620,'en','Azuga','2026-05-15 09:34:31','2026-05-15 09:34:31'),(621,621,'en','Băile Herculane','2026-05-15 09:34:31','2026-05-15 09:34:31'),(622,622,'en','Băile Olănești','2026-05-15 09:34:31','2026-05-15 09:34:31'),(623,623,'en','Miercurea Sibiului','2026-05-15 09:34:31','2026-05-15 09:34:31'),(624,624,'en','Ocna Sibiului','2026-05-15 09:34:31','2026-05-15 09:34:31'),(625,625,'en','Aninoasa','2026-05-15 09:34:31','2026-05-15 09:34:31'),(626,626,'en','Dragomirești','2026-05-15 09:34:31','2026-05-15 09:34:31'),(627,627,'en','Ocnele Mari','2026-05-15 09:34:31','2026-05-15 09:34:31'),(628,628,'en','Sulina','2026-05-15 09:34:31','2026-05-15 09:34:31'),(629,629,'en','Baia de Arieș','2026-05-15 09:34:31','2026-05-15 09:34:31'),(630,630,'en','Făurei','2026-05-15 09:34:31','2026-05-15 09:34:31'),(631,631,'en','Căzănești','2026-05-15 09:34:31','2026-05-15 09:34:31'),(632,632,'en','Berești','2026-05-15 09:34:31','2026-05-15 09:34:31'),(633,633,'en','Solca','2026-05-15 09:34:31','2026-05-15 09:34:31'),(634,634,'en','Borsec','2026-05-15 09:34:31','2026-05-15 09:34:31'),(635,635,'en','Băile Govora','2026-05-15 09:34:31','2026-05-15 09:34:31'),(636,636,'en','Vașcău','2026-05-15 09:34:31','2026-05-15 09:34:31'),(637,637,'en','Nucet','2026-05-15 09:34:31','2026-05-15 09:34:31'),(638,638,'en','Băile Tușnad','2026-05-15 09:34:31','2026-05-15 09:34:31'),(639,320,'ro','București','2026-05-15 09:58:44','2026-05-18 05:56:50'),(640,321,'ro','Cluj-Napoca','2026-05-15 09:58:44','2026-05-15 09:58:44'),(641,322,'ro','Iași','2026-05-15 09:58:44','2026-05-15 09:58:44'),(642,323,'ro','Constanța','2026-05-15 09:58:44','2026-05-15 09:58:44'),(643,324,'ro','Timișoara','2026-05-15 09:58:44','2026-05-15 09:58:44'),(644,325,'ro','Brașov','2026-05-15 09:58:44','2026-05-15 09:58:44'),(645,326,'ro','Craiova','2026-05-15 09:58:44','2026-05-15 09:58:44'),(646,327,'ro','Galați','2026-05-15 09:58:44','2026-05-15 09:58:44'),(647,328,'ro','Oradea','2026-05-15 09:58:44','2026-05-15 09:58:44'),(648,329,'ro','Ploiești','2026-05-15 09:58:44','2026-05-15 09:58:44'),(649,330,'ro','Brăila','2026-05-15 09:58:44','2026-05-15 09:58:44'),(650,331,'ro','Arad','2026-05-15 09:58:44','2026-05-15 09:58:44'),(651,332,'ro','Pitești','2026-05-15 09:58:44','2026-05-15 09:58:44'),(652,333,'ro','Bacău','2026-05-15 09:58:44','2026-05-15 09:58:44'),(653,334,'ro','Sibiu','2026-05-15 09:58:44','2026-05-15 09:58:44'),(654,335,'ro','Târgu Mureș','2026-05-15 09:58:44','2026-05-15 09:58:44'),(655,336,'ro','Baia Mare','2026-05-15 09:58:44','2026-05-15 09:58:44'),(656,337,'ro','Buzău','2026-05-15 09:58:44','2026-05-15 09:58:44'),(657,338,'ro','Râmnicu Vâlcea','2026-05-15 09:58:44','2026-05-15 09:58:44'),(658,339,'ro','Satu Mare','2026-05-15 09:58:44','2026-05-15 09:58:44'),(659,340,'ro','Botoșani','2026-05-15 09:58:44','2026-05-15 09:58:44'),(660,341,'ro','Suceava','2026-05-15 09:58:44','2026-05-15 09:58:44'),(661,342,'ro','Drobeta-Turnu Severin','2026-05-15 09:58:44','2026-05-15 09:58:44'),(662,343,'ro','Piatra Neamț','2026-05-15 09:58:44','2026-05-15 09:58:44'),(663,344,'ro','Bistrița','2026-05-15 09:58:44','2026-05-15 09:58:44'),(664,345,'ro','Târgu Jiu','2026-05-15 09:58:44','2026-05-15 09:58:44'),(665,346,'ro','Târgoviște','2026-05-15 09:58:44','2026-05-15 09:58:44'),(666,347,'ro','Focșani','2026-05-15 09:58:44','2026-05-15 09:58:44'),(667,348,'ro','Tulcea','2026-05-15 09:58:44','2026-05-15 09:58:44'),(668,349,'ro','Alba Iulia','2026-05-15 09:58:44','2026-05-15 09:58:44'),(669,350,'ro','Slatina','2026-05-15 09:58:44','2026-05-15 09:58:44'),(670,351,'ro','Vaslui','2026-05-15 09:58:44','2026-05-15 09:58:44'),(671,352,'ro','Reșița','2026-05-15 09:58:44','2026-05-15 09:58:44'),(672,353,'ro','Călărași','2026-05-15 09:58:44','2026-05-15 09:58:44'),(673,354,'ro','Giurgiu','2026-05-15 09:58:44','2026-05-15 09:58:44'),(674,355,'ro','Popești-Leordeni','2026-05-15 09:58:44','2026-05-15 09:58:44'),(675,356,'ro','Deva','2026-05-15 09:58:44','2026-05-15 09:58:44'),(676,357,'ro','Bârlad','2026-05-15 09:58:44','2026-05-15 09:58:44'),(677,358,'ro','Zalău','2026-05-15 09:58:44','2026-05-15 09:58:44'),(678,359,'ro','Hunedoara','2026-05-15 09:58:44','2026-05-15 09:58:44'),(679,360,'ro','Sfântu Gheorghe','2026-05-15 09:58:44','2026-05-15 09:58:44'),(680,361,'ro','Roman','2026-05-15 09:58:44','2026-05-15 09:58:44'),(681,362,'ro','Voluntari','2026-05-15 09:58:44','2026-05-15 09:58:44'),(682,363,'ro','Turda','2026-05-15 09:58:44','2026-05-15 09:58:44'),(683,364,'ro','Slobozia','2026-05-15 09:58:44','2026-05-15 09:58:44'),(684,365,'ro','Alexandria','2026-05-15 09:58:44','2026-05-15 09:58:44'),(685,366,'ro','Bragadiru','2026-05-15 09:58:44','2026-05-15 09:58:44'),(686,367,'ro','Mediaș','2026-05-15 09:58:44','2026-05-15 09:58:44'),(687,368,'ro','Lugoj','2026-05-15 09:58:44','2026-05-15 09:58:44'),(688,369,'ro','Medgidia','2026-05-15 09:58:44','2026-05-15 09:58:44'),(689,370,'ro','Miercurea Ciuc','2026-05-15 09:58:44','2026-05-15 09:58:44'),(690,371,'ro','Năvodari','2026-05-15 09:58:44','2026-05-15 09:58:44'),(691,372,'ro','Onești','2026-05-15 09:58:44','2026-05-15 09:58:44'),(692,373,'ro','Pantelimon','2026-05-15 09:58:44','2026-05-15 09:58:44'),(693,374,'ro','Tecuci','2026-05-15 09:58:44','2026-05-15 09:58:44'),(694,375,'ro','Sighetu Marmației','2026-05-15 09:58:44','2026-05-15 09:58:44'),(695,376,'ro','Mangalia','2026-05-15 09:58:44','2026-05-15 09:58:44'),(696,377,'ro','Dej','2026-05-15 09:58:44','2026-05-15 09:58:44'),(697,378,'ro','Odorheiu Secuiesc','2026-05-15 09:58:44','2026-05-15 09:58:44'),(698,379,'ro','Petroșani','2026-05-15 09:58:44','2026-05-15 09:58:44'),(699,380,'ro','Săcele','2026-05-15 09:58:44','2026-05-15 09:58:44'),(700,381,'ro','Pașcani','2026-05-15 09:58:44','2026-05-15 09:58:44'),(701,382,'ro','Râmnicu Sărat','2026-05-15 09:58:44','2026-05-15 09:58:44'),(702,383,'ro','Reghin','2026-05-15 09:58:44','2026-05-15 09:58:44'),(703,384,'ro','Mioveni','2026-05-15 09:58:44','2026-05-15 09:58:44'),(704,385,'ro','Câmpina','2026-05-15 09:58:44','2026-05-15 09:58:44'),(705,386,'ro','Câmpulung','2026-05-15 09:58:44','2026-05-15 09:58:44'),(706,387,'ro','Fetești','2026-05-15 09:58:44','2026-05-15 09:58:44'),(707,388,'ro','Caracal','2026-05-15 09:58:44','2026-05-15 09:58:44'),(708,389,'ro','Borșa','2026-05-15 09:58:44','2026-05-15 09:58:44'),(709,390,'ro','Sebeș','2026-05-15 09:58:44','2026-05-15 09:58:44'),(710,391,'ro','Făgăraș','2026-05-15 09:58:44','2026-05-15 09:58:44'),(711,392,'ro','Curtea de Argeș','2026-05-15 09:58:44','2026-05-15 09:58:44'),(712,393,'ro','Huși','2026-05-15 09:58:44','2026-05-15 09:58:44'),(713,394,'ro','Rădăuți','2026-05-15 09:58:44','2026-05-15 09:58:44'),(714,395,'ro','Sighișoara','2026-05-15 09:58:44','2026-05-15 09:58:44'),(715,396,'ro','Fălticeni','2026-05-15 09:58:44','2026-05-15 09:58:44'),(716,397,'ro','Dorohoi','2026-05-15 09:58:44','2026-05-15 09:58:44'),(717,398,'ro','Oltenița','2026-05-15 09:58:44','2026-05-15 09:58:44'),(718,399,'ro','Roșiorii de Vede','2026-05-15 09:58:44','2026-05-15 09:58:44'),(719,400,'ro','Cisnădie','2026-05-15 09:58:44','2026-05-15 09:58:44'),(720,401,'ro','Otopeni','2026-05-15 09:58:44','2026-05-15 09:58:44'),(721,402,'ro','Caransebeș','2026-05-15 09:58:44','2026-05-15 09:58:44'),(722,403,'ro','Zărnești','2026-05-15 09:58:44','2026-05-15 09:58:44'),(723,404,'ro','Aiud','2026-05-15 09:58:44','2026-05-15 09:58:44'),(724,405,'ro','Târnăveni','2026-05-15 09:58:44','2026-05-15 09:58:44'),(725,406,'ro','Câmpia Turzii','2026-05-15 09:58:44','2026-05-15 09:58:44'),(726,407,'ro','Buftea','2026-05-15 09:58:44','2026-05-15 09:58:44'),(727,408,'ro','Codlea','2026-05-15 09:58:44','2026-05-15 09:58:44'),(728,409,'ro','Comănești','2026-05-15 09:58:44','2026-05-15 09:58:44'),(729,410,'ro','Gherla','2026-05-15 09:58:44','2026-05-15 09:58:44'),(730,411,'ro','Vulcan','2026-05-15 09:58:44','2026-05-15 09:58:44'),(731,412,'ro','Moinești','2026-05-15 09:58:44','2026-05-15 09:58:44'),(732,413,'ro','Petrila','2026-05-15 09:58:44','2026-05-15 09:58:44'),(733,414,'ro','Turnu Măgurele','2026-05-15 09:58:44','2026-05-15 09:58:44'),(734,415,'ro','Cugir','2026-05-15 09:58:44','2026-05-15 09:58:44'),(735,416,'ro','Carei','2026-05-15 09:58:44','2026-05-15 09:58:44'),(736,417,'ro','Lupeni','2026-05-15 09:58:44','2026-05-15 09:58:44'),(737,418,'ro','Târgu Neamț','2026-05-15 09:58:44','2026-05-15 09:58:44'),(738,419,'ro','Blaj','2026-05-15 09:58:44','2026-05-15 09:58:44'),(739,420,'ro','Orăștie','2026-05-15 09:58:44','2026-05-15 09:58:44'),(740,421,'ro','Băicoi','2026-05-15 09:58:44','2026-05-15 09:58:44'),(741,422,'ro','Târgu Secuiesc','2026-05-15 09:58:44','2026-05-15 09:58:44'),(742,423,'ro','Balș','2026-05-15 09:58:44','2026-05-15 09:58:44'),(743,424,'ro','Motru','2026-05-15 09:58:44','2026-05-15 09:58:44'),(744,425,'ro','Ștefănești','2026-05-15 09:58:44','2026-05-15 09:58:44'),(745,426,'ro','Băilești','2026-05-15 09:58:44','2026-05-15 09:58:44'),(746,427,'ro','Râșnov','2026-05-15 09:58:44','2026-05-15 09:58:44'),(747,428,'ro','Gheorgheni','2026-05-15 09:58:44','2026-05-15 09:58:44'),(748,429,'ro','Salonta','2026-05-15 09:58:44','2026-05-15 09:58:44'),(749,430,'ro','Câmpulung Moldovenesc','2026-05-15 09:58:44','2026-05-15 09:58:44'),(750,431,'ro','Drăgășani','2026-05-15 09:58:44','2026-05-15 09:58:44'),(751,432,'ro','Moreni','2026-05-15 09:58:44','2026-05-15 09:58:44'),(752,433,'ro','Vișeu de Sus','2026-05-15 09:58:44','2026-05-15 09:58:44'),(753,434,'ro','Adjud','2026-05-15 09:58:44','2026-05-15 09:58:44'),(754,435,'ro','Vicovu de Sus','2026-05-15 09:58:44','2026-05-15 09:58:44'),(755,436,'ro','Cernavodă','2026-05-15 09:58:44','2026-05-15 09:58:44'),(756,437,'ro','Filiași','2026-05-15 09:58:44','2026-05-15 09:58:44'),(757,438,'ro','Breaza','2026-05-15 09:58:44','2026-05-15 09:58:44'),(758,439,'ro','Chitila','2026-05-15 09:58:44','2026-05-15 09:58:44'),(759,440,'ro','Luduș','2026-05-15 09:58:44','2026-05-15 09:58:44'),(760,441,'ro','Negrești-Oaș','2026-05-15 09:58:44','2026-05-15 09:58:44'),(761,442,'ro','Măgurele','2026-05-15 09:58:44','2026-05-15 09:58:44'),(762,443,'ro','Baia Sprie','2026-05-15 09:58:44','2026-05-15 09:58:44'),(763,444,'ro','Buhuși','2026-05-15 09:58:44','2026-05-15 09:58:44'),(764,445,'ro','Ovidiu','2026-05-15 09:58:44','2026-05-15 09:58:44'),(765,446,'ro','Șimleu Silvaniei','2026-05-15 09:58:44','2026-05-15 09:58:44'),(766,447,'ro','Calafat','2026-05-15 09:58:44','2026-05-15 09:58:44'),(767,448,'ro','Marghita','2026-05-15 09:58:44','2026-05-15 09:58:44'),(768,449,'ro','Corabia','2026-05-15 09:58:44','2026-05-15 09:58:44'),(769,450,'ro','Urziceni','2026-05-15 09:58:44','2026-05-15 09:58:44'),(770,451,'ro','Gura Humorului','2026-05-15 09:58:44','2026-05-15 09:58:44'),(771,452,'ro','Dărmănești','2026-05-15 09:58:44','2026-05-15 09:58:44'),(772,453,'ro','Mizil','2026-05-15 09:58:44','2026-05-15 09:58:44'),(773,454,'ro','Pucioasa','2026-05-15 09:58:44','2026-05-15 09:58:44'),(774,455,'ro','Bocșa','2026-05-15 09:58:44','2026-05-15 09:58:44'),(775,456,'ro','Bolintin-Vale','2026-05-15 09:58:44','2026-05-15 09:58:44'),(776,457,'ro','Țăndărei','2026-05-15 09:58:44','2026-05-15 09:58:44'),(777,458,'ro','Brad','2026-05-15 09:58:44','2026-05-15 09:58:44'),(778,459,'ro','Toplița','2026-05-15 09:58:44','2026-05-15 09:58:44'),(779,460,'ro','Zimnicea','2026-05-15 09:58:44','2026-05-15 09:58:44'),(780,461,'ro','Găești','2026-05-15 09:58:44','2026-05-15 09:58:44'),(781,462,'ro','Vatra Dornei','2026-05-15 09:58:44','2026-05-15 09:58:44'),(782,463,'ro','Avrig','2026-05-15 09:58:44','2026-05-15 09:58:44'),(783,464,'ro','Ocna Mureș','2026-05-15 09:58:44','2026-05-15 09:58:44'),(784,465,'ro','Sântana','2026-05-15 09:58:44','2026-05-15 09:58:44'),(785,466,'ro','Vălenii de Munte','2026-05-15 09:58:44','2026-05-15 09:58:44'),(786,467,'ro','Pecica','2026-05-15 09:58:44','2026-05-15 09:58:44'),(787,468,'ro','Darabani','2026-05-15 09:58:44','2026-05-15 09:58:44'),(788,469,'ro','Mărășești','2026-05-15 09:58:44','2026-05-15 09:58:44'),(789,470,'ro','Simeria','2026-05-15 09:58:44','2026-05-15 09:58:44'),(790,471,'ro','Beclean','2026-05-15 09:58:44','2026-05-15 09:58:44'),(791,472,'ro','Târgu Lăpuș','2026-05-15 09:58:44','2026-05-15 09:58:44'),(792,473,'ro','Comarnic','2026-05-15 09:58:44','2026-05-15 09:58:44'),(793,474,'ro','Dolhasca','2026-05-15 09:58:44','2026-05-15 09:58:44'),(794,475,'ro','Sângeorz-Băi','2026-05-15 09:58:44','2026-05-15 09:58:44'),(795,476,'ro','Scornicești','2026-05-15 09:58:44','2026-05-15 09:58:44'),(796,477,'ro','Săcueni','2026-05-15 09:58:44','2026-05-15 09:58:44'),(797,478,'ro','Sânnicolau Mare','2026-05-15 09:58:44','2026-05-15 09:58:44'),(798,479,'ro','Flămânzi','2026-05-15 09:58:44','2026-05-15 09:58:44'),(799,480,'ro','Târgu Ocna','2026-05-15 09:58:44','2026-05-15 09:58:44'),(800,481,'ro','Hârlău','2026-05-15 09:58:44','2026-05-15 09:58:44'),(801,482,'ro','Dăbuleni','2026-05-15 09:58:44','2026-05-15 09:58:44'),(802,483,'ro','Boldești-Scăeni','2026-05-15 09:58:44','2026-05-15 09:58:44'),(803,484,'ro','Rovinari','2026-05-15 09:58:44','2026-05-15 09:58:44'),(804,485,'ro','Năsăud','2026-05-15 09:58:44','2026-05-15 09:58:44'),(805,486,'ro','Jimbolia','2026-05-15 09:58:44','2026-05-15 09:58:44'),(806,487,'ro','Urlați','2026-05-15 09:58:44','2026-05-15 09:58:44'),(807,488,'ro','Videle','2026-05-15 09:58:44','2026-05-15 09:58:44'),(808,489,'ro','Călan','2026-05-15 09:58:44','2026-05-15 09:58:44'),(809,490,'ro','Lipova','2026-05-15 09:58:44','2026-05-15 09:58:44'),(810,491,'ro','Beiuș','2026-05-15 09:58:44','2026-05-15 09:58:44'),(811,492,'ro','Drăgănești-Olt','2026-05-15 09:58:44','2026-05-15 09:58:44'),(812,493,'ro','Sovata','2026-05-15 09:58:44','2026-05-15 09:58:44'),(813,494,'ro','Jibou','2026-05-15 09:58:44','2026-05-15 09:58:44'),(814,495,'ro','Aleșd','2026-05-15 09:58:44','2026-05-15 09:58:44'),(815,496,'ro','Târgu Frumos','2026-05-15 09:58:44','2026-05-15 09:58:44'),(816,497,'ro','Salcea','2026-05-15 09:58:44','2026-05-15 09:58:44'),(817,498,'ro','Nehoiu','2026-05-15 09:58:44','2026-05-15 09:58:44'),(818,499,'ro','Costești','2026-05-15 09:58:44','2026-05-15 09:58:44'),(819,500,'ro','Odobești','2026-05-15 09:58:44','2026-05-15 09:58:44'),(820,501,'ro','Topoloveni','2026-05-15 09:58:44','2026-05-15 09:58:44'),(821,502,'ro','Oravița','2026-05-15 09:58:44','2026-05-15 09:58:44'),(822,503,'ro','Titu','2026-05-15 09:58:44','2026-05-15 09:58:44'),(823,504,'ro','Moldova Nouă','2026-05-15 09:58:44','2026-05-15 09:58:44'),(824,505,'ro','Babadag','2026-05-15 09:58:44','2026-05-15 09:58:44'),(825,506,'ro','Covasna','2026-05-15 09:58:44','2026-05-15 09:58:44'),(826,507,'ro','Murfatlar','2026-05-15 09:58:44','2026-05-15 09:58:44'),(827,508,'ro','Cajvana','2026-05-15 09:58:44','2026-05-15 09:58:44'),(828,509,'ro','Sinaia','2026-05-15 09:58:44','2026-05-15 09:58:44'),(829,510,'ro','Strehaia','2026-05-15 09:58:44','2026-05-15 09:58:44'),(830,511,'ro','Podu Iloaiei','2026-05-15 09:58:44','2026-05-15 09:58:44'),(831,512,'ro','Ianca','2026-05-15 09:58:44','2026-05-15 09:58:44'),(832,513,'ro','Valea lui Mihai','2026-05-15 09:58:44','2026-05-15 09:58:44'),(833,514,'ro','Liteni','2026-05-15 09:58:44','2026-05-15 09:58:44'),(834,515,'ro','Ineu','2026-05-15 09:58:44','2026-05-15 09:58:44'),(835,516,'ro','Cristuru Secuiesc','2026-05-15 09:58:44','2026-05-15 09:58:44'),(836,517,'ro','Hațeg','2026-05-15 09:58:44','2026-05-15 09:58:44'),(837,518,'ro','Hârșova','2026-05-15 09:58:44','2026-05-15 09:58:44'),(838,519,'ro','Eforie','2026-05-15 09:58:44','2026-05-15 09:58:44'),(839,520,'ro','Orșova','2026-05-15 09:58:44','2026-05-15 09:58:44'),(840,521,'ro','Oțelu Roșu','2026-05-15 09:58:44','2026-05-15 09:58:44'),(841,522,'ro','Iernut','2026-05-15 09:58:44','2026-05-15 09:58:44'),(842,523,'ro','Tăuții-Măgherăuș','2026-05-15 09:58:44','2026-05-15 09:58:44'),(843,524,'ro','Bușteni','2026-05-15 09:58:44','2026-05-15 09:58:44'),(844,525,'ro','Recaș','2026-05-15 09:58:44','2026-05-15 09:58:44'),(845,526,'ro','Întorsura Buzăului','2026-05-15 09:58:44','2026-05-15 09:58:44'),(846,527,'ro','Seini','2026-05-15 09:58:44','2026-05-15 09:58:44'),(847,528,'ro','Roznov','2026-05-15 09:58:44','2026-05-15 09:58:44'),(848,529,'ro','Huedin','2026-05-15 09:58:44','2026-05-15 09:58:44'),(849,530,'ro','Techirghiol','2026-05-15 09:58:44','2026-05-15 09:58:44'),(850,531,'ro','Tășnad','2026-05-15 09:58:44','2026-05-15 09:58:44'),(851,532,'ro','Mihăilești','2026-05-15 09:58:44','2026-05-15 09:58:44'),(852,533,'ro','Baraolt','2026-05-15 09:58:44','2026-05-15 09:58:44'),(853,534,'ro','Șomcuta Mare','2026-05-15 09:58:44','2026-05-15 09:58:44'),(854,535,'ro','Bumbești-Jiu','2026-05-15 09:58:44','2026-05-15 09:58:44'),(855,536,'ro','Târgu Cărbunești','2026-05-15 09:58:44','2026-05-15 09:58:44'),(856,537,'ro','Băbeni','2026-05-15 09:58:44','2026-05-15 09:58:44'),(857,538,'ro','Agnita','2026-05-15 09:58:44','2026-05-15 09:58:44'),(858,539,'ro','Negrești','2026-05-15 09:58:44','2026-05-15 09:58:44'),(859,540,'ro','Segarcea','2026-05-15 09:58:44','2026-05-15 09:58:44'),(860,541,'ro','Călimănești','2026-05-15 09:58:44','2026-05-15 09:58:44'),(861,542,'ro','Curtici','2026-05-15 09:58:44','2026-05-15 09:58:44'),(862,543,'ro','Măcin','2026-05-15 09:58:44','2026-05-15 09:58:44'),(863,544,'ro','Chișineu-Criș','2026-05-15 09:58:44','2026-05-15 09:58:44'),(864,545,'ro','Ghimbav','2026-05-15 09:58:44','2026-05-15 09:58:44'),(865,546,'ro','Budești','2026-05-15 09:58:44','2026-05-15 09:58:44'),(866,547,'ro','Ulmeni','2026-05-15 09:58:44','2026-05-15 09:58:44'),(867,548,'ro','Ungheni','2026-05-15 09:58:44','2026-05-15 09:58:44'),(868,549,'ro','Panciu','2026-05-15 09:58:44','2026-05-15 09:58:44'),(869,550,'ro','Turceni','2026-05-15 09:58:44','2026-05-15 09:58:44'),(870,551,'ro','Murgeni','2026-05-15 09:58:44','2026-05-15 09:58:44'),(871,552,'ro','Buziaș','2026-05-15 09:58:44','2026-05-15 09:58:44'),(872,553,'ro','Amara','2026-05-15 09:58:44','2026-05-15 09:58:44'),(873,554,'ro','Pâncota','2026-05-15 09:58:44','2026-05-15 09:58:44'),(874,555,'ro','Fundulea','2026-05-15 09:58:44','2026-05-15 09:58:44'),(875,556,'ro','Nădlac','2026-05-15 09:58:44','2026-05-15 09:58:44'),(876,557,'ro','Tălmaciu','2026-05-15 09:58:44','2026-05-15 09:58:44'),(877,558,'ro','Plopeni','2026-05-15 09:58:44','2026-05-15 09:58:44'),(878,559,'ro','Siret','2026-05-15 09:58:44','2026-05-15 09:58:44'),(879,560,'ro','Uricani','2026-05-15 09:58:44','2026-05-15 09:58:44'),(880,561,'ro','Zlatna','2026-05-15 09:58:44','2026-05-15 09:58:44'),(881,562,'ro','Făget','2026-05-15 09:58:44','2026-05-15 09:58:44'),(882,563,'ro','Câmpeni','2026-05-15 09:58:44','2026-05-15 09:58:44'),(883,564,'ro','Vlăhița','2026-05-15 09:58:44','2026-05-15 09:58:44'),(884,565,'ro','Horezu','2026-05-15 09:58:44','2026-05-15 09:58:44'),(885,566,'ro','Săveni','2026-05-15 09:58:44','2026-05-15 09:58:44'),(886,567,'ro','Victoria','2026-05-15 09:58:44','2026-05-15 09:58:44'),(887,568,'ro','Pogoanele','2026-05-15 09:58:44','2026-05-15 09:58:44'),(888,569,'ro','Fieni','2026-05-15 09:58:44','2026-05-15 09:58:44'),(889,570,'ro','Cehu Silvaniei','2026-05-15 09:58:44','2026-05-15 09:58:44'),(890,571,'ro','Tismana','2026-05-15 09:58:44','2026-05-15 09:58:44'),(891,572,'ro','Teiuș','2026-05-15 09:58:44','2026-05-15 09:58:44'),(892,573,'ro','Răcari','2026-05-15 09:58:44','2026-05-15 09:58:44'),(893,574,'ro','Pătârlagele','2026-05-15 09:58:44','2026-05-15 09:58:44'),(894,575,'ro','Dumbrăveni','2026-05-15 09:58:44','2026-05-15 09:58:44'),(895,576,'ro','Sărmașu','2026-05-15 09:58:44','2026-05-15 09:58:44'),(896,577,'ro','Ardud','2026-05-15 09:58:44','2026-05-15 09:58:44'),(897,578,'ro','Bicaz','2026-05-15 09:58:44','2026-05-15 09:58:44'),(898,579,'ro','Piatra-Olt','2026-05-15 09:58:44','2026-05-15 09:58:44'),(899,580,'ro','Lehliu Gară','2026-05-15 09:58:44','2026-05-15 09:58:44'),(900,581,'ro','Târgu Bujor','2026-05-15 09:58:44','2026-05-15 09:58:44'),(901,582,'ro','Livada','2026-05-15 09:58:44','2026-05-15 09:58:44'),(902,583,'ro','Însurăței','2026-05-15 09:58:44','2026-05-15 09:58:44'),(903,584,'ro','Frasin','2026-05-15 09:58:44','2026-05-15 09:58:44'),(904,585,'ro','Săliște','2026-05-15 09:58:44','2026-05-15 09:58:44'),(905,586,'ro','Brezoi','2026-05-15 09:58:44','2026-05-15 09:58:44'),(906,587,'ro','Deta','2026-05-15 09:58:44','2026-05-15 09:58:44'),(907,588,'ro','Anina','2026-05-15 09:58:44','2026-05-15 09:58:44'),(908,589,'ro','Gătaia','2026-05-15 09:58:44','2026-05-15 09:58:44'),(909,590,'ro','Ciacova','2026-05-15 09:58:44','2026-05-15 09:58:44'),(910,591,'ro','Bălan','2026-05-15 09:58:44','2026-05-15 09:58:44'),(911,592,'ro','Miercurea Nirajului','2026-05-15 09:58:44','2026-05-15 09:58:44'),(912,593,'ro','Sebiș','2026-05-15 09:58:44','2026-05-15 09:58:44'),(913,594,'ro','Ștei','2026-05-15 09:58:44','2026-05-15 09:58:44'),(914,595,'ro','Novaci','2026-05-15 09:58:44','2026-05-15 09:58:44'),(915,596,'ro','Potcoava','2026-05-15 09:58:44','2026-05-15 09:58:44'),(916,597,'ro','Broșteni','2026-05-15 09:58:44','2026-05-15 09:58:44'),(917,598,'ro','Geoagiu','2026-05-15 09:58:44','2026-05-15 09:58:44'),(918,599,'ro','Vânju Mare','2026-05-15 09:58:44','2026-05-15 09:58:44'),(920,601,'ro','Rupea','2026-05-15 09:58:44','2026-05-15 09:58:44'),(921,602,'ro','Sângeorgiu de Pădure','2026-05-15 09:58:44','2026-05-15 09:58:44'),(922,603,'ro','Săliștea de Sus','2026-05-15 09:58:44','2026-05-15 09:58:44'),(923,604,'ro','Slănic','2026-05-15 09:58:44','2026-05-15 09:58:44'),(924,605,'ro','Milișăuți','2026-05-15 09:58:44','2026-05-15 09:58:44'),(925,606,'ro','Fierbinți-Târg','2026-05-15 09:58:44','2026-05-15 09:58:44'),(926,607,'ro','Negru Vodă','2026-05-15 09:58:44','2026-05-15 09:58:44'),(927,608,'ro','Copșa Mică','2026-05-15 09:58:44','2026-05-15 09:58:44'),(928,609,'ro','Baia de Aramă','2026-05-15 09:58:44','2026-05-15 09:58:44'),(929,610,'ro','Isaccea','2026-05-15 09:58:44','2026-05-15 09:58:44'),(930,611,'ro','Abrud','2026-05-15 09:58:44','2026-05-15 09:58:44'),(931,612,'ro','Bechet','2026-05-15 09:58:44','2026-05-15 09:58:44'),(932,613,'ro','Cavnic','2026-05-15 09:58:44','2026-05-15 09:58:44'),(933,614,'ro','Bălcești','2026-05-15 09:58:44','2026-05-15 09:58:44'),(934,615,'ro','Berbești','2026-05-15 09:58:44','2026-05-15 09:58:44'),(935,616,'ro','Bucecea','2026-05-15 09:58:44','2026-05-15 09:58:44'),(936,617,'ro','Predeal','2026-05-15 09:58:44','2026-05-15 09:58:44'),(937,618,'ro','Slănic Moldova','2026-05-15 09:58:44','2026-05-15 09:58:44'),(938,619,'ro','Țicleni','2026-05-15 09:58:44','2026-05-15 09:58:44'),(939,620,'ro','Azuga','2026-05-15 09:58:44','2026-05-15 09:58:44'),(940,621,'ro','Băile Herculane','2026-05-15 09:58:44','2026-05-15 09:58:44'),(941,622,'ro','Băile Olănești','2026-05-15 09:58:44','2026-05-15 09:58:44'),(942,623,'ro','Miercurea Sibiului','2026-05-15 09:58:44','2026-05-15 09:58:44'),(943,624,'ro','Ocna Sibiului','2026-05-15 09:58:44','2026-05-15 09:58:44'),(944,625,'ro','Aninoasa','2026-05-15 09:58:44','2026-05-15 09:58:44'),(945,626,'ro','Dragomirești','2026-05-15 09:58:44','2026-05-15 09:58:44'),(946,627,'ro','Ocnele Mari','2026-05-15 09:58:44','2026-05-15 09:58:44'),(947,628,'ro','Sulina','2026-05-15 09:58:44','2026-05-15 09:58:44'),(948,629,'ro','Baia de Arieș','2026-05-15 09:58:44','2026-05-15 09:58:44'),(949,630,'ro','Făurei','2026-05-15 09:58:44','2026-05-15 09:58:44'),(950,631,'ro','Căzănești','2026-05-15 09:58:44','2026-05-15 09:58:44'),(951,632,'ro','Berești','2026-05-15 09:58:44','2026-05-15 09:58:44'),(952,633,'ro','Solca','2026-05-15 09:58:44','2026-05-15 09:58:44'),(953,634,'ro','Borsec','2026-05-15 09:58:44','2026-05-15 09:58:44'),(954,635,'ro','Băile Govora','2026-05-15 09:58:44','2026-05-15 09:58:44'),(955,636,'ro','Vașcău','2026-05-15 09:58:44','2026-05-15 09:58:44'),(956,637,'ro','Nucet','2026-05-15 09:58:44','2026-05-15 09:58:44'),(957,638,'ro','Băile Tușnad','2026-05-15 09:58:44','2026-05-15 09:58:44'),(1582,855,'en','Roșiori de Vede','2026-05-17 14:49:58','2026-05-17 14:49:58'),(1583,855,'ro','Roșiori de Vede','2026-05-17 14:49:58','2026-05-17 14:49:58'),(1650,889,'en','Rosu','2026-05-17 19:01:49','2026-05-17 19:01:49'),(1651,889,'ro','Rosu','2026-05-17 19:01:49','2026-05-17 19:01:49'),(1652,890,'en','Chiajna','2026-05-17 19:26:29','2026-05-17 19:26:29'),(1653,890,'ro','Chiajna','2026-05-17 19:26:29','2026-05-17 19:26:29');

--
-- Table structure for table `contact_messages`
--

CREATE TABLE `contact_messages` (
  `id` bigint(20) unsigned NOT NULL AUTO_INCREMENT,
  `name` varchar(255) NOT NULL,
  `email` varchar(255) NOT NULL,
  `phone` varchar(255) DEFAULT NULL,
  `subject` varchar(255) NOT NULL,
  `message` text NOT NULL,
  `created_at` timestamp NULL DEFAULT NULL,
  `updated_at` timestamp NULL DEFAULT NULL,
  PRIMARY KEY (`id`)
) ENGINE=InnoDB DEFAULT CHARSET=utf8mb4 COLLATE=utf8mb4_unicode_ci;

--
-- Dumping data for table `contact_messages`
--


--
-- Table structure for table `contact_us`
--

CREATE TABLE `contact_us` (
  `id` bigint(20) unsigned NOT NULL AUTO_INCREMENT,
  `phone` text DEFAULT NULL,
  `email` text DEFAULT NULL,
  `phone2` varchar(255) DEFAULT NULL,
  `email2` varchar(255) DEFAULT NULL,
  `map_code` text DEFAULT NULL,
  `created_at` timestamp NULL DEFAULT NULL,
  `updated_at` timestamp NULL DEFAULT NULL,
  PRIMARY KEY (`id`)
) ENGINE=InnoDB AUTO_INCREMENT=2 DEFAULT CHARSET=utf8mb4 COLLATE=utf8mb4_unicode_ci;

--
-- Dumping data for table `contact_us`
--

INSERT INTO `contact_us` VALUES (1,'+88 234 567 8991','abdur.rohman2003@gmail.com','+88 234 567 8992','infoyour@gmail.com','https://www.google.com/maps/embed?pb=!1m14!1m12!1m3!1d14599.579502735794!2d90.36542960000001!3d23.82233695!2m3!1f0!2f0!3f0!3m2!1i1024!2i768!4f13.1!5e0!3m2!1sen!2sbd!4v1701237009812!5m2!1sen!2sbd',NULL,'2024-03-30 23:26:32');

--
-- Table structure for table `contact_us_translations`
--

CREATE TABLE `contact_us_translations` (
  `id` bigint(20) unsigned NOT NULL AUTO_INCREMENT,
  `contact_us_id` int(11) NOT NULL,
  `lang_code` varchar(255) NOT NULL,
  `address` text NOT NULL,
  `title` text NOT NULL,
  `description` text NOT NULL,
  `contact_description` text DEFAULT NULL,
  `created_at` timestamp NULL DEFAULT NULL,
  `updated_at` timestamp NULL DEFAULT NULL,
  PRIMARY KEY (`id`)
) ENGINE=InnoDB AUTO_INCREMENT=26 DEFAULT CHARSET=utf8mb4 COLLATE=utf8mb4_unicode_ci;

--
-- Dumping data for table `contact_us_translations`
--

INSERT INTO `contact_us_translations` VALUES (1,1,'en','4517 Washington Ave. 32 King Street, Melbourne Manchester, Road USA','Get in Touch','Award-winning, family owned dealership of new and pre-owned Aadfirst with several locations across the city.','Contrary to popular belief Lorem Ipsum is not simply random text.It has roots in a piece of classical Latin literature','2024-01-28 09:47:29','2024-04-04 21:17:52'),(25,1,'ro','4517 Washington Ave. 32 King Street, Melbourne Manchester, Road USA','Contactează-ne','Companie premiată, de familie, cu mai multe locații în oraș.','Contrary to popular belief Lorem Ipsum is not simply random text.It has roots in a piece of classical Latin literature','2026-05-15 10:14:43','2026-05-15 10:36:06');

--
-- Table structure for table `conversation_security_settings`
--

CREATE TABLE `conversation_security_settings` (
  `id` bigint(20) unsigned NOT NULL AUTO_INCREMENT,
  `status` tinyint(1) NOT NULL DEFAULT 1,
  `blacklist_words` text DEFAULT NULL,
  `hide_all_domains` tinyint(1) NOT NULL DEFAULT 0,
  `hidden_domains` text DEFAULT NULL,
  `block_all_urls` tinyint(1) NOT NULL DEFAULT 1,
  `block_emails` tinyint(1) NOT NULL DEFAULT 1,
  `block_phones` tinyint(1) NOT NULL DEFAULT 1,
  `filter_on_send` tinyint(1) NOT NULL DEFAULT 1,
  `max_message_length` smallint(5) unsigned NOT NULL DEFAULT 5000,
  `created_at` timestamp NULL DEFAULT NULL,
  `updated_at` timestamp NULL DEFAULT NULL,
  PRIMARY KEY (`id`)
) ENGINE=InnoDB AUTO_INCREMENT=2 DEFAULT CHARSET=utf8mb4 COLLATE=utf8mb4_unicode_ci;

--
-- Dumping data for table `conversation_security_settings`
--

INSERT INTO `conversation_security_settings` VALUES (1,1,'muie,cacat,zdreanta,jeg,jegos,zloboz,sloboz,curva,pis,pish',1,NULL,1,1,1,1,500,'2026-05-18 22:35:52','2026-05-18 22:49:51');

--
-- Table structure for table `cookie_consents`
--

CREATE TABLE `cookie_consents` (
  `id` bigint(20) unsigned NOT NULL AUTO_INCREMENT,
  `status` int(11) NOT NULL DEFAULT 1,
  `message` text DEFAULT NULL,
  `created_at` timestamp NULL DEFAULT NULL,
  `updated_at` timestamp NULL DEFAULT NULL,
  PRIMARY KEY (`id`)
) ENGINE=InnoDB AUTO_INCREMENT=2 DEFAULT CHARSET=utf8mb4 COLLATE=utf8mb4_unicode_ci;

--
-- Dumping data for table `cookie_consents`
--

INSERT INTO `cookie_consents` VALUES (1,1,'Lorem Ipsum is simply dummy text of the printing and typesetting industry. Lorem Ipsum has been the industry\'s standard dummy text ever since the when an unknown printer took.',NULL,'2024-01-24 02:54:02');

--
-- Table structure for table `cookie_policies`
--

CREATE TABLE `cookie_policies` (
  `id` bigint(20) unsigned NOT NULL AUTO_INCREMENT,
  `lang_code` varchar(255) NOT NULL,
  `description` longtext NOT NULL,
  `created_at` timestamp NULL DEFAULT NULL,
  `updated_at` timestamp NULL DEFAULT NULL,
  PRIMARY KEY (`id`)
) ENGINE=InnoDB AUTO_INCREMENT=3 DEFAULT CHARSET=utf8mb4 COLLATE=utf8mb4_unicode_ci;

--
-- Dumping data for table `cookie_policies`
--

INSERT INTO `cookie_policies` VALUES (1,'en','<h3>01. What are cookies</h3><p>Cookies are small text files stored on your device when you visit our website. They help us provide core functionality, remember preferences, and understand how the site is used.</p><h3>02. Types of cookies we use</h3><p>We may use strictly necessary cookies, functional cookies, analytics cookies, and marketing cookies where applicable. You can update your preferences at any time.</p><h3>03. How to manage cookies</h3><p>You can control cookies through your browser settings. Disabling some cookies may affect certain features of the website.</p>','2026-05-18 07:29:15','2026-05-18 07:29:15'),(2,'ro','<h3>01. Ce sunt cookie-urile</h3><p>Cookie-urile sunt fișiere text de mici dimensiuni stocate pe dispozitivul dvs. când vizitați site-ul nostru. Ne ajută să oferim funcționalități esențiale, să reținem preferințele și să înțelegem modul în care este utilizat site-ul.</p><h3>02. Tipuri de cookie-uri utilizate</h3><p>Putem utiliza cookie-uri strict necesare, funcționale, de analiză și de marketing, după caz. Puteți actualiza preferințele oricând.</p><h3>03. Cum gestionați cookie-urile</h3><p>Puteți controla cookie-urile din setările browserului. Dezactivarea anumitor cookie-uri poate afecta unele funcții ale site-ului.</p>','2026-05-18 07:29:15','2026-05-18 07:29:15');

--
-- Table structure for table `counties`
--

CREATE TABLE `counties` (
  `id` bigint(20) unsigned NOT NULL AUTO_INCREMENT,
  `country_id` int(11) NOT NULL DEFAULT 0,
  `created_at` timestamp NULL DEFAULT NULL,
  `updated_at` timestamp NULL DEFAULT NULL,
  PRIMARY KEY (`id`)
) ENGINE=InnoDB AUTO_INCREMENT=43 DEFAULT CHARSET=utf8mb4 COLLATE=utf8mb4_unicode_ci;

--
-- Dumping data for table `counties`
--

INSERT INTO `counties` VALUES (1,1,'2026-05-17 14:49:55','2026-05-17 15:19:34'),(2,1,'2026-05-17 14:49:55','2026-05-17 15:19:34'),(3,1,'2026-05-17 14:49:55','2026-05-17 15:19:34'),(4,1,'2026-05-17 14:49:55','2026-05-17 15:19:34'),(5,1,'2026-05-17 14:49:55','2026-05-17 15:19:34'),(6,1,'2026-05-17 14:49:55','2026-05-17 15:19:34'),(7,1,'2026-05-17 14:49:55','2026-05-17 15:19:34'),(8,1,'2026-05-17 14:49:55','2026-05-17 15:19:34'),(9,1,'2026-05-17 14:49:56','2026-05-17 15:19:34'),(10,1,'2026-05-17 14:49:56','2026-05-17 15:19:34'),(11,1,'2026-05-17 14:49:56','2026-05-17 15:19:34'),(12,1,'2026-05-17 14:49:56','2026-05-17 15:19:34'),(13,1,'2026-05-17 14:49:56','2026-05-17 15:19:34'),(14,1,'2026-05-17 14:49:56','2026-05-17 15:19:34'),(15,1,'2026-05-17 14:49:56','2026-05-17 15:19:34'),(16,1,'2026-05-17 14:49:56','2026-05-17 15:19:34'),(17,1,'2026-05-17 14:49:56','2026-05-17 15:19:34'),(18,1,'2026-05-17 14:49:56','2026-05-17 15:19:34'),(19,1,'2026-05-17 14:49:56','2026-05-17 15:19:34'),(20,1,'2026-05-17 14:49:57','2026-05-17 15:19:34'),(21,1,'2026-05-17 14:49:57','2026-05-17 15:19:34'),(22,1,'2026-05-17 14:49:57','2026-05-17 15:19:34'),(23,1,'2026-05-17 14:49:57','2026-05-17 15:19:34'),(24,1,'2026-05-17 14:49:57','2026-05-17 15:19:34'),(25,1,'2026-05-17 14:49:57','2026-05-17 15:19:34'),(26,1,'2026-05-17 14:49:57','2026-05-17 15:19:34'),(27,1,'2026-05-17 14:49:57','2026-05-17 15:19:34'),(28,1,'2026-05-17 14:49:57','2026-05-17 15:19:34'),(29,1,'2026-05-17 14:49:58','2026-05-17 15:19:34'),(30,1,'2026-05-17 14:49:58','2026-05-17 15:19:34'),(31,1,'2026-05-17 14:49:58','2026-05-17 15:19:34'),(32,1,'2026-05-17 14:49:58','2026-05-17 15:19:34'),(33,1,'2026-05-17 14:49:58','2026-05-17 15:19:34'),(34,1,'2026-05-17 14:49:58','2026-05-17 15:19:34'),(35,1,'2026-05-17 14:49:58','2026-05-17 15:19:34'),(36,1,'2026-05-17 14:49:58','2026-05-17 15:19:34'),(37,1,'2026-05-17 14:49:58','2026-05-17 15:19:34'),(38,1,'2026-05-17 14:49:58','2026-05-17 15:19:34'),(39,1,'2026-05-17 14:49:59','2026-05-17 15:19:34'),(40,1,'2026-05-17 14:49:59','2026-05-17 15:19:34'),(41,1,'2026-05-17 14:49:59','2026-05-17 15:19:34'),(42,1,'2026-05-17 14:49:59','2026-05-17 15:19:34');

--
-- Table structure for table `countries`
--

CREATE TABLE `countries` (
  `id` bigint(20) unsigned NOT NULL AUTO_INCREMENT,
  `name` varchar(255) NOT NULL,
  `code` varchar(255) DEFAULT NULL,
  `created_at` timestamp NULL DEFAULT NULL,
  `updated_at` timestamp NULL DEFAULT NULL,
  PRIMARY KEY (`id`)
) ENGINE=InnoDB AUTO_INCREMENT=3 DEFAULT CHARSET=utf8mb4 COLLATE=utf8mb4_unicode_ci;

--
-- Dumping data for table `countries`
--

INSERT INTO `countries` VALUES (1,'România','RO','2026-05-15 19:28:41','2026-05-17 15:19:34');

--
-- Table structure for table `county_translations`
--

CREATE TABLE `county_translations` (
  `id` bigint(20) unsigned NOT NULL AUTO_INCREMENT,
  `county_id` int(11) NOT NULL,
  `lang_code` varchar(255) NOT NULL,
  `name` varchar(255) NOT NULL,
  `created_at` timestamp NULL DEFAULT NULL,
  `updated_at` timestamp NULL DEFAULT NULL,
  PRIMARY KEY (`id`)
) ENGINE=InnoDB AUTO_INCREMENT=85 DEFAULT CHARSET=utf8mb4 COLLATE=utf8mb4_unicode_ci;

--
-- Dumping data for table `county_translations`
--

INSERT INTO `county_translations` VALUES (1,1,'en','Alba','2026-05-17 14:49:55','2026-05-17 14:49:55'),(2,1,'ro','Alba','2026-05-17 14:49:55','2026-05-17 14:49:55'),(3,2,'en','Arad','2026-05-17 14:49:55','2026-05-17 14:49:55'),(4,2,'ro','Arad','2026-05-17 14:49:55','2026-05-17 14:49:55'),(5,3,'en','Argeș','2026-05-17 14:49:55','2026-05-17 14:49:55'),(6,3,'ro','Argeș','2026-05-17 14:49:55','2026-05-17 14:49:55'),(7,4,'en','Bacău','2026-05-17 14:49:55','2026-05-17 14:49:55'),(8,4,'ro','Bacău','2026-05-17 14:49:55','2026-05-17 14:49:55'),(9,5,'en','Bihor','2026-05-17 14:49:55','2026-05-17 14:49:55'),(10,5,'ro','Bihor','2026-05-17 14:49:55','2026-05-17 14:49:55'),(11,6,'en','Bistrița-Năsăud','2026-05-17 14:49:55','2026-05-17 14:49:55'),(12,6,'ro','Bistrița-Năsăud','2026-05-17 14:49:55','2026-05-17 14:49:55'),(13,7,'en','Botoșani','2026-05-17 14:49:55','2026-05-17 14:49:55'),(14,7,'ro','Botoșani','2026-05-17 14:49:55','2026-05-17 14:49:55'),(15,8,'en','Brașov','2026-05-17 14:49:55','2026-05-17 14:49:55'),(16,8,'ro','Brașov','2026-05-17 14:49:55','2026-05-17 14:49:55'),(17,9,'en','Brăila','2026-05-17 14:49:56','2026-05-17 14:49:56'),(18,9,'ro','Brăila','2026-05-17 14:49:56','2026-05-17 14:49:56'),(19,10,'en','București','2026-05-17 14:49:56','2026-05-17 14:49:56'),(20,10,'ro','București','2026-05-17 14:49:56','2026-05-17 14:49:56'),(21,11,'en','Buzău','2026-05-17 14:49:56','2026-05-17 14:49:56'),(22,11,'ro','Buzău','2026-05-17 14:49:56','2026-05-17 14:49:56'),(23,12,'en','Călărași','2026-05-17 14:49:56','2026-05-17 14:49:56'),(24,12,'ro','Călărași','2026-05-17 14:49:56','2026-05-17 14:49:56'),(25,13,'en','Caraș-Severin','2026-05-17 14:49:56','2026-05-17 14:49:56'),(26,13,'ro','Caraș-Severin','2026-05-17 14:49:56','2026-05-17 14:49:56'),(27,14,'en','Cluj','2026-05-17 14:49:56','2026-05-17 14:49:56'),(28,14,'ro','Cluj','2026-05-17 14:49:56','2026-05-17 14:49:56'),(29,15,'en','Constanța','2026-05-17 14:49:56','2026-05-17 14:49:56'),(30,15,'ro','Constanța','2026-05-17 14:49:56','2026-05-17 14:49:56'),(31,16,'en','Covasna','2026-05-17 14:49:56','2026-05-17 14:49:56'),(32,16,'ro','Covasna','2026-05-17 14:49:56','2026-05-17 14:49:56'),(33,17,'en','Dâmbovița','2026-05-17 14:49:56','2026-05-17 14:49:56'),(34,17,'ro','Dâmbovița','2026-05-17 14:49:56','2026-05-17 14:49:56'),(35,18,'en','Dolj','2026-05-17 14:49:56','2026-05-17 14:49:56'),(36,18,'ro','Dolj','2026-05-17 14:49:56','2026-05-17 14:49:56'),(37,19,'en','Galați','2026-05-17 14:49:56','2026-05-17 14:49:56'),(38,19,'ro','Galați','2026-05-17 14:49:56','2026-05-17 14:49:56'),(39,20,'en','Giurgiu','2026-05-17 14:49:57','2026-05-17 14:49:57'),(40,20,'ro','Giurgiu','2026-05-17 14:49:57','2026-05-17 14:49:57'),(41,21,'en','Gorj','2026-05-17 14:49:57','2026-05-17 14:49:57'),(42,21,'ro','Gorj','2026-05-17 14:49:57','2026-05-17 14:49:57'),(43,22,'en','Harghita','2026-05-17 14:49:57','2026-05-17 14:49:57'),(44,22,'ro','Harghita','2026-05-17 14:49:57','2026-05-17 14:49:57'),(45,23,'en','Hunedoara','2026-05-17 14:49:57','2026-05-17 14:49:57'),(46,23,'ro','Hunedoara','2026-05-17 14:49:57','2026-05-17 14:49:57'),(47,24,'en','Ialomița','2026-05-17 14:49:57','2026-05-17 14:49:57'),(48,24,'ro','Ialomița','2026-05-17 14:49:57','2026-05-17 14:49:57'),(49,25,'en','Iași','2026-05-17 14:49:57','2026-05-17 14:49:57'),(50,25,'ro','Iași','2026-05-17 14:49:57','2026-05-17 14:49:57'),(51,26,'en','Ilfov','2026-05-17 14:49:57','2026-05-17 14:49:57'),(52,26,'ro','Ilfov','2026-05-17 14:49:57','2026-05-17 14:49:57'),(53,27,'en','Maramureș','2026-05-17 14:49:57','2026-05-17 14:49:57'),(54,27,'ro','Maramureș','2026-05-17 14:49:57','2026-05-17 14:49:57'),(55,28,'en','Mehedinți','2026-05-17 14:49:57','2026-05-17 14:49:57'),(56,28,'ro','Mehedinți','2026-05-17 14:49:57','2026-05-17 14:49:57'),(57,29,'en','Mureș','2026-05-17 14:49:58','2026-05-17 14:49:58'),(58,29,'ro','Mureș','2026-05-17 14:49:58','2026-05-17 14:49:58'),(59,30,'en','Neamț','2026-05-17 14:49:58','2026-05-17 14:49:58'),(60,30,'ro','Neamț','2026-05-17 14:49:58','2026-05-17 14:49:58'),(61,31,'en','Olt','2026-05-17 14:49:58','2026-05-17 14:49:58'),(62,31,'ro','Olt','2026-05-17 14:49:58','2026-05-17 14:49:58'),(63,32,'en','Prahova','2026-05-17 14:49:58','2026-05-17 14:49:58'),(64,32,'ro','Prahova','2026-05-17 14:49:58','2026-05-17 14:49:58'),(65,33,'en','Sălaj','2026-05-17 14:49:58','2026-05-17 14:49:58'),(66,33,'ro','Sălaj','2026-05-17 14:49:58','2026-05-17 14:49:58'),(67,34,'en','Satu Mare','2026-05-17 14:49:58','2026-05-17 14:49:58'),(68,34,'ro','Satu Mare','2026-05-17 14:49:58','2026-05-17 14:49:58'),(69,35,'en','Sibiu','2026-05-17 14:49:58','2026-05-17 14:49:58'),(70,35,'ro','Sibiu','2026-05-17 14:49:58','2026-05-17 14:49:58'),(71,36,'en','Suceava','2026-05-17 14:49:58','2026-05-17 14:49:58'),(72,36,'ro','Suceava','2026-05-17 14:49:58','2026-05-17 14:49:58'),(73,37,'en','Teleorman','2026-05-17 14:49:58','2026-05-17 14:49:58'),(74,37,'ro','Teleorman','2026-05-17 14:49:58','2026-05-17 14:49:58'),(75,38,'en','Timiș','2026-05-17 14:49:58','2026-05-17 14:49:58'),(76,38,'ro','Timiș','2026-05-17 14:49:58','2026-05-17 14:49:58'),(77,39,'en','Tulcea','2026-05-17 14:49:59','2026-05-17 14:49:59'),(78,39,'ro','Tulcea','2026-05-17 14:49:59','2026-05-17 14:49:59'),(79,40,'en','Vaslui','2026-05-17 14:49:59','2026-05-17 14:49:59'),(80,40,'ro','Vaslui','2026-05-17 14:49:59','2026-05-17 14:49:59'),(81,41,'en','Vâlcea','2026-05-17 14:49:59','2026-05-17 14:49:59'),(82,41,'ro','Vâlcea','2026-05-17 14:49:59','2026-05-17 14:49:59'),(83,42,'en','Vrancea','2026-05-17 14:49:59','2026-05-17 14:49:59'),(84,42,'ro','Vrancea','2026-05-17 14:49:59','2026-05-17 14:49:59');

--
-- Table structure for table `custom_page_translations`
--

CREATE TABLE `custom_page_translations` (
  `id` bigint(20) unsigned NOT NULL AUTO_INCREMENT,
  `custom_page_id` int(11) NOT NULL,
  `lang_code` varchar(255) NOT NULL,
  `page_name` varchar(255) NOT NULL,
  `description` longtext NOT NULL,
  `created_at` timestamp NULL DEFAULT NULL,
  `updated_at` timestamp NULL DEFAULT NULL,
  PRIMARY KEY (`id`)
) ENGINE=InnoDB AUTO_INCREMENT=3 DEFAULT CHARSET=utf8mb4 COLLATE=utf8mb4_unicode_ci;

--
-- Dumping data for table `custom_page_translations`
--


--
-- Table structure for table `custom_pages`
--

CREATE TABLE `custom_pages` (
  `id` bigint(20) unsigned NOT NULL AUTO_INCREMENT,
  `slug` varchar(255) NOT NULL,
  `status` int(11) NOT NULL DEFAULT 0,
  `created_at` timestamp NULL DEFAULT NULL,
  `updated_at` timestamp NULL DEFAULT NULL,
  PRIMARY KEY (`id`)
) ENGINE=InnoDB AUTO_INCREMENT=2 DEFAULT CHARSET=utf8mb4 COLLATE=utf8mb4_unicode_ci;

--
-- Dumping data for table `custom_pages`
--


--
-- Table structure for table `ecom_banner_translations`
--

CREATE TABLE `ecom_banner_translations` (
  `id` bigint(20) unsigned NOT NULL AUTO_INCREMENT,
  `banner_id` bigint(20) unsigned NOT NULL,
  `lang_code` varchar(255) NOT NULL,
  `sub_title` varchar(255) DEFAULT NULL,
  `title` varchar(255) DEFAULT NULL,
  `description` mediumtext DEFAULT NULL,
  `button_text` varchar(255) DEFAULT NULL,
  `created_at` timestamp NULL DEFAULT NULL,
  `updated_at` timestamp NULL DEFAULT NULL,
  PRIMARY KEY (`id`),
  KEY `ecom_banner_translations_banner_id_foreign` (`banner_id`),
  KEY `ecom_banner_translations_lang_code_index` (`lang_code`),
  CONSTRAINT `ecom_banner_translations_banner_id_foreign` FOREIGN KEY (`banner_id`) REFERENCES `ecom_banners` (`id`) ON DELETE CASCADE
) ENGINE=InnoDB AUTO_INCREMENT=9 DEFAULT CHARSET=utf8mb4 COLLATE=utf8mb4_unicode_ci;

--
-- Dumping data for table `ecom_banner_translations`
--

INSERT INTO `ecom_banner_translations` VALUES (1,1,'en','Get 30% Off !','Couple Fashion','Contrary to popular belief, Lorem Ipsum is not simply random text. It has roots in a piece.','Shop Now','2024-11-21 08:10:03','2024-12-05 04:40:10'),(2,1,'hd','Get 30% Off !','Couple Fashion','Contrary to popular belief, Lorem Ipsum is not simply random text. It has roots in a piece.','Shop Now','2024-11-21 08:10:03','2024-12-05 04:40:10'),(3,2,'en','Latest Bag','Luxury Handbag fashion',NULL,'Shop Now','2024-11-21 08:26:49','2024-12-05 04:40:02'),(4,2,'hd','Latest Bag','Luxury Handbag fashion',NULL,'Shop Now','2024-11-21 08:26:49','2024-12-05 04:40:02'),(5,1,'bn','Get 30% Off !','Couple Fashion','Contrary to popular belief, Lorem Ipsum is not simply random text. It has roots in a piece.','Shop Now','2025-03-20 09:52:31','2025-03-20 09:52:31'),(6,1,'ro','Get 30% Off !','Couple Fashion','Contrary to popular belief, Lorem Ipsum is not simply random text. It has roots in a piece.','Shop Now','2026-05-15 10:14:43','2026-05-15 10:14:43'),(7,2,'ro','Latest Bag','Luxury Handbag fashion',NULL,'Shop Now','2026-05-15 10:14:43','2026-05-15 10:14:43');

--
-- Table structure for table `ecom_banners`
--

CREATE TABLE `ecom_banners` (
  `id` bigint(20) unsigned NOT NULL AUTO_INCREMENT,
  `image` varchar(255) DEFAULT NULL,
  `button_url` varchar(255) DEFAULT NULL,
  `position` varchar(255) NOT NULL DEFAULT 'left',
  `created_at` timestamp NULL DEFAULT NULL,
  `updated_at` timestamp NULL DEFAULT NULL,
  PRIMARY KEY (`id`)
) ENGINE=InnoDB AUTO_INCREMENT=3 DEFAULT CHARSET=utf8mb4 COLLATE=utf8mb4_unicode_ci;

--
-- Dumping data for table `ecom_banners`
--

INSERT INTO `ecom_banners` VALUES (1,'uploads/custom-images/file-name-17424643703805.webp','/ecommerce','left','2024-11-21 08:10:03','2025-03-20 09:52:50'),(2,'uploads/custom-images/slider-2024-12-05-10-40-02-6216.webp','/about-us','right','2024-11-21 08:26:49','2024-12-05 04:40:02');

--
-- Table structure for table `email_deliverability_cache`
--

CREATE TABLE `email_deliverability_cache` (
  `id` bigint(20) unsigned NOT NULL AUTO_INCREMENT,
  `email_key` varchar(64) NOT NULL,
  `email` varchar(255) NOT NULL,
  `is_deliverable` tinyint(1) NOT NULL DEFAULT 0,
  `reason` varchar(255) DEFAULT NULL,
  `check_method` varchar(255) DEFAULT NULL,
  `expires_at` timestamp NULL DEFAULT NULL,
  `created_at` timestamp NULL DEFAULT NULL,
  `updated_at` timestamp NULL DEFAULT NULL,
  PRIMARY KEY (`id`),
  UNIQUE KEY `email_deliverability_cache_email_key_unique` (`email_key`),
  KEY `email_deliverability_cache_expires_at_index` (`expires_at`),
  KEY `email_deliverability_cache_email_index` (`email`)
) ENGINE=InnoDB AUTO_INCREMENT=41 DEFAULT CHARSET=utf8mb4 COLLATE=utf8mb4_unicode_ci;

--
-- Dumping data for table `email_deliverability_cache`
--

INSERT INTO `email_deliverability_cache` VALUES (24,'cc779c04191c2e736d89e45c11339c8382832bcaf70383f7df94e3d08ba7a6d9','test123@gmail.com',1,'mx_found','mx','2026-05-25 09:56:29','2026-05-18 09:56:29','2026-05-18 09:56:29'),(25,'32e19a491662fd86de7d3806b1199b76f0ee44e928d3475f05b0c8a59912c097','xyz@gmail.com',1,'mx_found','mx','2026-05-25 09:56:30','2026-05-18 09:56:30','2026-05-18 09:56:30'),(26,'afc60fafa404866abcb5dc493d068b093fb1b03349005fe93e82f58bf5de2017','dniasb345bhah@gmail.com',0,'suspicious_local','heuristic','2026-05-25 09:56:30','2026-05-18 09:56:30','2026-05-18 09:56:30'),(27,'c47ad0080c11a633429bb9cf5f61addd6d270d287831bdd14e501fe0a79f192f','asdasdasd@gmail.com',1,'mx_found','mx','2026-05-25 09:57:47','2026-05-18 09:57:47','2026-05-18 09:57:47'),(28,'9ea3413958f7dbba1764b2728d965369c369bdab49bc3b60912bee3e17100e78','asdasdaasdasd23232323sd@gmail.com',1,'mx_found','mx','2026-05-25 09:57:50','2026-05-18 09:57:50','2026-05-18 09:57:50'),(29,'0027f41bbd7632115b131cd082efa524aa3f520fde83bc0fef745dbeef318943','vrttq3ye2p@bltiwd.com',0,'suspicious_local','heuristic','2026-05-25 09:58:06','2026-05-18 09:58:06','2026-05-18 09:58:06'),(30,'8bf297fb6a54804aedfd8912acfd71dcd0bd6b5bd7eda6f0712e0c860516a656','vrttq3ye2sp@bltiwd.com',0,'suspicious_local','heuristic','2026-05-25 09:58:13','2026-05-18 09:58:13','2026-05-18 09:58:13'),(31,'3deb533043fc86544bb115e1f1dc34d53d330e2ffd8c93e7d43e6d2cae5b8699','vrttq3ye2sp@gmail.com',0,'suspicious_local','heuristic','2026-05-25 09:58:16','2026-05-18 09:58:16','2026-05-18 09:58:16'),(32,'d43de6e3db7e9e0315454c8a3d4af7c3d8413a5e3a34d52d56e7c96a111d0618','cancel41@gmail.com',1,'mx_found','mx','2026-05-25 09:58:23','2026-05-18 09:58:23','2026-05-18 09:58:23'),(33,'c9a7269250d6afa04a6fd1051fa55ddfc17262e19de6debf79af77f453df9a83','cancel41@yahoo.com',1,'mx_found','mx','2026-05-25 09:58:35','2026-05-18 09:58:33','2026-05-18 09:58:35'),(34,'458cac09f15c971d5b065990fb877340b2ddc124bb51b95aba35ac388db43eb6','cancel41@hotmail.com',1,'mx_found','mx','2026-05-25 09:58:44','2026-05-18 09:58:44','2026-05-18 09:58:44'),(35,'d0398e9627215ece736c2e95aee8d806698d4d8fe584dca1d29cf0153d7e6f96','cancels41@hotmail.com',1,'mx_found','mx','2026-05-25 09:58:49','2026-05-18 09:58:49','2026-05-18 09:58:49'),(36,'bf158c88b211ab06862442bf7318ac39e4d8896d94e8e872589a8ae12ac70a1a','cancasdasdels41@hotmail.com',1,'mx_found','mx','2026-05-25 09:58:52','2026-05-18 09:58:52','2026-05-18 09:58:52'),(37,'2f0bbc2633d8ce7d2d2f41e8017e67171b04f7f0d4b9062c6f292a6df1337a4b','cancasdasdels41@gmail.com',1,'mx_found','mx','2026-05-25 09:58:56','2026-05-18 09:58:56','2026-05-18 09:58:56'),(38,'43312e4028840e7c9fdf969dd4d17de6f38bbe2e49b90c21e10de9da6c5bf20f','justgameromania@gmail.com',0,'suspicious_local','heuristic','2026-05-26 10:08:55','2026-05-19 10:08:55','2026-05-19 10:08:55'),(39,'3ff000cc1b0d975454591b6b39da021bee00434986a19307c6a831d87ca66f9d','justgamer2omania@gmail.com',0,'suspicious_local','heuristic','2026-05-26 10:08:56','2026-05-19 10:08:56','2026-05-19 10:08:56'),(40,'3bac6f139a4613c871b38a8d631cbb676f192435483acc6ab67a20c9ce3a452b','justgamer.omania@gmail.com',1,'smtp_rcpt_accepted','smtp','2026-05-26 10:09:00','2026-05-19 10:09:00','2026-05-19 10:09:00');

--
-- Table structure for table `email_deliverability_settings`
--

CREATE TABLE `email_deliverability_settings` (
  `id` bigint(20) unsigned NOT NULL AUTO_INCREMENT,
  `status` tinyint(1) NOT NULL DEFAULT 1,
  `cache_ttl_hours` int(10) unsigned NOT NULL DEFAULT 168,
  `enforce_register` tinyint(1) NOT NULL DEFAULT 1,
  `created_at` timestamp NULL DEFAULT NULL,
  `updated_at` timestamp NULL DEFAULT NULL,
  PRIMARY KEY (`id`)
) ENGINE=InnoDB AUTO_INCREMENT=2 DEFAULT CHARSET=utf8mb4 COLLATE=utf8mb4_unicode_ci;

--
-- Dumping data for table `email_deliverability_settings`
--

INSERT INTO `email_deliverability_settings` VALUES (1,1,168,1,'2026-05-18 09:36:13','2026-05-18 09:36:13');

--
-- Table structure for table `email_global_templates`
--

CREATE TABLE `email_global_templates` (
  `id` bigint(20) unsigned NOT NULL AUTO_INCREMENT,
  `header_html` longtext DEFAULT NULL,
  `footer_html` longtext DEFAULT NULL,
  `is_enabled` tinyint(1) NOT NULL DEFAULT 1,
  `created_at` timestamp NULL DEFAULT NULL,
  `updated_at` timestamp NULL DEFAULT NULL,
  PRIMARY KEY (`id`)
) ENGINE=InnoDB AUTO_INCREMENT=2 DEFAULT CHARSET=utf8mb4 COLLATE=utf8mb4_unicode_ci;

--
-- Dumping data for table `email_global_templates`
--

INSERT INTO `email_global_templates` VALUES (1,'<img src=\"https://pub-0af64cb42c7445d5b2733b0e7d3c9bc8.r2.dev/uploads/website-images/file-name-17788403904094.png\" width=\"170\" height=\"81\" alt=\"\">','',1,'2026-05-19 08:59:44','2026-05-19 09:42:56');

--
-- Table structure for table `email_templates`
--

CREATE TABLE `email_templates` (
  `id` bigint(20) unsigned NOT NULL AUTO_INCREMENT,
  `name` text DEFAULT NULL,
  `subject` text DEFAULT NULL,
  `description` text DEFAULT NULL,
  `created_at` timestamp NULL DEFAULT NULL,
  `updated_at` timestamp NULL DEFAULT NULL,
  PRIMARY KEY (`id`)
) ENGINE=InnoDB AUTO_INCREMENT=12 DEFAULT CHARSET=utf8mb4 COLLATE=utf8mb4_unicode_ci;

--
-- Dumping data for table `email_templates`
--

INSERT INTO `email_templates` VALUES (1,'Password Reset','Resetare parolă','<h4>Salut <strong>{{user_name}}</strong>,</h4><p>Doriți să vă resetați parola? Vă rugăm să faceți clic pe următorul link și să vă resetați parola.</p><p><strong>{{reset_link}}</strong></p><p>&nbsp;</p><p>Multumiri&nbsp;<br>Echipa Listara</p>',NULL,'2026-05-19 10:03:27'),(2,'Contact Email','Contact Email','<p>Salutare,</p><p>Utilizatorul {{user_name}} ți-a trimis un mesaj nou. Vezi descrierea mesajului de mai jos.:</p><p>Email: <strong>{{user_email}}</strong></p><p>Telefon: <strong>{{user_phone}}</strong></p><p><span style=\"background-color: transparent;\">Subiect:&nbsp;<strong>{{message_subject}}</strong></span></p><p>Mesaj:&nbsp;<strong>{{message}}</strong></p><p>&nbsp;</p><p>Multumiri<br><br>Echipa Listara</p>',NULL,'2026-05-19 10:05:24'),(3,'Newsletter Verification','Newsletter Verification','<p><strong>Salut</strong>,</p><p>Felicitări! Abonamentul dvs. a fost creat cu succes. Vă rugăm să faceți clic pe următorul link și să vă verificați abonamentul.</p><p><strong>{{verification_link}}</strong></p><p>&nbsp;</p><p>Multumiri<br><br>Echipa Listara</p>',NULL,'2026-05-19 10:11:16'),(4,'User Verification','Verificare cont','<p>Salut <strong>{{user_name}}</strong>,</p><p>Felicitări! Contul dumneavoastră a fost creat cu succes. Vă rugăm să faceți clic pe următorul link și să vă activați contul.</p><p><strong>{{varification_link}}</strong></p><p>&nbsp;</p><p>Multumiri<br><br>Echipa Listara</p>',NULL,'2026-05-19 10:27:06'),(5,'Listing Approved','Anunțul tău a fost aprobat','<h4>Bună <strong>{{user_name}}</strong>,</h4><p>Anunțul tău <strong>{{listing_title}}</strong> a fost aprobat și este acum vizibil pe site.</p><p>Vezi anunțul: {{listing_url}}</p><p>Gestionează anunțurile tale: {{dashboard_url}}</p><p>Mulțumim!</p>','2026-05-19 10:23:45','2026-05-19 10:23:45'),(6,'Listing Rejected','Anunțul tău a fost respins','<h4>Bună <strong>{{user_name}}</strong>,</h4><p>Anunțul tău <strong>{{listing_title}}</strong> nu a putut fi publicat.</p><p><strong>Motiv:</strong></p>{{rejection_reason}}<p>Poți edita anunțul și îl poți trimite din nou pentru verificare: {{dashboard_url}}</p><p>Mulțumim!</p>','2026-05-19 10:23:45','2026-05-19 10:23:45'),(7,'Booking Request (Owner)','Cerere nouă de rezervare','<h4>Bună <strong>{{owner_name}}</strong>,</h4><p><strong>{{guest_name}}</strong> a solicitat o rezervare pentru anunțul <strong>{{listing_title}}</strong>.</p><p><strong>Perioada:</strong> {{start_date}} – {{end_date}}</p><p><strong>Telefon:</strong> {{guest_phone}}</p><p><strong>Email:</strong> {{guest_email}}</p><p>Gestionează cererea în panoul tău: {{dashboard_url}}</p><p>Mulțumim!</p>','2026-05-19 16:54:09','2026-05-19 16:54:09'),(8,'Booking Approved (Guest)','Rezervarea ta a fost aprobată','<h4>Bună <strong>{{guest_name}}</strong>,</h4><p>Rezervarea ta pentru <strong>{{listing_title}}</strong> (<strong>{{start_date}}</strong> – <strong>{{end_date}}</strong>) a fost aprobată de proprietar.</p><p>Vezi rezervările tale: {{dashboard_url}}</p><p>Mulțumim!</p>','2026-05-19 16:54:09','2026-05-19 16:54:09'),(9,'Booking Rejected (Guest)','Rezervarea ta a fost respinsă','<h4>Bună <strong>{{guest_name}}</strong>,</h4><p>Rezervarea ta pentru <strong>{{listing_title}}</strong> (<strong>{{start_date}}</strong> – <strong>{{end_date}}</strong>) a fost respinsă.</p><p><strong>Motiv:</strong></p>{{rejection_reason}}<p>Vezi rezervările tale: {{dashboard_url}}</p><p>Mulțumim!</p>','2026-05-19 16:54:09','2026-05-19 16:54:09');

--
-- Table structure for table `facebook_pixels`
--

CREATE TABLE `facebook_pixels` (
  `id` bigint(20) unsigned NOT NULL AUTO_INCREMENT,
  `status` int(11) NOT NULL DEFAULT 0,
  `app_id` varchar(255) DEFAULT NULL,
  `created_at` timestamp NULL DEFAULT NULL,
  `updated_at` timestamp NULL DEFAULT NULL,
  PRIMARY KEY (`id`)
) ENGINE=InnoDB AUTO_INCREMENT=2 DEFAULT CHARSET=utf8mb4 COLLATE=utf8mb4_unicode_ci;

--
-- Dumping data for table `facebook_pixels`
--

INSERT INTO `facebook_pixels` VALUES (1,0,'972911606915059',NULL,'2026-05-15 19:26:34');

--
-- Table structure for table `failed_jobs`
--

CREATE TABLE `failed_jobs` (
  `id` bigint(20) unsigned NOT NULL AUTO_INCREMENT,
  `uuid` varchar(255) NOT NULL,
  `connection` text NOT NULL,
  `queue` text NOT NULL,
  `payload` longtext NOT NULL,
  `exception` longtext NOT NULL,
  `failed_at` timestamp NOT NULL DEFAULT current_timestamp(),
  PRIMARY KEY (`id`),
  UNIQUE KEY `failed_jobs_uuid_unique` (`uuid`)
) ENGINE=InnoDB DEFAULT CHARSET=utf8mb4 COLLATE=utf8mb4_unicode_ci;

--
-- Dumping data for table `failed_jobs`
--


--
-- Table structure for table `faq_translates`
--

CREATE TABLE `faq_translates` (
  `id` bigint(20) unsigned NOT NULL AUTO_INCREMENT,
  `lang_code` varchar(255) NOT NULL,
  `faq_id` int(11) NOT NULL,
  `question` text NOT NULL,
  `answer` text NOT NULL,
  `created_at` timestamp NULL DEFAULT NULL,
  `updated_at` timestamp NULL DEFAULT NULL,
  PRIMARY KEY (`id`)
) ENGINE=InnoDB DEFAULT CHARSET=utf8mb4 COLLATE=utf8mb4_unicode_ci;

--
-- Dumping data for table `faq_translates`
--


--
-- Table structure for table `faqs`
--

CREATE TABLE `faqs` (
  `id` bigint(20) unsigned NOT NULL AUTO_INCREMENT,
  `category` varchar(255) NOT NULL,
  `created_at` timestamp NULL DEFAULT NULL,
  `updated_at` timestamp NULL DEFAULT NULL,
  PRIMARY KEY (`id`)
) ENGINE=InnoDB DEFAULT CHARSET=utf8mb4 COLLATE=utf8mb4_unicode_ci;

--
-- Dumping data for table `faqs`
--


--
-- Table structure for table `feature_translations`
--

CREATE TABLE `feature_translations` (
  `id` bigint(20) unsigned NOT NULL AUTO_INCREMENT,
  `feature_id` int(11) NOT NULL,
  `lang_code` varchar(255) NOT NULL,
  `name` varchar(255) NOT NULL,
  `created_at` timestamp NULL DEFAULT NULL,
  `updated_at` timestamp NULL DEFAULT NULL,
  PRIMARY KEY (`id`)
) ENGINE=InnoDB AUTO_INCREMENT=17 DEFAULT CHARSET=utf8mb4 COLLATE=utf8mb4_unicode_ci;

--
-- Dumping data for table `feature_translations`
--

INSERT INTO `feature_translations` VALUES (3,2,'en','Nou','2026-05-16 00:59:09','2026-05-16 00:59:09'),(4,2,'ro','Nou','2026-05-16 00:59:09','2026-05-16 00:59:09'),(5,3,'en','Utilizat','2026-05-16 00:59:27','2026-05-16 00:59:27'),(6,3,'ro','Utilizat','2026-05-16 00:59:27','2026-05-16 00:59:27'),(7,4,'en','Norma intreaga','2026-05-16 01:00:22','2026-05-16 01:00:22'),(8,4,'ro','Norma intreaga','2026-05-16 01:00:22','2026-05-16 01:00:22'),(9,5,'en','Jumătate de normă','2026-05-16 01:01:14','2026-05-16 01:01:14'),(10,5,'ro','Jumătate de normă','2026-05-16 01:01:14','2026-05-16 01:01:14'),(11,6,'en','Centrală termică','2026-05-17 22:10:03','2026-05-17 22:10:03'),(12,6,'ro','Centrală termică','2026-05-17 22:10:03','2026-05-17 22:10:03'),(13,7,'en','Comandat','2026-05-17 22:10:29','2026-05-17 22:10:29'),(14,7,'ro','Comandat','2026-05-17 22:10:29','2026-05-17 22:10:29'),(15,8,'en','De-comandat','2026-05-17 22:10:44','2026-05-17 22:10:44'),(16,8,'ro','De-comandat','2026-05-17 22:10:44','2026-05-17 22:10:44');

--
-- Table structure for table `features`
--

CREATE TABLE `features` (
  `id` bigint(20) unsigned NOT NULL AUTO_INCREMENT,
  `category_id` int(11) NOT NULL DEFAULT 0,
  `created_at` timestamp NULL DEFAULT NULL,
  `updated_at` timestamp NULL DEFAULT NULL,
  PRIMARY KEY (`id`)
) ENGINE=InnoDB AUTO_INCREMENT=9 DEFAULT CHARSET=utf8mb4 COLLATE=utf8mb4_unicode_ci;

--
-- Dumping data for table `features`
--

INSERT INTO `features` VALUES (2,1,'2026-05-16 00:59:09','2026-05-16 00:59:09'),(3,1,'2026-05-16 00:59:27','2026-05-16 00:59:27'),(4,3,'2026-05-16 01:00:22','2026-05-16 01:00:22'),(5,3,'2026-05-16 01:01:14','2026-05-16 01:01:14'),(6,2,'2026-05-17 22:10:03','2026-05-17 22:10:03'),(7,2,'2026-05-17 22:10:29','2026-05-17 22:10:29'),(8,2,'2026-05-17 22:10:44','2026-05-17 22:10:44');

--
-- Table structure for table `google_analytics`
--

CREATE TABLE `google_analytics` (
  `id` bigint(20) unsigned NOT NULL AUTO_INCREMENT,
  `analytic_id` varchar(255) DEFAULT NULL,
  `status` int(11) NOT NULL,
  `created_at` timestamp NULL DEFAULT NULL,
  `updated_at` timestamp NULL DEFAULT NULL,
  PRIMARY KEY (`id`)
) ENGINE=InnoDB AUTO_INCREMENT=2 DEFAULT CHARSET=utf8mb4 COLLATE=utf8mb4_unicode_ci;

--
-- Dumping data for table `google_analytics`
--

INSERT INTO `google_analytics` VALUES (1,'UA-84213520-6',0,NULL,'2026-05-15 19:26:40');

--
-- Table structure for table `guest_logins`
--

CREATE TABLE `guest_logins` (
  `id` bigint(20) unsigned NOT NULL AUTO_INCREMENT,
  `ip` varchar(45) NOT NULL,
  `country_code` varchar(10) DEFAULT NULL,
  `country` varchar(100) DEFAULT NULL,
  `city` varchar(100) DEFAULT NULL,
  `latitude` varchar(50) DEFAULT NULL,
  `longitude` varchar(50) DEFAULT NULL,
  `created_at` timestamp NULL DEFAULT NULL,
  `updated_at` timestamp NULL DEFAULT NULL,
  PRIMARY KEY (`id`),
  KEY `guest_logins_ip_index` (`ip`)
) ENGINE=InnoDB DEFAULT CHARSET=utf8mb4 COLLATE=utf8mb4_unicode_ci;

--
-- Dumping data for table `guest_logins`
--


--
-- Table structure for table `home_page_translations`
--

CREATE TABLE `home_page_translations` (
  `id` bigint(20) unsigned NOT NULL AUTO_INCREMENT,
  `home_page_id` int(11) NOT NULL,
  `lang_code` varchar(255) NOT NULL,
  `home1_intro_short_title` varchar(255) DEFAULT NULL,
  `home1_intro_title` varchar(255) DEFAULT NULL,
  `home2_intro_short_title` varchar(255) DEFAULT NULL,
  `home2_intro_title` varchar(255) DEFAULT NULL,
  `home2_intro_des` text DEFAULT NULL,
  `home3_intro_short_title` varchar(255) DEFAULT NULL,
  `home3_intro_title` varchar(255) DEFAULT NULL,
  `home3_intro_des` text DEFAULT NULL,
  `working_step_title1` varchar(255) DEFAULT NULL,
  `working_step_title2` varchar(255) DEFAULT NULL,
  `working_step_title3` varchar(255) DEFAULT NULL,
  `working_step_title4` varchar(255) DEFAULT NULL,
  `working_step_des1` varchar(255) DEFAULT NULL,
  `working_step_des2` varchar(255) DEFAULT NULL,
  `working_step_des3` varchar(255) DEFAULT NULL,
  `working_step_des4` varchar(255) DEFAULT NULL,
  `working_short_title` varchar(255) DEFAULT NULL,
  `working_title` varchar(255) DEFAULT NULL,
  `counter_title1` varchar(255) DEFAULT NULL,
  `counter_title2` varchar(255) DEFAULT NULL,
  `counter_title3` varchar(255) DEFAULT NULL,
  `counter_title4` varchar(255) NOT NULL,
  `home1_explore_title` text DEFAULT NULL,
  `home1_explore_des` text DEFAULT NULL,
  `home2_explore_title` text DEFAULT NULL,
  `home2_explore_des` text DEFAULT NULL,
  `home3_explore_title` text DEFAULT NULL,
  `created_at` timestamp NULL DEFAULT NULL,
  `updated_at` timestamp NULL DEFAULT NULL,
  PRIMARY KEY (`id`)
) ENGINE=InnoDB AUTO_INCREMENT=53 DEFAULT CHARSET=utf8mb4 COLLATE=utf8mb4_unicode_ci;

--
-- Dumping data for table `home_page_translations`
--

INSERT INTO `home_page_translations` VALUES (1,1,'en','Search from over 1,43,567 verified classifieds','Explore online marketplaces for effortless buying and selling discover deals!','Apply Your Best Job Offer','International Job Search Engine','Explore online marketplaces for effortless buying and selling discover deals!','Welcome to Our Aadfirst','Discover Properties for Sale or Rent','With the most complete source of homes for sale & properties near you.','Register Free','Create Ad','Get Offers','Sell It Now','Duis aute irure dolor reprehen derit in voluptat velit.','Duis aute irure dolor reprehen derit in voluptat velit.','Duis aute irure dolor reprehen derit in voluptat velit.','Duis aute irure dolor reprehen derit in voluptat velit.','How it Works','How Aadfirst works the best search experience','Listings Added','Daily searches','Company\'s','Quality awards','Reach out for tech support. Quick friendly solutions.','Post your ad, connect with buyers, and close deals smoothly. Experience the ease with Aadfirst today!','Explore New Life','Reach out for tech support. Quick, friendly solutions guaranteed.','We offer a verity of properties, including house, apartments, and land for sale or rent, and provide personalized service.',NULL,'2024-04-04 21:22:40'),(52,1,'ro','Caută în peste [total_listings] de anunțuri verificate','Explorează piețe online pentru cumpărare și vânzare fără efort și descoperă oferte!','Aplică cea mai bună ofertă de muncă a ta','Motor internațional de căutare joburi','Explorează piețele online pentru cumpărături și vânzări fără efort și descoperă oferte!','Welcome to Our [app_name]','Descoperiți proprietăți de vânzare sau de închiriat','Cu cea mai completă sursă de case de vânzare și proprietăți în apropierea ta.','Înregistrează-te gratuit','Creați anunț','Obțineți oferte','Vinde','Duis aute irure dolor reprehen derit in voluptat velit.','Duis aute irure dolor reprehen derit in voluptat velit.','Duis aute irure dolor reprehen derit in voluptat velit.','Duis aute irure dolor reprehen derit in voluptat velit.','Cum funcționează','Cum funcționează [app_name] pentru cea mai bună experiență de căutare','Listări adăugate','Căutări zilnice','Compani','Premii de calitate','Contactează-ne pentru suport tehnic. Soluții rapide și prietenoase.','Publică-ți anunțul, conectează-te cu cumpărătorii și încheie tranzacții fără probleme. Experimentează astăzi simplitatea cu [app_name]!','Explorează o viață nouă','Contactați asistența tehnică. Soluții rapide și prietenoase garantate.','Oferim o varietate de proprietăți, inclusiv case, apartamente și terenuri spre vânzare sau închiriere, și servicii personalizate.','2026-05-15 10:14:43','2026-05-16 13:35:40');

--
-- Table structure for table `home_pages`
--

CREATE TABLE `home_pages` (
  `id` bigint(20) unsigned NOT NULL AUTO_INCREMENT,
  `home1_intro_image` varchar(255) DEFAULT NULL,
  `home2_intro_image` varchar(255) DEFAULT NULL,
  `home2_intro_bg` varchar(255) DEFAULT NULL,
  `home3_intro_image` varchar(255) DEFAULT NULL,
  `home3_intro_bg` varchar(255) DEFAULT NULL,
  `working_step_icon1` varchar(255) DEFAULT NULL,
  `working_step_icon2` varchar(255) DEFAULT NULL,
  `working_step_icon3` varchar(255) DEFAULT NULL,
  `working_step_icon4` varchar(255) DEFAULT NULL,
  `video_id` varchar(255) DEFAULT NULL,
  `video_image` varchar(255) DEFAULT NULL,
  `counter_qty1` varchar(255) DEFAULT NULL,
  `counter_qty2` varchar(255) DEFAULT NULL,
  `counter_qty3` varchar(255) DEFAULT NULL,
  `counter_qty4` int(11) NOT NULL DEFAULT 0,
  `testimonial_image` varchar(255) DEFAULT NULL,
  `home1_explore_image` varchar(255) DEFAULT NULL,
  `home2_explore_image` varchar(255) DEFAULT NULL,
  `home3_explore_image` varchar(255) DEFAULT NULL,
  `faq_image1` varchar(255) DEFAULT NULL,
  `faq_image2` varchar(255) DEFAULT NULL,
  `home4_bg_image` varchar(255) DEFAULT NULL,
  `home4_explore_image` varchar(255) DEFAULT NULL,
  `created_at` timestamp NULL DEFAULT NULL,
  `updated_at` timestamp NULL DEFAULT NULL,
  PRIMARY KEY (`id`)
) ENGINE=InnoDB AUTO_INCREMENT=3 DEFAULT CHARSET=utf8mb4 COLLATE=utf8mb4_unicode_ci;

--
-- Dumping data for table `home_pages`
--

INSERT INTO `home_pages` VALUES (1,'uploads/website-images/file-name-17424638586037.webp','uploads/website-images/home2-intro-image-2024-03-14-04-21-12-2352.webp','uploads/website-images/file-name-17424639379898.webp','uploads/website-images/home3-intro-image-2024-03-07-01-36-06-1479.webp','uploads/website-images/file-name-17424639755072.webp','uploads/website-images/file-name-17424640519499.webp','uploads/website-images/video-bg-image-2024-03-30-01-50-38-4830.webp','uploads/website-images/video-bg-image-2024-03-30-01-51-09-4666.webp','uploads/website-images/video-bg-image-2024-03-30-01-51-09-1998.webp','YBLXLNRwgQI','uploads/website-images/video-image-2024-03-30-01-51-53-3759.webp','56','58','60',52,'uploads/custom-images/file-name-17789380815722.png','uploads/website-images/home1-explore-image-2024-03-07-06-01-04-4394.webp','uploads/website-images/file-name-17424641425583.webp','uploads/website-images/home1-explore-image-2024-03-07-06-53-50-6484.webp','uploads/custom-images/file-name-17789364649678.png','uploads/custom-images/file-name-17789364655586.png','uploads/website-images/home4-bg_image-2024-12-05-02-40-32-5484.webp','#',NULL,'2026-05-16 13:28:02');

--
-- Table structure for table `ip_lookup_cache`
--

CREATE TABLE `ip_lookup_cache` (
  `id` bigint(20) unsigned NOT NULL AUTO_INCREMENT,
  `ip` varchar(45) NOT NULL,
  `country` varchar(255) DEFAULT NULL,
  `country_code` varchar(10) DEFAULT NULL,
  `city` varchar(255) DEFAULT NULL,
  `is_vpn` tinyint(1) NOT NULL DEFAULT 0,
  `is_proxy` tinyint(1) NOT NULL DEFAULT 0,
  `is_tor` tinyint(1) NOT NULL DEFAULT 0,
  `is_hosting` tinyint(1) NOT NULL DEFAULT 0,
  `raw_response` longtext CHARACTER SET utf8mb4 COLLATE utf8mb4_bin DEFAULT NULL CHECK (json_valid(`raw_response`)),
  `expires_at` timestamp NULL DEFAULT NULL,
  `created_at` timestamp NULL DEFAULT NULL,
  `updated_at` timestamp NULL DEFAULT NULL,
  PRIMARY KEY (`id`),
  UNIQUE KEY `ip_lookup_cache_ip_unique` (`ip`),
  KEY `ip_lookup_cache_expires_at_index` (`expires_at`)
) ENGINE=InnoDB DEFAULT CHARSET=utf8mb4 COLLATE=utf8mb4_unicode_ci;

--
-- Dumping data for table `ip_lookup_cache`
--


--
-- Table structure for table `job_requests`
--

CREATE TABLE `job_requests` (
  `id` bigint(20) unsigned NOT NULL AUTO_INCREMENT,
  `listing_id` int(11) NOT NULL,
  `agent_id` int(11) NOT NULL,
  `user_id` int(11) NOT NULL,
  `description` text DEFAULT NULL,
  `status` varchar(255) NOT NULL DEFAULT 'pending',
  `rejection_reason` text DEFAULT NULL,
  `rejected_at` timestamp NULL DEFAULT NULL,
  `created_at` timestamp NULL DEFAULT NULL,
  `updated_at` timestamp NULL DEFAULT NULL,
  PRIMARY KEY (`id`)
) ENGINE=InnoDB AUTO_INCREMENT=5 DEFAULT CHARSET=utf8mb4 COLLATE=utf8mb4_unicode_ci;

--
-- Dumping data for table `job_requests`
--

INSERT INTO `job_requests` VALUES (4,37,2,3,'test cv','rejected','Ne pare rau,dar aplicatia ta a fost respinsa deoarece nu aveti suficienta experienta.','2026-05-17 20:56:58','2026-05-17 20:49:44','2026-05-17 20:56:58');

--
-- Table structure for table `kyc_information`
--

CREATE TABLE `kyc_information` (
  `id` bigint(20) unsigned NOT NULL AUTO_INCREMENT,
  `kyc_id` int(11) DEFAULT NULL,
  `user_id` int(11) DEFAULT NULL,
  `file` varchar(255) DEFAULT NULL,
  `message` text DEFAULT NULL,
  `status` int(11) NOT NULL DEFAULT 0,
  `created_at` timestamp NULL DEFAULT NULL,
  `updated_at` timestamp NULL DEFAULT NULL,
  PRIMARY KEY (`id`)
) ENGINE=InnoDB AUTO_INCREMENT=3 DEFAULT CHARSET=utf8mb4 COLLATE=utf8mb4_unicode_ci;

--
-- Dumping data for table `kyc_information`
--

INSERT INTO `kyc_information` VALUES (2,1,2,NULL,'KYC actualizat manual de admin',1,'2026-05-17 09:30:02','2026-05-17 09:30:02');

--
-- Table structure for table `kyc_types`
--

CREATE TABLE `kyc_types` (
  `id` bigint(20) unsigned NOT NULL AUTO_INCREMENT,
  `name` varchar(255) DEFAULT NULL,
  `status` int(11) NOT NULL DEFAULT 1,
  `created_at` timestamp NULL DEFAULT NULL,
  `updated_at` timestamp NULL DEFAULT NULL,
  PRIMARY KEY (`id`)
) ENGINE=InnoDB AUTO_INCREMENT=3 DEFAULT CHARSET=utf8mb4 COLLATE=utf8mb4_unicode_ci;

--
-- Dumping data for table `kyc_types`
--

INSERT INTO `kyc_types` VALUES (1,'Permis Auto',1,'2026-05-15 21:20:33','2026-05-15 21:20:33'),(2,'C.I (Carte de identitate)',1,'2026-05-15 21:20:50','2026-05-15 21:20:50');

--
-- Table structure for table `languages`
--

CREATE TABLE `languages` (
  `id` bigint(20) unsigned NOT NULL AUTO_INCREMENT,
  `lang_name` varchar(255) NOT NULL,
  `lang_code` varchar(255) NOT NULL,
  `is_default` varchar(255) NOT NULL DEFAULT 'no',
  `status` int(11) NOT NULL DEFAULT 0,
  `lang_direction` varchar(255) NOT NULL,
  `created_at` timestamp NULL DEFAULT NULL,
  `updated_at` timestamp NULL DEFAULT NULL,
  PRIMARY KEY (`id`)
) ENGINE=InnoDB AUTO_INCREMENT=63 DEFAULT CHARSET=utf8mb4 COLLATE=utf8mb4_unicode_ci;

--
-- Dumping data for table `languages`
--

INSERT INTO `languages` VALUES (1,'English','en','No',1,'left_to_right','2023-08-23 00:21:38','2026-05-15 09:58:44'),(62,'Română','ro','Yes',1,'left_to_right','2026-05-15 09:58:44','2026-05-15 10:10:11');

--
-- Table structure for table `listing_galleries`
--

CREATE TABLE `listing_galleries` (
  `id` bigint(20) unsigned NOT NULL AUTO_INCREMENT,
  `listing_id` int(11) NOT NULL,
  `image` varchar(255) DEFAULT NULL,
  `created_at` timestamp NULL DEFAULT NULL,
  `updated_at` timestamp NULL DEFAULT NULL,
  PRIMARY KEY (`id`)
) ENGINE=InnoDB AUTO_INCREMENT=91 DEFAULT CHARSET=utf8mb4 COLLATE=utf8mb4_unicode_ci;

--
-- Dumping data for table `listing_galleries`
--

INSERT INTO `listing_galleries` VALUES (37,18,'uploads/custom-images/file-name-17788733392188.png','2026-05-15 19:29:00','2026-05-15 19:29:00'),(38,18,'uploads/custom-images/file-name-17788737627220.png','2026-05-15 19:36:03','2026-05-15 19:36:03'),(39,18,'uploads/custom-images/file-name-17788738325641.png','2026-05-15 19:37:14','2026-05-15 19:37:14'),(40,19,'uploads/custom-images/file-name-17788753009627.png','2026-05-15 20:01:43','2026-05-15 20:01:43'),(41,19,'uploads/custom-images/file-name-17788753013103.png','2026-05-15 20:01:43','2026-05-15 20:01:43'),(42,19,'uploads/custom-images/file-name-17788753026153.png','2026-05-15 20:01:43','2026-05-15 20:01:43'),(43,20,'uploads/custom-images/file-name-17788807828530.png','2026-05-15 21:33:04','2026-05-15 21:33:04'),(44,20,'uploads/custom-images/file-name-17788807839889.png','2026-05-15 21:33:04','2026-05-15 21:33:04'),(45,21,'uploads/custom-images/file-name-17788829184516.png','2026-05-15 22:08:42','2026-05-15 22:08:42'),(46,21,'uploads/custom-images/file-name-17788829203566.png','2026-05-15 22:08:42','2026-05-15 22:08:42'),(47,21,'uploads/custom-images/file-name-17788829213070.png','2026-05-15 22:08:42','2026-05-15 22:08:42'),(48,22,'uploads/custom-images/file-name-17788848328892.png','2026-05-15 22:40:34','2026-05-15 22:40:34'),(49,23,'uploads/custom-images/file-name-17788854186040.png','2026-05-15 22:50:19','2026-05-15 22:50:19'),(52,25,'uploads/custom-images/file-name-17788865547596.webp','2026-05-15 23:09:16','2026-05-15 23:09:16'),(53,25,'uploads/custom-images/file-name-17788865554900.webp','2026-05-15 23:09:16','2026-05-15 23:09:16'),(54,25,'uploads/custom-images/file-name-17788865556926.webp','2026-05-15 23:09:16','2026-05-15 23:09:16'),(55,26,'uploads/custom-images/file-name-17789469144307.png','2026-05-16 15:55:15','2026-05-16 15:55:15'),(56,26,'uploads/custom-images/file-name-17789470097227.png','2026-05-16 15:56:50','2026-05-16 15:56:50'),(58,28,'uploads/custom-images/file-name-17789583072916.webp','2026-05-16 19:05:08','2026-05-16 19:05:08'),(59,29,'uploads/custom-images/file-name-17789611199466.png','2026-05-16 19:52:00','2026-05-16 19:52:00'),(61,28,'uploads/custom-images/file-name-17789650946601.webp','2026-05-16 20:58:15','2026-05-16 20:58:15'),(63,32,'uploads/custom-images/file-name-17790007398384.png','2026-05-17 06:52:20','2026-05-17 06:52:20'),(67,35,'uploads/custom-images/file-name-17790086967116.PNG','2026-05-17 09:04:57','2026-05-17 09:04:57'),(70,37,'uploads/custom-images/file-name-17790179824232.png','2026-05-17 11:39:43','2026-05-17 11:39:43'),(71,38,'uploads/custom-images/file-name-17790192479769.png','2026-05-17 12:00:48','2026-05-17 12:00:48'),(72,39,'uploads/custom-images/file-name-17790193961916.png','2026-05-17 12:03:18','2026-05-17 12:03:18'),(73,39,'uploads/custom-images/file-name-17790193971288.png','2026-05-17 12:03:18','2026-05-17 12:03:18'),(74,39,'uploads/custom-images/file-name-17790193981093.png','2026-05-17 12:03:18','2026-05-17 12:03:18'),(75,36,'uploads/custom-images/file-name-17790208695075.jpg','2026-05-17 12:27:50','2026-05-17 12:27:50'),(77,40,'uploads/custom-images/file-name-17790329063304.png','2026-05-17 15:48:27','2026-05-17 15:48:27'),(78,41,'uploads/custom-images/file-name-17790473362631.png','2026-05-17 19:48:57','2026-05-17 19:48:57'),(79,41,'uploads/custom-images/file-name-17790475628176.png','2026-05-17 19:52:43','2026-05-17 19:52:43'),(80,42,'uploads/custom-images/file-name-17790578046246.png','2026-05-17 22:43:24','2026-05-17 22:43:24'),(81,43,'uploads/custom-images/file-name-17791228007475.png','2026-05-18 16:46:40','2026-05-18 16:46:40'),(82,44,'uploads/custom-images/file-name-17791228719542.png','2026-05-18 16:47:51','2026-05-18 16:47:51'),(83,45,'uploads/custom-images/file-name-17791229873568.PNG','2026-05-18 16:49:47','2026-05-18 16:49:47'),(85,46,'uploads/custom-images/file-name-17791249868941.png','2026-05-18 17:23:07','2026-05-18 17:23:07'),(86,47,'uploads/custom-images/file-name-17791255383526.PNG','2026-05-18 17:32:18','2026-05-18 17:32:18'),(87,48,'uploads/custom-images/file-name-17791314992083.PNG','2026-05-18 19:11:39','2026-05-18 19:11:39'),(88,48,'uploads/custom-images/file-name-17791314999800.png','2026-05-18 19:11:39','2026-05-18 19:11:39'),(90,49,'uploads/custom-images/file-name-17791869708894.png','2026-05-19 10:36:10','2026-05-19 10:36:10');

--
-- Table structure for table `listing_promotion_orders`
--

CREATE TABLE `listing_promotion_orders` (
  `id` bigint(20) unsigned NOT NULL AUTO_INCREMENT,
  `order_id` varchar(32) NOT NULL,
  `user_id` bigint(20) unsigned NOT NULL,
  `listing_id` bigint(20) unsigned NOT NULL,
  `type` varchar(32) NOT NULL,
  `promotion_types` longtext CHARACTER SET utf8mb4 COLLATE utf8mb4_bin DEFAULT NULL CHECK (json_valid(`promotion_types`)),
  `amount` decimal(10,2) NOT NULL,
  `payment_method` varchar(255) DEFAULT NULL,
  `payment_status` varchar(255) NOT NULL DEFAULT 'pending',
  `transaction` varchar(255) DEFAULT NULL,
  `created_at` timestamp NULL DEFAULT NULL,
  `updated_at` timestamp NULL DEFAULT NULL,
  PRIMARY KEY (`id`),
  UNIQUE KEY `listing_promotion_orders_order_id_unique` (`order_id`),
  KEY `listing_promotion_orders_user_id_foreign` (`user_id`),
  KEY `listing_promotion_orders_listing_id_foreign` (`listing_id`),
  CONSTRAINT `listing_promotion_orders_listing_id_foreign` FOREIGN KEY (`listing_id`) REFERENCES `listings` (`id`) ON DELETE CASCADE,
  CONSTRAINT `listing_promotion_orders_user_id_foreign` FOREIGN KEY (`user_id`) REFERENCES `users` (`id`) ON DELETE CASCADE
) ENGINE=InnoDB AUTO_INCREMENT=10 DEFAULT CHARSET=utf8mb4 COLLATE=utf8mb4_unicode_ci;

--
-- Dumping data for table `listing_promotion_orders`
--

INSERT INTO `listing_promotion_orders` VALUES (1,'PR114F264A',2,29,'banner_slider',NULL,14.99,NULL,'pending',NULL,'2026-05-18 14:24:20','2026-05-18 14:24:20'),(2,'PR24E181F0',2,42,'banner_slider',NULL,14.99,NULL,'pending',NULL,'2026-05-18 14:29:34','2026-05-18 14:29:34'),(3,'PR4A08B4E0',2,38,'banner_slider',NULL,14.99,NULL,'pending',NULL,'2026-05-18 14:39:28','2026-05-18 14:39:28'),(5,'PR2B7C5A4A',3,44,'banner_slider',NULL,9.99,NULL,'pending',NULL,'2026-05-18 16:47:51','2026-05-18 16:47:51'),(9,'PRC9C76DA6',3,45,'banner_slider','[\"banner_slider\"]',9.99,NULL,'pending',NULL,'2026-05-18 18:38:20','2026-05-18 18:38:20');

--
-- Table structure for table `listing_promotions`
--

CREATE TABLE `listing_promotions` (
  `id` bigint(20) unsigned NOT NULL AUTO_INCREMENT,
  `listing_id` bigint(20) unsigned NOT NULL,
  `user_id` bigint(20) unsigned NOT NULL,
  `type` varchar(32) NOT NULL,
  `source` varchar(16) NOT NULL DEFAULT 'package',
  `status` varchar(16) NOT NULL DEFAULT 'active',
  `subscription_history_id` bigint(20) unsigned DEFAULT NULL,
  `promotion_order_id` bigint(20) unsigned DEFAULT NULL,
  `amount_paid` decimal(10,2) DEFAULT NULL,
  `expires_at` timestamp NULL DEFAULT NULL,
  `created_at` timestamp NULL DEFAULT NULL,
  `updated_at` timestamp NULL DEFAULT NULL,
  PRIMARY KEY (`id`),
  KEY `listing_promotions_type_status_index` (`type`,`status`),
  KEY `listing_promotions_listing_id_type_status_index` (`listing_id`,`type`,`status`),
  KEY `listing_promotions_user_id_type_status_index` (`user_id`,`type`,`status`),
  CONSTRAINT `listing_promotions_listing_id_foreign` FOREIGN KEY (`listing_id`) REFERENCES `listings` (`id`) ON DELETE CASCADE,
  CONSTRAINT `listing_promotions_user_id_foreign` FOREIGN KEY (`user_id`) REFERENCES `users` (`id`) ON DELETE CASCADE
) ENGINE=InnoDB AUTO_INCREMENT=41 DEFAULT CHARSET=utf8mb4 COLLATE=utf8mb4_unicode_ci;

--
-- Dumping data for table `listing_promotions`
--

INSERT INTO `listing_promotions` VALUES (1,18,2,'search_home','package','cancelled',NULL,NULL,NULL,NULL,'2026-05-18 14:21:44','2026-05-18 14:58:38'),(2,19,2,'search_home','package','active',NULL,NULL,NULL,NULL,'2026-05-18 14:21:44','2026-05-18 14:21:44'),(3,20,2,'search_home','package','active',NULL,NULL,NULL,NULL,'2026-05-18 14:21:44','2026-05-18 14:21:44'),(4,26,2,'search_home','package','active',NULL,NULL,NULL,NULL,'2026-05-18 14:21:44','2026-05-18 14:21:44'),(5,29,2,'search_home','package','active',NULL,NULL,NULL,NULL,'2026-05-18 14:21:44','2026-05-18 14:21:44'),(6,37,2,'search_home','package','active',NULL,NULL,NULL,NULL,'2026-05-18 14:21:44','2026-05-18 14:21:44'),(7,38,2,'search_home','package','cancelled',NULL,NULL,NULL,NULL,'2026-05-18 14:21:44','2026-05-18 14:39:14'),(8,39,2,'search_home','package','active',NULL,NULL,NULL,NULL,'2026-05-18 14:21:44','2026-05-18 14:21:44'),(9,40,2,'search_home','package','active',NULL,NULL,NULL,NULL,'2026-05-18 14:21:44','2026-05-18 14:21:44'),(10,41,2,'search_home','package','active',NULL,NULL,NULL,NULL,'2026-05-18 14:21:44','2026-05-18 14:21:44'),(11,42,2,'search_home','package','active',NULL,NULL,NULL,NULL,'2026-05-18 14:21:44','2026-05-18 14:21:44'),(12,28,3,'banner_slider','package','cancelled',10,NULL,NULL,'2026-06-17 20:59:59','2026-05-18 14:31:48','2026-05-18 14:49:58'),(14,38,2,'search_home','package','active',3,NULL,NULL,'2026-06-14 20:59:59','2026-05-18 14:39:24','2026-05-18 14:39:24'),(17,28,3,'search_home','package','active',10,NULL,NULL,'2026-06-17 20:59:59','2026-05-18 14:48:05','2026-05-18 14:48:05'),(18,28,3,'email_banner','package','cancelled',10,NULL,NULL,'2026-06-17 20:59:59','2026-05-18 14:48:08','2026-05-18 14:50:01'),(19,28,3,'banner_slider','package','active',15,NULL,NULL,'2026-06-17 20:59:59','2026-05-18 16:42:08','2026-05-18 16:42:08'),(20,28,3,'email_banner','package','active',15,NULL,NULL,'2026-06-17 20:59:59','2026-05-18 16:42:08','2026-05-18 16:42:08'),(21,43,3,'search_home','package','active',16,NULL,NULL,NULL,'2026-05-18 16:46:40','2026-05-18 16:46:40'),(22,43,3,'banner_slider','package','active',16,NULL,NULL,NULL,'2026-05-18 16:46:40','2026-05-18 16:46:40'),(23,43,3,'email_banner','package','active',16,NULL,NULL,NULL,'2026-05-18 16:46:40','2026-05-18 16:46:40'),(25,46,6,'banner_slider','package','active',17,NULL,NULL,'2026-06-17 20:59:59','2026-05-18 17:22:13','2026-05-18 17:22:13'),(26,47,3,'banner_slider','package','active',16,NULL,NULL,NULL,'2026-05-18 17:32:18','2026-05-18 17:32:18'),(27,47,3,'search_home','package','active',16,NULL,NULL,NULL,'2026-05-18 17:34:22','2026-05-18 17:34:22'),(28,48,1,'search_home','admin','active',4,NULL,NULL,NULL,'2026-05-18 19:11:39','2026-05-18 19:11:39'),(29,48,1,'banner_slider','admin','active',4,NULL,NULL,NULL,'2026-05-18 19:11:39','2026-05-18 19:11:39'),(30,48,1,'email_banner','admin','active',4,NULL,NULL,NULL,'2026-05-18 19:11:39','2026-05-18 19:11:39'),(31,40,2,'banner_slider','package','active',18,NULL,NULL,'2026-06-18 20:59:59','2026-05-18 23:26:38','2026-05-18 23:26:38'),(32,38,2,'banner_slider','package','active',18,NULL,NULL,'2026-06-18 20:59:59','2026-05-18 23:34:22','2026-05-18 23:34:22'),(33,49,7,'search_home','package','active',19,NULL,NULL,NULL,'2026-05-19 10:18:16','2026-05-19 10:18:16'),(34,49,7,'banner_slider','package','active',19,NULL,NULL,NULL,'2026-05-19 10:18:16','2026-05-19 10:18:16'),(35,49,7,'email_banner','package','active',19,NULL,NULL,NULL,'2026-05-19 10:18:16','2026-05-19 10:18:16'),(36,18,2,'banner_slider','admin','active',18,NULL,NULL,'2026-06-18 20:59:59','2026-05-19 11:06:26','2026-05-19 11:06:26'),(37,18,2,'search_home','admin','active',18,NULL,NULL,'2026-06-18 20:59:59','2026-05-19 11:08:49','2026-05-19 11:08:49'),(38,18,2,'email_banner','admin','active',18,NULL,NULL,'2026-06-18 20:59:59','2026-05-19 11:15:51','2026-05-19 11:15:51'),(39,46,7,'search_home','admin','active',19,NULL,NULL,'2026-06-16 20:59:59','2026-05-19 16:12:15','2026-05-19 16:12:15'),(40,46,7,'email_banner','admin','active',19,NULL,NULL,'2026-06-16 20:59:59','2026-05-19 16:12:15','2026-05-19 16:12:15');

--
-- Table structure for table `listing_reports`
--

CREATE TABLE `listing_reports` (
  `id` bigint(20) unsigned NOT NULL AUTO_INCREMENT,
  `listing_id` int(11) NOT NULL,
  `agent_id` int(11) NOT NULL,
  `name` varchar(255) DEFAULT NULL,
  `email` varchar(255) DEFAULT NULL,
  `phone` varchar(255) DEFAULT NULL,
  `message` text DEFAULT NULL,
  `created_at` timestamp NULL DEFAULT NULL,
  `updated_at` timestamp NULL DEFAULT NULL,
  PRIMARY KEY (`id`)
) ENGINE=InnoDB AUTO_INCREMENT=3 DEFAULT CHARSET=utf8mb4 COLLATE=utf8mb4_unicode_ci;

--
-- Dumping data for table `listing_reports`
--


--
-- Table structure for table `listing_translations`
--

CREATE TABLE `listing_translations` (
  `id` bigint(20) unsigned NOT NULL AUTO_INCREMENT,
  `listing_id` int(11) NOT NULL,
  `lang_code` varchar(255) NOT NULL,
  `title` varchar(255) NOT NULL,
  `description` longtext NOT NULL,
  `video_description` text DEFAULT NULL,
  `address` text NOT NULL,
  `seo_title` text DEFAULT NULL,
  `seo_description` text DEFAULT NULL,
  `created_at` timestamp NULL DEFAULT NULL,
  `updated_at` timestamp NULL DEFAULT NULL,
  PRIMARY KEY (`id`)
) ENGINE=InnoDB AUTO_INCREMENT=99 DEFAULT CHARSET=utf8mb4 COLLATE=utf8mb4_unicode_ci;

--
-- Dumping data for table `listing_translations`
--

INSERT INTO `listing_translations` VALUES (35,18,'en','testttttt','&lt;p&gt;asdasd&lt;/p&gt;',NULL,'asdas','testttttt','testttttt','2026-05-15 19:28:08','2026-05-15 19:28:08'),(36,18,'ro','testttttt 34 ','pasdasd/p',NULL,'asdasasd','testttttt 34 ','testttttt 34 ','2026-05-15 19:28:08','2026-05-19 11:08:49'),(37,19,'en','test 44','&lt;p&gt;asdasdasd&lt;/p&gt;',NULL,'asdasd','test 44','test 44','2026-05-15 20:01:43','2026-05-15 20:01:43'),(38,19,'ro','test 441','&lt;p&gt;asdasdasd&lt;/p&gt;',NULL,'Calea Victoriei, Micro III, Oprișani, Turda, Cluj, 401009, Romania','test 441','test 44','2026-05-15 20:01:43','2026-05-15 21:09:20'),(39,20,'en','test map1','&lt;p&gt;d as da sd as d&lt;/p&gt;',NULL,'San Nicola la Strada, Caserta, Campania, 81020, Italy','test map1','test map1','2026-05-15 21:33:04','2026-05-15 21:33:04'),(40,20,'ro','test map1 2','&lt;p&gt;d as da sd as d&lt;/p&gt;',NULL,'San Nicola la Strada, Caserta, Campania, 81020, Italy','test map1','test map1','2026-05-15 21:33:04','2026-05-15 22:27:59'),(41,21,'en','test modifications','&lt;p&gt;asdasd asd asdasd&lt;/p&gt;',NULL,'Brașov-Ghimbav International Airport, 35, Strada Herman Oberth, Ghimbav, Brașov, 507075, Romania','test modifications','test modifications','2026-05-15 22:08:42','2026-05-15 22:08:42'),(42,21,'ro','test modifications - edit','&lt;p&gt;asdasd asd asdasd&lt;/p&gt;',NULL,'Brașov-Ghimbav International Airport, 35, Strada Herman Oberth, Ghimbav, Brașov, 507075, Romania','test modifications','test modifications','2026-05-15 22:08:42','2026-05-15 22:09:34'),(43,22,'en','test vision','&lt;p&gt;asdasdasd&lt;/p&gt;',NULL,'Strada Republicii, Brașov Historical Centre, Brasov, Brașov, 500031, Romania','test vision','test vision','2026-05-15 22:40:34','2026-05-15 22:40:34'),(44,22,'ro','test vision','&lt;p&gt;asdasdasd&lt;/p&gt;',NULL,'Strada Republicii, Brașov Historical Centre, Brasov, Brașov, 500031, Romania','test vision','test vision','2026-05-15 22:40:34','2026-05-15 22:40:34'),(45,23,'en','test vision 2','&lt;p&gt;asdasdas&lt;/p&gt;',NULL,'Brăila, Brăila, Romania','test vision 2','test vision 2','2026-05-15 22:50:19','2026-05-15 22:50:19'),(46,23,'ro','test vision 2','&lt;p&gt;asdasdas&lt;/p&gt;',NULL,'Brăila, Brăila, Romania','test vision 2','test vision 2','2026-05-15 22:50:19','2026-05-15 22:50:19'),(49,25,'en','Dacia logan mcv 2020 cu gpl','&lt;p&gt;Nu fac schimb .&lt;br&gt;Dacia Logan Mcv cu Gpl&lt;br&gt;Anul de fabricație 2020&lt;br&gt;Motor 1.0 tce cu turbo&lt;br&gt;100 CP&lt;br&gt;km 131000.&lt;br&gt;-Lumini de zi full&lt;br&gt;- Sistem audio&lt;br&gt;- Volan reglabil inaltime adancime&lt;br&gt;- Aer condiționat&lt;br&gt;USB,AUX ,&lt;br&gt;- Funcție bluetooth telefon + media&lt;br&gt;- Computer de bord cu display&lt;br&gt;- Scaune comfort cu functie lombar&lt;br&gt;-Geamuri electrice fata&lt;br&gt;- Insertii Antracit ( consola usi volan )&lt;br&gt;- Lumini ambientale interior&lt;br&gt;-Lumini automate&lt;br&gt;- Senzori presiune&lt;br&gt;- Proiectoare ceata&lt;br&gt;- DRL - lumini de zi&lt;br&gt;- ABS ,ASR, ESP&lt;br&gt;- Cover portbagaj retractabil&lt;br&gt;- Banchetă spate cu sistem ISOFIX&lt;br&gt;- Asistență la plecarea din rampă&lt;br&gt;Km reali 100%&lt;/p&gt;',NULL,'Voluntari, Ilfov, Romania','Dacia logan mcv 2020 cu gpl','Dacia logan mcv 2020 cu gpl','2026-05-15 23:09:16','2026-05-15 23:09:16'),(50,25,'ro','Dacia logan mcv 2020 cu gpl','&lt;p&gt;Nu fac schimb .&lt;br&gt;Dacia Logan Mcv cu Gpl&lt;br&gt;Anul de fabricație 2020&lt;br&gt;Motor 1.0 tce cu turbo&lt;br&gt;100 CP&lt;br&gt;km 131000.&lt;br&gt;-Lumini de zi full&lt;br&gt;- Sistem audio&lt;br&gt;- Volan reglabil inaltime adancime&lt;br&gt;- Aer condiționat&lt;br&gt;USB,AUX ,&lt;br&gt;- Funcție bluetooth telefon + media&lt;br&gt;- Computer de bord cu display&lt;br&gt;- Scaune comfort cu functie lombar&lt;br&gt;-Geamuri electrice fata&lt;br&gt;- Insertii Antracit ( consola usi volan )&lt;br&gt;- Lumini ambientale interior&lt;br&gt;-Lumini automate&lt;br&gt;- Senzori presiune&lt;br&gt;- Proiectoare ceata&lt;br&gt;- DRL - lumini de zi&lt;br&gt;- ABS ,ASR, ESP&lt;br&gt;- Cover portbagaj retractabil&lt;br&gt;- Banchetă spate cu sistem ISOFIX&lt;br&gt;- Asistență la plecarea din rampă&lt;br&gt;Km reali 100%&lt;/p&gt;',NULL,'Voluntari, Ilfov, Romania','Dacia logan mcv 2020 cu gpl','Dacia logan mcv 2020 cu gpl','2026-05-15 23:09:16','2026-05-15 23:09:16'),(51,26,'en','test new score ip','&lt;p&gt;asd asdas dasd&lt;/p&gt;',NULL,'Alba Iulia, Alba, Romania','test new score ip','test new score ip','2026-05-16 15:55:15','2026-05-16 15:55:15'),(52,26,'ro','test new score ip','&lt;p&gt;asd asdas dasd&lt;/p&gt;',NULL,'Alba Iulia, Alba, Romania','test new score ip','test new score ip','2026-05-16 15:55:15','2026-05-16 15:55:15'),(55,28,'en','test ip verify 2','&lt;p&gt;asd as das d&lt;/p&gt;',NULL,'Bacău, Bacău, Romania','test ip verify 2','test ip verify 2','2026-05-16 19:05:08','2026-05-16 19:05:08'),(56,28,'ro','test ip verify 2','&lt;p&gt;asd as das d&lt;/p&gt;',NULL,'Bacău, Bacău, Romania','test ip verify 2','test ip verify 2','2026-05-16 19:05:08','2026-05-16 19:05:08'),(57,29,'en','test verificare ip score2','&lt;p&gt;asd as das d&lt;/p&gt;',NULL,'Bacău, Bacău, Romania','test verificare ip score2','test verificare ip score2','2026-05-16 19:52:00','2026-05-16 19:52:00'),(58,29,'ro','test verificare ip score2','&lt;p&gt;asd as das d&lt;/p&gt;',NULL,'Bacău, Bacău, Romania','test verificare ip score2','test verificare ip score2','2026-05-16 19:52:00','2026-05-16 19:52:00'),(63,32,'en','test filtarea cuvinte interzise (muie,sex,pula,pizda)','&lt;p&gt;cuvinte interzise , obscene : muie , pula, sex,cacat,pisat,pizda,sloboz....&lt;/p&gt;',NULL,'Azuga, Prahova, 105100, Romania','test filtarea cuvinte interzise (muie,sex,pula,pizda)','test filtarea cuvinte interzise (muie,sex,pula,pizda)','2026-05-17 06:52:20','2026-05-17 06:52:20'),(64,32,'ro','test ads','&lt;p&gt;test ads&lt;/p&gt;',NULL,'Dărmănești','test filtarea cuvinte interzise (muie,sex,pula,pizda)','test filtarea cuvinte interzise (muie,sex,pula,pizda)','2026-05-17 06:52:20','2026-05-18 13:49:32'),(69,35,'en','test vpn 4','&lt;p&gt;asdasdasd&lt;/p&gt;',NULL,'Constanța, Constanța, Romania','test vpn 4','test vpn 4','2026-05-17 09:03:32','2026-05-17 09:03:32'),(70,35,'ro','test vpn 4.2','&lt;p&gt;asdasdasd&lt;/p&gt;',NULL,'Constanța, Constanța, Romania','test vpn 4','test vpn 4','2026-05-17 09:03:32','2026-05-17 09:05:44'),(71,36,'en','test ads 1','&lt;p&gt;asdasdsad&lt;/p&gt;',NULL,'Alba Iulia, Alba, Romania','test ads 1','test ads 1','2026-05-17 11:06:22','2026-05-17 11:06:22'),(72,36,'ro','test ads 1.4 - filtru cuvinte','&lt;p&gt;aceasta este o listare standard pentru anunt de matrimoniale si servicii intime.&lt;/p&gt;',NULL,'Alba Iulia, Alba, Romania','test ads 1','test ads 1','2026-05-17 11:06:22','2026-05-17 12:36:58'),(73,37,'en','Sofer auto cat. B','&lt;p&gt;sofer curierat&lt;/p&gt;',NULL,'București Băneasa, 1, Strada Piața Gara Băneasa, Băneasa, Bucharest, 013711, Romania','Sofer auto cat. B','Sofer auto cat. B','2026-05-17 11:33:57','2026-05-17 11:33:57'),(74,37,'ro','Sofer auto cat. B','&lt;p&gt;sofer curierat&lt;/p&gt;',NULL,'București Băneasa, 1, Strada Piața Gara Băneasa, Băneasa, Bucharest, 013711, Romania','Sofer auto cat. B','Sofer auto cat. B','2026-05-17 11:33:57','2026-05-17 11:33:57'),(75,38,'en','beauty test','&lt;p&gt;asd asd&lt;/p&gt;',NULL,'Bucharest, Romania','beauty test','beauty test','2026-05-17 12:00:48','2026-05-17 12:00:48'),(76,38,'ro','beauty test','&lt;p&gt;asd asd&lt;/p&gt;',NULL,'Bucharest, Romania','beauty test','beauty test','2026-05-17 12:00:48','2026-05-17 12:00:48'),(77,39,'en','imobiliare 1','&lt;p&gt;sd asdsad&lt;/p&gt;',NULL,'Iași, Iași, Romania','imobiliare 1','imobiliare 1','2026-05-17 12:03:18','2026-05-17 12:03:18'),(78,39,'ro','imobiliare 1','&lt;p&gt;sd asdsad&lt;/p&gt;',NULL,'Iași, Iași, Romania','imobiliare 1','imobiliare 1','2026-05-17 12:03:18','2026-05-17 12:03:18'),(79,40,'en','test new form','&lt;p&gt;asda sdasd&lt;/p&gt;',NULL,'Alexandria, Alexandria, Virginia, 22314, USA','test new form','test new form','2026-05-17 15:48:27','2026-05-17 15:48:27'),(80,40,'ro','test new form','&lt;p&gt;asda sdasd&lt;/p&gt;',NULL,'Alexandria, Alexandria, Virginia, 22314, USA','test new form','test new form','2026-05-17 15:48:27','2026-05-17 15:48:27'),(81,41,'en','test crons','&lt;p&gt;dasd asd&amp;nbsp;&lt;/p&gt;',NULL,'Buzău','test crons','test crons','2026-05-17 19:48:57','2026-05-17 19:48:57'),(82,41,'ro','test crons 1.1','&lt;p&gt;dasd asd&amp;nbsp;&lt;/p&gt;',NULL,'Brasov','test crons','test crons','2026-05-17 19:48:57','2026-05-17 19:53:07'),(83,42,'en','apartament 110 mp2','&lt;p&gt;apartament 110 mp2&lt;/p&gt;',NULL,'Piața Victoriei','apartament 110 mp2','apartament 110 mp2','2026-05-17 22:43:24','2026-05-17 22:43:24'),(84,42,'ro','apartament 110 mp2','&lt;p&gt;apartament 110 mp2&lt;/p&gt;',NULL,'Piața Victoriei','apartament 110 mp2','apartament 110 mp2','2026-05-17 22:43:24','2026-05-17 22:43:24'),(85,43,'en','test ad 1','&lt;p&gt;asdasd&lt;/p&gt;',NULL,'Calea Victoriei 2','test ad 1','test ad 1','2026-05-18 16:46:40','2026-05-18 16:46:40'),(86,43,'ro','test ad 1','&lt;p&gt;asdasd&lt;/p&gt;',NULL,'Calea Victoriei 2','test ad 1','test ad 1','2026-05-18 16:46:40','2026-05-18 16:46:40'),(87,44,'en','test ads 2 - individual','&lt;p&gt;asdas dasd&lt;/p&gt;',NULL,'Brasov','test ads 2 - individual','test ads 2 - individual','2026-05-18 16:47:51','2026-05-18 16:47:51'),(88,44,'ro','test ads 2 - individual','&lt;p&gt;asdas dasd&lt;/p&gt;',NULL,'Brasov','test ads 2 - individual','test ads 2 - individual','2026-05-18 16:47:51','2026-05-18 16:47:51'),(89,45,'en','test ad 3 indv','&lt;p&gt;asdasd&lt;/p&gt;',NULL,'Constanța','test ad 3 indv','test ad 3 indv','2026-05-18 16:49:47','2026-05-18 16:49:47'),(90,45,'ro','test ad 3 indv','&lt;p&gt;asdasd&lt;/p&gt;',NULL,'Constanța','test ad 3 indv','test ad 3 indv','2026-05-18 16:49:47','2026-05-18 16:49:47'),(91,46,'en','Test titlu lung al banner-ului din detaliile produsului - incadrare tittlu','&lt;p&gt;asd asd as da&amp;nbsp;&lt;/p&gt;',NULL,'Arad','Test titlu lung al banner-ului din detaliile produsului - incadrare tittlu','Test titlu lung al banner-ului din detaliile produsului - incadrare tittlu','2026-05-18 17:22:13','2026-05-18 17:22:13'),(92,46,'ro','Test titlu lung al banner-ului din detaliile produsului - incadrare tittlu pentru test email add','<p>asd asd as da&nbsp;</p>',NULL,'Arad','Test titlu lung al banner-ului din detaliile produsului - incadrare tittlu','Test titlu lung al banner-ului din detaliile produsului - incadrare tittlu','2026-05-18 17:22:13','2026-05-19 16:12:15'),(93,47,'en','test alt promovare banner categorie','&lt;p&gt;asd asd asdasd&lt;/p&gt;',NULL,'Strada Piața Gara Băneasa 1','test alt promovare banner categorie','test alt promovare banner categorie','2026-05-18 17:32:18','2026-05-18 17:32:18'),(94,47,'ro','test alt promovare banner categorie','&lt;p&gt;asd asd asdasd&lt;/p&gt;',NULL,'Strada Piața Gara Băneasa 1','test alt promovare banner categorie','test alt promovare banner categorie','2026-05-18 17:32:18','2026-05-18 17:32:18'),(95,48,'en','test ad admin','<p>asdasdasd</p>',NULL,'Constanța','test ad admin','test ad admin','2026-05-18 19:11:39','2026-05-18 19:11:39'),(96,48,'ro','test ad admin','<p>asdasdasd</p>',NULL,'Constanța','test ad admin','test ad admin','2026-05-18 19:11:39','2026-05-18 19:11:39'),(97,49,'en','testare utilizator nou','&lt;p&gt;testare utilizator nou&lt;/p&gt;',NULL,'Calea Ferentari','testare utilizator nou','testare utilizator nou','2026-05-19 10:18:16','2026-05-19 10:18:16'),(98,49,'ro','testare utilizator nou','<p>testare utilizator nou</p>',NULL,'Calea Ferentari 23','testare utilizator nou','testare utilizator nou','2026-05-19 10:18:16','2026-05-19 11:44:06');

--
-- Table structure for table `listings`
--

CREATE TABLE `listings` (
  `id` bigint(20) unsigned NOT NULL AUTO_INCREMENT,
  `agent_id` int(11) NOT NULL DEFAULT 0,
  `category_id` int(11) NOT NULL,
  `sub_category_id` int(11) NOT NULL DEFAULT 0,
  `city_id` int(11) NOT NULL,
  `city_district_id` bigint(20) unsigned NOT NULL DEFAULT 0,
  `thumb_image` varchar(255) NOT NULL,
  `slug` varchar(255) NOT NULL,
  `features` text DEFAULT NULL,
  `purpose` varchar(255) DEFAULT NULL,
  `total_view` bigint(20) NOT NULL DEFAULT 0,
  `regular_price` decimal(8,2) NOT NULL,
  `offer_price` decimal(8,2) DEFAULT NULL,
  `video_id` varchar(255) DEFAULT NULL,
  `google_map` text DEFAULT NULL,
  `expired_date` varchar(255) DEFAULT NULL,
  `is_featured` varchar(255) NOT NULL DEFAULT 'disable',
  `is_urgent` varchar(255) NOT NULL DEFAULT 'disable',
  `status` varchar(255) NOT NULL DEFAULT 'disable',
  `approved_by_admin` varchar(255) NOT NULL DEFAULT 'pending',
  `moderation_score` smallint(5) unsigned DEFAULT NULL,
  `moderation_decision` varchar(255) DEFAULT NULL,
  `moderation_flags` text DEFAULT NULL,
  `moderation_queued_at` timestamp NULL DEFAULT NULL,
  `rejected_at` timestamp NULL DEFAULT NULL,
  `created_at` timestamp NULL DEFAULT NULL,
  `updated_at` timestamp NULL DEFAULT NULL,
  `country_id` int(11) NOT NULL DEFAULT 0,
  `county_id` int(11) NOT NULL DEFAULT 0,
  `child_category_id` int(11) NOT NULL DEFAULT 0,
  PRIMARY KEY (`id`)
) ENGINE=InnoDB AUTO_INCREMENT=50 DEFAULT CHARSET=utf8mb4 COLLATE=utf8mb4_unicode_ci;

--
-- Dumping data for table `listings`
--

INSERT INTO `listings` VALUES (18,2,1,5,330,0,'uploads/custom-images/file-name-17788733392188.png','testttttt-34','[]',NULL,11,234.00,NULL,NULL,'','2026-06-18','enable','disable','enable','approved',0,'approved','{\"queue_source\":\"edit\",\"flags\":[\"edit_recheck\"]}',NULL,NULL,'2026-05-15 19:28:08','2026-05-19 11:15:51',1,9,0),(19,2,2,7,325,0,'uploads/custom-images/file-name-17788753026153.png','test-441','[]',NULL,28,333.00,NULL,NULL,'https://maps.locationiq.com/v3/embed/marker?key=pk.a08f3158efb8b8f3522e569a484a4d65&amp;lat=46.5574729&amp;lon=23.808685&amp;zoom=16','2026-06-18','enable','disable','enable','approved',0,'approved','{\"queue_source\":\"edit\",\"flags\":[\"edit_recheck\"]}',NULL,NULL,'2026-05-15 20:01:43','2026-05-19 18:04:29',1,8,0),(20,2,1,4,365,0,'uploads/custom-images/file-name-17788807828530.png','test-map1-2','[]',NULL,16,234.00,NULL,NULL,'locationiq:41.051814,14.331329','2026-06-18','enable','disable','enable','approved',11,'approved','{\"queue_source\":\"edit\",\"flags\":[\"edit_recheck\"],\"fraud\":{\"finalScore\":11,\"decision\":\"APPROVE\",\"breakdown\":{\"ip\":0,\"image\":45,\"account\":0,\"content\":0},\"weights\":{\"ip\":30,\"image\":25,\"account\":25,\"content\":20},\"reasons\":[],\"meta\":{\"ip\":{\"status\":\"missing_or_private_ip\",\"raw_ip\":\"::1\"},\"image\":{\"checked\":2,\"risky\":[{\"path\":\"uploads\\/custom-images\\/file-name-17788807828530.png\",\"classification\":\"possible_adult_or_fashion\",\"field\":\"racy\",\"level\":\"LIKELY\",\"annotation\":{\"adult\":\"VERY_UNLIKELY\",\"spoof\":\"VERY_UNLIKELY\",\"medical\":\"UNLIKELY\",\"violence\":\"UNLIKELY\",\"racy\":\"LIKELY\"}},{\"path\":\"uploads\\/custom-images\\/file-name-17788807839889.png\",\"classification\":\"ambiguous_adult_or_fashion\",\"field\":\"racy\",\"level\":\"VERY_LIKELY\",\"annotation\":{\"adult\":\"UNLIKELY\",\"spoof\":\"POSSIBLE\",\"medical\":\"POSSIBLE\",\"violence\":\"UNLIKELY\",\"racy\":\"VERY_LIKELY\"}}],\"safe_search\":[{\"path\":\"uploads\\/custom-images\\/file-name-17788807828530.png\",\"annotation\":{\"adult\":\"VERY_UNLIKELY\",\"spoof\":\"VERY_UNLIKELY\",\"medical\":\"UNLIKELY\",\"violence\":\"UNLIKELY\",\"racy\":\"LIKELY\"},\"classification\":\"possible_adult_or_fashion\",\"score\":20},{\"path\":\"uploads\\/custom-images\\/file-name-17788807839889.png\",\"annotation\":{\"adult\":\"UNLIKELY\",\"spoof\":\"POSSIBLE\",\"medical\":\"POSSIBLE\",\"violence\":\"UNLIKELY\",\"racy\":\"VERY_LIKELY\"},\"classification\":\"ambiguous_adult_or_fashion\",\"score\":45}],\"text_violations\":[],\"errors\":[]},\"account\":{\"user_id\":2,\"raw_score\":0},\"content\":{\"matched_words\":[],\"has_contact_info\":false,\"raw_score\":0}}}}',NULL,NULL,'2026-05-15 21:33:04','2026-05-18 23:10:53',1,37,10),(21,1,1,4,325,0,'uploads/custom-images/file-name-17788829184516.png','test-modifications-edit','[\"3\"]',NULL,5,555.00,NULL,NULL,'locationiq:45.7053873,25.52311691',NULL,'disable','disable','enable','approved',0,'approved','{\"queue_source\":\"edit\",\"flags\":[\"edit_recheck\"]}',NULL,NULL,'2026-05-15 22:08:42','2026-05-17 15:25:23',1,8,9),(22,1,1,4,320,0,'uploads/custom-images/file-name-17788848328892.png','test-vision','null',NULL,6,232.00,NULL,NULL,'locationiq:45.6424946,25.5907723',NULL,'disable','disable','enable','approved',20,'approved','{\"queue_source\":\"create\",\"flags\":[\"new_account\"]}',NULL,NULL,'2026-05-15 22:40:34','2026-05-17 15:25:23',1,10,9),(23,1,1,4,330,0,'uploads/custom-images/file-name-17788854186040.png','test-vision-2','null',NULL,7,122.00,NULL,NULL,'locationiq:45.2716092,27.9742932',NULL,'disable','disable','enable','approved',20,'approved','{\"queue_source\":\"create\",\"flags\":[\"new_account\"]}',NULL,NULL,'2026-05-15 22:50:19','2026-05-17 15:25:23',1,9,9),(25,1,1,1,336,0,'uploads/custom-images/file-name-17788865547596.webp','dacia-logan-mcv-2020-cu-gpl','[\"3\"]',NULL,21,24000.00,NULL,NULL,'locationiq:44.4902779,26.1772794',NULL,'disable','disable','enable','approved',40,'approved','{\"queue_source\":\"create\",\"flags\":[\"new_account\",\"rapid_posting\"]}',NULL,NULL,'2026-05-15 23:09:16','2026-05-19 18:38:28',1,27,1),(26,2,1,1,349,0,'uploads/custom-images/file-name-17789469144307.png','test-new-score-ip','[\"3\"]',NULL,22,2322.00,NULL,NULL,'locationiq:46.0682753,23.5664761','2026-06-18','enable','disable','enable','approved',0,'approved','{\"queue_source\":\"edit\",\"flags\":[\"edit_recheck\"],\"fraud\":{\"finalScore\":0,\"decision\":\"APPROVE\",\"breakdown\":{\"ip\":0,\"image\":0,\"account\":0,\"content\":0},\"weights\":{\"ip\":30,\"image\":25,\"account\":25,\"content\":20},\"meta\":{\"ip\":{\"status\":\"missing_api_key\"},\"image\":{\"checked\":2,\"risky\":[],\"errors\":[]},\"account\":{\"user_id\":2,\"raw_score\":0},\"content\":{\"matched_words\":[],\"raw_score\":0}}}}',NULL,NULL,'2026-05-16 15:55:15','2026-05-18 23:10:53',1,1,1),(28,3,1,1,333,0,'uploads/custom-images/file-name-17789583072916.webp','test-ip-verify-2','[\"2\"]',NULL,22,23.00,NULL,NULL,'locationiq:46.5560493,26.9153557',NULL,'enable','disable','enable','approved',3,'approved','{\"queue_source\":\"edit\",\"flags\":[\"dubious_price\",\"edit_recheck\"],\"fraud\":{\"finalScore\":3,\"decision\":\"APPROVE\",\"breakdown\":{\"ip\":0,\"image\":0,\"account\":0,\"content\":15},\"weights\":{\"ip\":30,\"image\":25,\"account\":25,\"content\":20},\"reasons\":[\"Pre\\u021bul anun\\u021bului pare suspect\"],\"meta\":{\"ip\":{\"status\":\"missing_or_private_ip\",\"raw_ip\":\"::1\"},\"image\":{\"checked\":2,\"risky\":[],\"safe_search\":[{\"path\":\"uploads\\/custom-images\\/file-name-17789583072916.webp\",\"annotation\":{\"adult\":\"VERY_UNLIKELY\",\"spoof\":\"VERY_UNLIKELY\",\"medical\":\"UNLIKELY\",\"violence\":\"VERY_UNLIKELY\",\"racy\":\"UNLIKELY\"},\"classification\":\"safe\",\"score\":0},{\"path\":\"uploads\\/custom-images\\/file-name-17789650946601.webp\",\"annotation\":{\"adult\":\"VERY_UNLIKELY\",\"spoof\":\"VERY_UNLIKELY\",\"medical\":\"VERY_UNLIKELY\",\"violence\":\"VERY_UNLIKELY\",\"racy\":\"VERY_UNLIKELY\"},\"classification\":\"safe\",\"score\":0}],\"text_violations\":[],\"errors\":[]},\"account\":{\"user_id\":3,\"raw_score\":0},\"content\":{\"matched_words\":[],\"has_contact_info\":false,\"raw_score\":15}}}}',NULL,NULL,'2026-05-16 19:05:08','2026-05-19 10:01:13',1,4,0),(29,2,1,4,333,0,'uploads/custom-images/file-name-17789611199466.png','test-verificare-ip-score2','[\"3\"]',NULL,14,122.00,NULL,NULL,'locationiq:46.5560493,26.9153557','2026-06-18','enable','disable','enable','approved',10,'approved','{\"queue_source\":\"create\",\"flags\":[\"new_account\",\"rapid_posting\"],\"fraud\":{\"finalScore\":10,\"decision\":\"APPROVE\",\"breakdown\":{\"ip\":0,\"image\":0,\"account\":40,\"content\":0},\"weights\":{\"ip\":30,\"image\":25,\"account\":25,\"content\":20},\"meta\":{\"ip\":{\"status\":\"missing_api_key\"},\"image\":{\"checked\":1,\"risky\":[],\"errors\":[]},\"account\":{\"user_id\":2,\"raw_score\":40},\"content\":{\"matched_words\":[],\"raw_score\":0}}}}',NULL,NULL,'2026-05-16 19:52:00','2026-05-18 23:10:53',1,4,10),(32,2,1,4,452,0,'uploads/custom-images/file-name-17790007398384.png','test-ads','[]',NULL,0,33.00,NULL,NULL,'locationiq:46.3690446,26.4705105','2026-06-18','disable','disable','disable','rejected',100,'rejected','{\"queue_source\":\"edit\",\"flags\":[\"suspicious_words\",\"profanity_or_abuse\",\"edit_recheck\"],\"fraud\":{\"finalScore\":100,\"decision\":\"REJECT\",\"breakdown\":{\"ip\":0,\"image\":0,\"account\":0,\"content\":100},\"weights\":{\"ip\":30,\"image\":25,\"account\":25,\"content\":20},\"reasons\":[\"Titlul sau descrierea con\\u021bine cuvinte obscene, jignitoare sau interzise: pula ,  pula,  pizda, pizda , muie ,  muie, cacat, c\\u0103cat\"],\"meta\":{\"ip\":{\"status\":\"missing_or_private_ip\",\"raw_ip\":\"::1\"},\"image\":{\"checked\":1,\"risky\":[],\"safe_search\":[{\"path\":\"uploads\\/custom-images\\/file-name-17790007398384.png\",\"annotation\":{\"adult\":\"VERY_UNLIKELY\",\"spoof\":\"POSSIBLE\",\"medical\":\"UNLIKELY\",\"violence\":\"UNLIKELY\",\"racy\":\"POSSIBLE\"},\"classification\":\"safe\",\"score\":0}],\"text_violations\":[],\"errors\":[]},\"account\":{\"user_id\":2,\"raw_score\":0},\"content\":{\"matched_words\":[\"pula \",\" pula\",\" pizda\",\"pizda \",\"muie \",\" muie\",\"cacat\",\"c\\u0103cat\"],\"has_contact_info\":false,\"raw_score\":100}}}}',NULL,'2026-05-18 13:49:58','2026-05-17 06:52:20','2026-05-18 23:10:53',1,4,9),(35,4,1,4,323,0,'uploads/custom-images/file-name-17790086967116.PNG','test-vpn-42','[]',NULL,1,123.00,NULL,NULL,'locationiq:44.1767161,28.6507598',NULL,'disable','disable','enable','approved',0,'approved','{\"queue_source\":\"edit\",\"flags\":[\"edit_recheck\"],\"fraud\":{\"finalScore\":0,\"decision\":\"APPROVE\",\"breakdown\":{\"ip\":0,\"image\":0,\"account\":0,\"content\":0},\"weights\":{\"ip\":30,\"image\":25,\"account\":25,\"content\":20},\"reasons\":[],\"meta\":{\"ip\":{\"ip\":\"51.81.245.209\",\"abuseConfidenceScore\":0},\"image\":{\"checked\":1,\"risky\":[],\"text_violations\":[],\"errors\":[]},\"account\":{\"user_id\":4,\"raw_score\":0},\"content\":{\"matched_words\":[],\"has_contact_info\":false,\"raw_score\":0}}}}',NULL,NULL,'2026-05-17 09:03:32','2026-05-17 18:31:44',1,15,9),(36,5,1,2,349,0,'uploads/custom-images/file-name-17790208695075.jpg','test-ads-14-filtru-cuvinte','[]',NULL,1,22.00,NULL,NULL,'locationiq:46.0682753,23.5664761',NULL,'disable','disable','enable','approved',11,'approved','{\"queue_source\":\"edit\",\"flags\":[\"edit_recheck\"],\"fraud\":{\"finalScore\":11,\"decision\":\"APPROVE\",\"breakdown\":{\"ip\":0,\"image\":45,\"account\":0,\"content\":0},\"weights\":{\"ip\":30,\"image\":25,\"account\":25,\"content\":20},\"reasons\":[],\"meta\":{\"ip\":{\"ip\":\"15.204.43.251\",\"abuseConfidenceScore\":0},\"image\":{\"checked\":1,\"risky\":[{\"path\":\"uploads\\/custom-images\\/file-name-17790208695075.jpg\",\"classification\":\"ambiguous_adult_or_fashion\",\"field\":\"racy\",\"level\":\"VERY_LIKELY\",\"annotation\":{\"adult\":\"UNLIKELY\",\"spoof\":\"VERY_UNLIKELY\",\"medical\":\"UNLIKELY\",\"violence\":\"UNLIKELY\",\"racy\":\"VERY_LIKELY\"}}],\"safe_search\":[{\"path\":\"uploads\\/custom-images\\/file-name-17790208695075.jpg\",\"annotation\":{\"adult\":\"UNLIKELY\",\"spoof\":\"VERY_UNLIKELY\",\"medical\":\"UNLIKELY\",\"violence\":\"UNLIKELY\",\"racy\":\"VERY_LIKELY\"},\"classification\":\"ambiguous_adult_or_fashion\",\"score\":45}],\"text_violations\":[],\"errors\":[]},\"account\":{\"user_id\":5,\"raw_score\":0},\"content\":{\"matched_words\":[],\"has_contact_info\":false,\"raw_score\":0}}}}',NULL,NULL,'2026-05-17 11:06:22','2026-05-17 15:25:23',1,1,4),(37,2,3,18,320,0,'uploads/custom-images/file-name-17790179824232.png','sofer-auto-cat-b','[\"4\"]',NULL,13,4500.00,NULL,NULL,'locationiq:44.4850976,26.0740739','2026-06-18','enable','disable','enable','approved',0,'approved','{\"queue_source\":\"edit\",\"flags\":[\"edit_recheck\"],\"fraud\":{\"finalScore\":0,\"decision\":\"APPROVE\",\"breakdown\":{\"ip\":0,\"image\":0,\"account\":0,\"content\":0},\"weights\":{\"ip\":30,\"image\":25,\"account\":25,\"content\":20},\"reasons\":[],\"meta\":{\"ip\":{\"status\":\"missing_or_private_ip\",\"raw_ip\":\"127.0.0.1\"},\"image\":{\"checked\":1,\"risky\":[],\"text_violations\":[],\"errors\":[]},\"account\":{\"user_id\":2,\"raw_score\":0},\"content\":{\"matched_words\":[],\"has_contact_info\":false,\"raw_score\":0}}}}',NULL,NULL,'2026-05-17 11:33:57','2026-05-18 23:10:53',1,10,0),(38,2,1,4,365,0,'uploads/custom-images/file-name-17790192479769.png','beauty-test','[\"2\"]',NULL,14,22.00,NULL,NULL,'locationiq:44.4361414,26.102684','2026-06-18','enable','disable','enable','approved',10,'approved','{\"queue_source\":\"create\",\"flags\":[\"new_account\",\"rapid_posting\"],\"fraud\":{\"finalScore\":10,\"decision\":\"APPROVE\",\"breakdown\":{\"ip\":0,\"image\":0,\"account\":40,\"content\":0},\"weights\":{\"ip\":30,\"image\":25,\"account\":25,\"content\":20},\"reasons\":[\"Contul este prea nou pentru publicare automat\\u0103\",\"Contul a publicat prea multe anun\\u021buri \\u00eentr-un interval scurt\"],\"meta\":{\"ip\":{\"status\":\"missing_or_private_ip\",\"raw_ip\":\"127.0.0.1\"},\"image\":{\"checked\":1,\"risky\":[],\"safe_search\":[{\"path\":\"uploads\\/custom-images\\/file-name-17790192479769.png\",\"annotation\":{\"adult\":\"VERY_UNLIKELY\",\"spoof\":\"VERY_UNLIKELY\",\"medical\":\"VERY_UNLIKELY\",\"violence\":\"VERY_UNLIKELY\",\"racy\":\"VERY_UNLIKELY\"},\"classification\":\"safe\",\"score\":0}],\"text_violations\":[],\"errors\":[]},\"account\":{\"user_id\":2,\"raw_score\":40},\"content\":{\"matched_words\":[],\"has_contact_info\":false,\"raw_score\":0}}}}',NULL,NULL,'2026-05-17 12:00:48','2026-05-18 23:52:44',1,37,9),(39,2,2,6,556,0,'uploads/custom-images/file-name-17790193961916.png','imobiliare-1','[]',NULL,17,34234.00,NULL,NULL,'locationiq:47.1615598,27.5837814','2026-06-18','enable','disable','enable','approved',0,'approved','{\"queue_source\":\"edit\",\"flags\":[\"edit_recheck\"],\"fraud\":{\"finalScore\":0,\"decision\":\"APPROVE\",\"breakdown\":{\"ip\":0,\"image\":0,\"account\":0,\"content\":0},\"weights\":{\"ip\":30,\"image\":25,\"account\":25,\"content\":20},\"reasons\":[],\"meta\":{\"ip\":{\"status\":\"missing_or_private_ip\",\"raw_ip\":\"127.0.0.1\"},\"image\":{\"checked\":3,\"risky\":[],\"safe_search\":[{\"path\":\"uploads\\/custom-images\\/file-name-17790193961916.png\",\"annotation\":{\"adult\":\"VERY_UNLIKELY\",\"spoof\":\"VERY_UNLIKELY\",\"medical\":\"VERY_UNLIKELY\",\"violence\":\"VERY_UNLIKELY\",\"racy\":\"UNLIKELY\"},\"classification\":\"safe\",\"score\":0},{\"path\":\"uploads\\/custom-images\\/file-name-17790193971288.png\",\"annotation\":{\"adult\":\"VERY_UNLIKELY\",\"spoof\":\"VERY_UNLIKELY\",\"medical\":\"VERY_UNLIKELY\",\"violence\":\"VERY_UNLIKELY\",\"racy\":\"VERY_UNLIKELY\"},\"classification\":\"safe\",\"score\":0},{\"path\":\"uploads\\/custom-images\\/file-name-17790193981093.png\",\"annotation\":{\"adult\":\"VERY_UNLIKELY\",\"spoof\":\"VERY_UNLIKELY\",\"medical\":\"VERY_UNLIKELY\",\"violence\":\"VERY_UNLIKELY\",\"racy\":\"VERY_UNLIKELY\"},\"classification\":\"safe\",\"score\":0}],\"text_violations\":[],\"errors\":[]},\"account\":{\"user_id\":2,\"raw_score\":0},\"content\":{\"matched_words\":[],\"has_contact_info\":false,\"raw_score\":0}}}}',NULL,NULL,'2026-05-17 12:03:18','2026-05-18 23:10:53',1,2,0),(40,2,1,1,365,0,'uploads/custom-images/file-name-17790329063304.png','test-new-form','[\"3\"]',NULL,15,232.00,NULL,NULL,'locationiq:38.8051095,-77.0470229','2026-06-18','enable','disable','enable','approved',10,'approved','{\"queue_source\":\"create\",\"flags\":[\"new_account\",\"rapid_posting\"],\"fraud\":{\"finalScore\":10,\"decision\":\"APPROVE\",\"breakdown\":{\"ip\":0,\"image\":0,\"account\":40,\"content\":0},\"weights\":{\"ip\":30,\"image\":25,\"account\":25,\"content\":20},\"reasons\":[\"Contul este prea nou pentru publicare automat\\u0103\",\"Contul a publicat prea multe anun\\u021buri \\u00eentr-un interval scurt\"],\"meta\":{\"ip\":{\"status\":\"missing_or_private_ip\",\"raw_ip\":\"127.0.0.1\"},\"image\":{\"checked\":1,\"risky\":[],\"safe_search\":[{\"path\":\"uploads\\/custom-images\\/file-name-17790329063304.png\",\"annotation\":{\"adult\":\"VERY_UNLIKELY\",\"spoof\":\"VERY_UNLIKELY\",\"medical\":\"VERY_UNLIKELY\",\"violence\":\"VERY_UNLIKELY\",\"racy\":\"VERY_UNLIKELY\"},\"classification\":\"safe\",\"score\":0}],\"text_violations\":[],\"errors\":[]},\"account\":{\"user_id\":2,\"raw_score\":40},\"content\":{\"matched_words\":[],\"has_contact_info\":false,\"raw_score\":0}}}}',NULL,NULL,'2026-05-17 15:48:27','2026-05-19 09:49:58',1,37,1),(41,2,3,13,325,0,'uploads/custom-images/file-name-17790473362631.png','test-crons-11','[\"5\"]',NULL,12,13123.00,NULL,NULL,'locationiq:45.6525105,25.6105654','2026-06-18','enable','disable','enable','approved',0,'approved','{\"queue_source\":\"edit\",\"flags\":[\"edit_recheck\"],\"fraud\":{\"finalScore\":0,\"decision\":\"APPROVE\",\"breakdown\":{\"ip\":0,\"image\":0,\"account\":0,\"content\":0},\"weights\":{\"ip\":30,\"image\":25,\"account\":25,\"content\":20},\"reasons\":[],\"meta\":{\"ip\":{\"status\":\"missing_or_private_ip\",\"raw_ip\":\"127.0.0.1\"},\"image\":{\"checked\":2,\"risky\":[],\"safe_search\":[{\"path\":\"uploads\\/custom-images\\/file-name-17790473362631.png\",\"annotation\":{\"adult\":\"VERY_UNLIKELY\",\"spoof\":\"VERY_UNLIKELY\",\"medical\":\"VERY_UNLIKELY\",\"violence\":\"VERY_UNLIKELY\",\"racy\":\"VERY_UNLIKELY\"},\"classification\":\"safe\",\"score\":0},{\"path\":\"uploads\\/custom-images\\/file-name-17790475628176.png\",\"annotation\":{\"adult\":\"VERY_UNLIKELY\",\"spoof\":\"VERY_UNLIKELY\",\"medical\":\"VERY_UNLIKELY\",\"violence\":\"VERY_UNLIKELY\",\"racy\":\"VERY_UNLIKELY\"},\"classification\":\"safe\",\"score\":0}],\"text_violations\":[],\"errors\":[]},\"account\":{\"user_id\":2,\"raw_score\":0},\"content\":{\"matched_words\":[],\"has_contact_info\":false,\"raw_score\":0}}}}',NULL,NULL,'2026-05-17 19:48:57','2026-05-18 23:10:53',1,8,16),(42,2,2,6,320,0,'uploads/custom-images/file-name-17790578046246.png','apartament-110-mp2','[\"6\",\"7\",\"8\"]',NULL,20,2233.00,NULL,NULL,'locationiq:44.4526258,26.086432','2026-06-18','enable','disable','enable','approved',10,'approved','{\"queue_source\":\"create\",\"flags\":[\"new_account\",\"rapid_posting\"],\"fraud\":{\"finalScore\":10,\"decision\":\"APPROVE\",\"breakdown\":{\"ip\":0,\"image\":0,\"account\":40,\"content\":0},\"weights\":{\"ip\":30,\"image\":25,\"account\":25,\"content\":20},\"reasons\":[\"Contul este prea nou pentru publicare automat\\u0103\",\"Contul a publicat prea multe anun\\u021buri \\u00eentr-un interval scurt\"],\"meta\":{\"ip\":{\"status\":\"missing_or_private_ip\",\"raw_ip\":\"::1\"},\"image\":{\"checked\":1,\"risky\":[],\"safe_search\":[{\"path\":\"uploads\\/custom-images\\/file-name-17790578046246.png\",\"annotation\":{\"adult\":\"VERY_UNLIKELY\",\"spoof\":\"UNLIKELY\",\"medical\":\"VERY_UNLIKELY\",\"violence\":\"VERY_UNLIKELY\",\"racy\":\"UNLIKELY\"},\"classification\":\"safe\",\"score\":0}],\"text_violations\":[],\"errors\":[]},\"account\":{\"user_id\":2,\"raw_score\":40},\"content\":{\"matched_words\":[],\"has_contact_info\":false,\"raw_score\":0}}}}',NULL,NULL,'2026-05-17 22:43:24','2026-05-19 16:38:45',1,10,24),(43,3,1,1,320,2,'uploads/custom-images/file-name-17791228007475.png','test-ad-1','[\"3\"]',NULL,8,123.00,NULL,NULL,'locationiq:44.43008395,26.0972483',NULL,'enable','disable','enable','approved',5,'approved','{\"queue_source\":\"create\",\"flags\":[\"new_account\"],\"fraud\":{\"finalScore\":5,\"decision\":\"APPROVE\",\"breakdown\":{\"ip\":0,\"image\":0,\"account\":20,\"content\":0},\"weights\":{\"ip\":30,\"image\":25,\"account\":25,\"content\":20},\"reasons\":[\"Contul este prea nou pentru publicare automat\\u0103\"],\"meta\":{\"ip\":{\"status\":\"missing_or_private_ip\",\"raw_ip\":\"::1\"},\"image\":{\"checked\":1,\"risky\":[],\"safe_search\":[{\"path\":\"uploads\\/custom-images\\/file-name-17791228007475.png\",\"annotation\":{\"adult\":\"VERY_UNLIKELY\",\"spoof\":\"VERY_UNLIKELY\",\"medical\":\"VERY_UNLIKELY\",\"violence\":\"VERY_UNLIKELY\",\"racy\":\"UNLIKELY\"},\"classification\":\"safe\",\"score\":0}],\"text_violations\":[],\"errors\":[]},\"account\":{\"user_id\":3,\"raw_score\":20},\"content\":{\"matched_words\":[],\"has_contact_info\":false,\"raw_score\":0}}}}',NULL,NULL,'2026-05-18 16:46:40','2026-05-19 11:52:44',1,10,1),(44,3,1,1,325,0,'uploads/custom-images/file-name-17791228719542.png','test-ads-2-individual','[\"3\"]',NULL,0,321.00,NULL,NULL,'locationiq:45.6525105,25.6105654',NULL,'disable','disable','enable','approved',0,'approved','{\"queue_source\":\"edit\",\"flags\":[\"edit_recheck\"],\"fraud\":{\"finalScore\":0,\"decision\":\"APPROVE\",\"breakdown\":{\"ip\":0,\"image\":0,\"account\":0,\"content\":0},\"weights\":{\"ip\":30,\"image\":25,\"account\":25,\"content\":20},\"reasons\":[],\"meta\":{\"ip\":{\"status\":\"missing_or_private_ip\",\"raw_ip\":\"::1\"},\"image\":{\"checked\":1,\"risky\":[],\"safe_search\":[{\"path\":\"uploads\\/custom-images\\/file-name-17791228719542.png\",\"annotation\":{\"adult\":\"VERY_UNLIKELY\",\"spoof\":\"VERY_UNLIKELY\",\"medical\":\"VERY_UNLIKELY\",\"violence\":\"VERY_UNLIKELY\",\"racy\":\"UNLIKELY\"},\"classification\":\"safe\",\"score\":0}],\"text_violations\":[],\"errors\":[]},\"account\":{\"user_id\":3,\"raw_score\":0},\"content\":{\"matched_words\":[],\"has_contact_info\":false,\"raw_score\":0}}}}',NULL,NULL,'2026-05-18 16:47:51','2026-05-18 18:36:57',1,8,0),(45,3,1,1,323,0,'uploads/custom-images/file-name-17791229873568.PNG','test-ad-3-indv','[\"3\"]',NULL,1,233.00,NULL,NULL,'locationiq:44.1767161,28.6507598',NULL,'disable','disable','disable','pending',NULL,'awaiting_promotion_payment','{\"queue_source\":\"edit\",\"ip\":\"::1\",\"client_ip\":null,\"x_forwarded_for\":null,\"x_real_ip\":null,\"cf_connecting_ip\":null,\"true_client_ip\":null,\"flags\":[]}','2026-05-18 18:38:13',NULL,'2026-05-18 16:49:47','2026-05-18 18:38:20',1,15,1),(46,7,1,1,331,0,'uploads/custom-images/file-name-17791249868941.png','test-titlu-lung-al-bannerului-din-detaliile-produsului-incadrare-tittlu-pentru-test-email-add','[\"3\"]',NULL,21,12300.00,NULL,NULL,'locationiq:46.1753793,21.3196342','2026-06-17','enable','disable','enable','approved',0,'approved','{\"queue_source\":\"edit\",\"flags\":[\"edit_recheck\"],\"fraud\":{\"finalScore\":0,\"decision\":\"APPROVE\",\"breakdown\":{\"ip\":0,\"image\":0,\"account\":0,\"content\":0},\"weights\":{\"ip\":30,\"image\":25,\"account\":25,\"content\":20},\"reasons\":[],\"meta\":{\"ip\":{\"status\":\"missing_or_private_ip\",\"raw_ip\":\"127.0.0.1\"},\"image\":{\"checked\":1,\"risky\":[],\"safe_search\":[{\"path\":\"uploads\\/custom-images\\/file-name-17791249868941.png\",\"annotation\":{\"adult\":\"VERY_UNLIKELY\",\"spoof\":\"VERY_UNLIKELY\",\"medical\":\"VERY_UNLIKELY\",\"violence\":\"VERY_UNLIKELY\",\"racy\":\"VERY_UNLIKELY\"},\"classification\":\"safe\",\"score\":0}],\"text_violations\":[],\"errors\":[]},\"account\":{\"user_id\":6,\"raw_score\":0},\"content\":{\"matched_words\":[],\"has_contact_info\":false,\"raw_score\":0}}}}',NULL,NULL,'2026-05-18 17:22:13','2026-05-19 18:24:29',1,2,3),(47,3,1,4,320,1,'uploads/custom-images/file-name-17791255383526.PNG','test-alt-promovare-banner-categorie-','[\"3\"]',NULL,15,232.00,NULL,NULL,'locationiq:44.4850976,26.0740739',NULL,'enable','disable','enable','approved',10,'approved','{\"queue_source\":\"create\",\"flags\":[\"new_account\",\"rapid_posting\"],\"fraud\":{\"finalScore\":10,\"decision\":\"APPROVE\",\"breakdown\":{\"ip\":0,\"image\":0,\"account\":40,\"content\":0},\"weights\":{\"ip\":30,\"image\":25,\"account\":25,\"content\":20},\"reasons\":[\"Contul este prea nou pentru publicare automat\\u0103\",\"Contul a publicat prea multe anun\\u021buri \\u00eentr-un interval scurt\"],\"meta\":{\"ip\":{\"status\":\"missing_or_private_ip\",\"raw_ip\":\"::1\"},\"image\":{\"checked\":1,\"risky\":[],\"safe_search\":[{\"path\":\"uploads\\/custom-images\\/file-name-17791255383526.PNG\",\"annotation\":{\"adult\":\"VERY_UNLIKELY\",\"spoof\":\"VERY_UNLIKELY\",\"medical\":\"UNLIKELY\",\"violence\":\"VERY_UNLIKELY\",\"racy\":\"VERY_UNLIKELY\"},\"classification\":\"safe\",\"score\":0}],\"text_violations\":[],\"errors\":[]},\"account\":{\"user_id\":3,\"raw_score\":40},\"content\":{\"matched_words\":[],\"has_contact_info\":false,\"raw_score\":0}}}}',NULL,NULL,'2026-05-18 17:32:18','2026-05-18 23:52:32',1,10,10),(48,1,1,10,323,0,'uploads/custom-images/file-name-17791314992083.PNG','test-ad-admin','[\"3\"]',NULL,1,324.00,NULL,NULL,'locationiq:44.1767161,28.6507598',NULL,'enable','disable','enable','approved',NULL,NULL,NULL,NULL,NULL,'2026-05-18 19:11:39','2026-05-18 21:13:33',1,15,0),(49,7,1,2,320,1,'uploads/custom-images/file-name-17791869708894.png','testare-utilizator-nou','[\"3\"]',NULL,2,289.47,NULL,NULL,'locationiq:44.4077765,26.07887286',NULL,'enable','disable','enable','approved',0,'approved','{\"queue_source\":\"edit\",\"flags\":[\"edit_recheck\"],\"fraud\":{\"finalScore\":0,\"decision\":\"APPROVE\",\"breakdown\":{\"ip\":0,\"image\":0,\"account\":0,\"content\":0},\"weights\":{\"ip\":30,\"image\":25,\"account\":25,\"content\":20},\"reasons\":[],\"meta\":{\"ip\":{\"status\":\"missing_or_private_ip\",\"raw_ip\":\"127.0.0.1\"},\"image\":{\"checked\":1,\"risky\":[],\"safe_search\":[{\"path\":\"uploads\\/custom-images\\/file-name-17791869708894.png\",\"annotation\":{\"adult\":\"VERY_UNLIKELY\",\"spoof\":\"VERY_UNLIKELY\",\"medical\":\"VERY_UNLIKELY\",\"violence\":\"VERY_UNLIKELY\",\"racy\":\"UNLIKELY\"},\"classification\":\"safe\",\"score\":0}],\"text_violations\":[],\"errors\":[]},\"account\":{\"user_id\":7,\"raw_score\":0},\"content\":{\"matched_words\":[],\"has_contact_info\":false,\"raw_score\":0}}}}',NULL,NULL,'2026-05-19 10:18:16','2026-05-19 11:57:29',1,10,5);

--
-- Table structure for table `menu_item_translations`
--

CREATE TABLE `menu_item_translations` (
  `id` bigint(20) unsigned NOT NULL AUTO_INCREMENT,
  `menu_item_id` bigint(20) unsigned NOT NULL,
  `locale` varchar(255) NOT NULL,
  `title` varchar(255) NOT NULL,
  `created_at` timestamp NULL DEFAULT NULL,
  `updated_at` timestamp NULL DEFAULT NULL,
  PRIMARY KEY (`id`),
  UNIQUE KEY `menu_item_translations_menu_item_id_locale_unique` (`menu_item_id`,`locale`),
  CONSTRAINT `menu_item_translations_menu_item_id_foreign` FOREIGN KEY (`menu_item_id`) REFERENCES `menu_items` (`id`) ON DELETE CASCADE
) ENGINE=InnoDB AUTO_INCREMENT=152 DEFAULT CHARSET=utf8mb4 COLLATE=utf8mb4_unicode_ci;

--
-- Dumping data for table `menu_item_translations`
--



--
-- Table structure for table `menu_items`
--

CREATE TABLE `menu_items` (
  `id` bigint(20) unsigned NOT NULL AUTO_INCREMENT,
  `menu_id` bigint(20) unsigned NOT NULL,
  `parent_id` bigint(20) unsigned DEFAULT NULL,
  `title` varchar(255) NOT NULL,
  `url` varchar(255) DEFAULT NULL,
  `target` varchar(255) NOT NULL DEFAULT '_self',
  `icon` varchar(255) DEFAULT NULL,
  `css_class` varchar(255) DEFAULT NULL,
  `sort_order` int(11) NOT NULL DEFAULT 0,
  `is_active` tinyint(1) NOT NULL DEFAULT 1,
  `created_at` timestamp NULL DEFAULT NULL,
  `updated_at` timestamp NULL DEFAULT NULL,
  PRIMARY KEY (`id`),
  KEY `menu_items_menu_id_foreign` (`menu_id`),
  KEY `menu_items_parent_id_foreign` (`parent_id`),
  CONSTRAINT `menu_items_menu_id_foreign` FOREIGN KEY (`menu_id`) REFERENCES `menus` (`id`) ON DELETE CASCADE,
  CONSTRAINT `menu_items_parent_id_foreign` FOREIGN KEY (`parent_id`) REFERENCES `menu_items` (`id`) ON DELETE CASCADE
) ENGINE=InnoDB AUTO_INCREMENT=43 DEFAULT CHARSET=utf8mb4 COLLATE=utf8mb4_unicode_ci;

--
-- Dumping data for table `menu_items`
--



--
-- Table structure for table `menu_settings`
--

CREATE TABLE `menu_settings` (
  `id` int(10) unsigned NOT NULL AUTO_INCREMENT,
  `menu_id` int(11) DEFAULT NULL,
  `depth` varchar(191) NOT NULL DEFAULT '5',
  `apply_child_as_parent` tinyint(1) NOT NULL DEFAULT 0,
  `levels` text DEFAULT NULL,
  `created_at` timestamp NULL DEFAULT NULL,
  `updated_at` timestamp NULL DEFAULT NULL,
  PRIMARY KEY (`id`)
) ENGINE=InnoDB AUTO_INCREMENT=3 DEFAULT CHARSET=utf8mb4 COLLATE=utf8mb4_unicode_ci;

--
-- Dumping data for table `menu_settings`
--

INSERT INTO `menu_settings` VALUES (1,NULL,'5',0,'{\"root\":{\"style\":\"vertical\"},\"child\":{\"show\":\"onClick\",\"position\":\"right\",\"level_1\":{\"show\":\"onClick\",\"position\":\"bottom\"},\"level_2\":{\"show\":\"onHover\",\"position\":\"right\"}}}','2025-06-16 03:31:21','2025-06-16 03:31:21'),(2,1,'5',0,'{\"root\":{\"style\":\"vertical\"},\"child\":{\"show\":\"onClick\",\"position\":\"right\",\"level_1\":{\"show\":\"onClick\",\"position\":\"bottom\"},\"level_2\":{\"show\":\"onHover\",\"position\":\"right\"}}}','2025-06-16 09:48:23','2025-06-16 09:56:15');

--
-- Table structure for table `menu_translations`
--

CREATE TABLE `menu_translations` (
  `id` bigint(20) unsigned NOT NULL AUTO_INCREMENT,
  `menu_id` bigint(20) unsigned NOT NULL,
  `locale` varchar(255) NOT NULL,
  `name` varchar(255) NOT NULL,
  `created_at` timestamp NULL DEFAULT NULL,
  `updated_at` timestamp NULL DEFAULT NULL,
  PRIMARY KEY (`id`),
  UNIQUE KEY `menu_translations_menu_id_locale_unique` (`menu_id`,`locale`),
  CONSTRAINT `menu_translations_menu_id_foreign` FOREIGN KEY (`menu_id`) REFERENCES `menus` (`id`) ON DELETE CASCADE
) ENGINE=InnoDB DEFAULT CHARSET=utf8mb4 COLLATE=utf8mb4_unicode_ci;

--
-- Dumping data for table `menu_translations`
--


--
-- Table structure for table `menus`
--

CREATE TABLE `menus` (
  `id` bigint(20) unsigned NOT NULL AUTO_INCREMENT,
  `name` varchar(255) NOT NULL,
  `location` varchar(255) NOT NULL DEFAULT 'header',
  `is_active` tinyint(1) NOT NULL DEFAULT 1,
  `sort_order` int(11) NOT NULL DEFAULT 0,
  `created_at` timestamp NULL DEFAULT NULL,
  `updated_at` timestamp NULL DEFAULT NULL,
  PRIMARY KEY (`id`)
) ENGINE=InnoDB AUTO_INCREMENT=5 DEFAULT CHARSET=utf8mb4 COLLATE=utf8mb4_unicode_ci;

--
-- Dumping data for table `menus`
--

INSERT INTO `menus` VALUES (1,'Acasă','header',1,1,'2025-08-12 04:34:56','2026-05-15 23:38:17'),(2,'My Profile','footer',1,1,'2025-08-12 09:26:23','2025-08-14 05:05:41'),(3,'Useful Links','footer',1,2,'2025-08-12 09:26:55','2025-08-12 09:26:55');

--
-- Table structure for table `migrations`
--

CREATE TABLE `migrations` (
  `id` int(10) unsigned NOT NULL AUTO_INCREMENT,
  `migration` varchar(255) NOT NULL,
  `batch` int(11) NOT NULL,
  PRIMARY KEY (`id`)
) ENGINE=InnoDB AUTO_INCREMENT=264 DEFAULT CHARSET=utf8mb4 COLLATE=utf8mb4_unicode_ci;

--
-- Dumping data for table `migrations`
--

INSERT INTO `migrations` VALUES (1,'2014_10_12_000000_create_users_table',1),(2,'2014_10_12_100000_create_password_reset_tokens_table',1),(3,'2019_08_19_000000_create_failed_jobs_table',1),(4,'2019_12_14_000001_create_personal_access_tokens_table',1),(5,'2023_08_21_121608_create_admins_table',2),(6,'2023_08_22_052128_add_admin_info_to_admins',3),(7,'2023_08_22_060633_create_settings_table',4),(8,'2023_08_22_091046_add_footer_logo_to_settings',5),(9,'2023_08_22_092103_create_cookie_consents_table',6),(10,'2023_08_23_041831_add_contact_info_to_settings',7),(11,'2023_08_23_061207_create_languages_table',8),(12,'2023_08_23_065713_create_blogs_table',9),(13,'2023_08_23_070243_create_blog_translations_table',9),(16,'2023_08_23_070627_create_blog_categories_table',10),(17,'2023_08_23_070722_create_blog_category_translations_table',10),(18,'2023_08_24_041827_create_blog_comments_table',11),(19,'2023_08_24_062632_create_about_us_table',12),(20,'2023_08_24_063507_create_about_us_translations_table',12),(21,'2023_08_24_091604_create_contact_us_table',13),(24,'2023_08_24_093106_create_custom_pages_table',14),(25,'2023_08_24_093124_create_custom_page_translations_table',14),(26,'2023_08_28_041811_create_term_and_conditions_table',15),(27,'2023_08_28_045030_create_privacy_policies_table',16),(28,'2023_08_28_051357_create_faq_translates_table',17),(29,'2023_08_28_051729_create_faqs_table',17),(30,'2023_08_28_060623_add_error_page_to_settings',18),(52,'2023_09_12_054101_create_seo_settings_table',29),(70,'2023_10_10_065008_add_login_page_bg_to_settings',40),(71,'2023_10_10_110758_create_social_login_infos_table',41),(72,'2023_10_10_120814_add_social_info_to_users',42),(73,'2023_10_11_085004_add_footer_info_to_settings',43),(75,'2023_10_11_093736_add_copyright_to_settings',44),(76,'2023_11_05_154747_create_paymongo_payments_table',45),(77,'2023_11_09_154516_create_iyzico_payments_table',45),(78,'2023_11_11_085653_create_mercado_pago_payments_table',45),(79,'2023_11_07_051924_create_multi_currencies_table',46),(80,'2023_11_20_164611_add_currency_id_to_paypal_payments',47),(81,'2023_11_20_170037_add_to_currency_id_stripe_payments',48),(82,'2023_11_20_170738_add_currency_id_to_razorpay_payments',49),(83,'2023_11_20_171803_add_currency_id_to_flutterwave_payments',50),(84,'2023_11_23_152129_add_currency_id_to_paystack_and_mollies',51),(85,'2023_11_23_154330_add_currency_id_to_instamojo_payments',52),(86,'2024_01_28_094246_create_contact_us_translations_table',53),(89,'2024_01_31_044113_create_cities_table',55),(90,'2024_01_31_045030_create_city_translations_table',55),(91,'2024_01_31_061927_create_features_table',56),(92,'2024_01_31_062008_create_feature_translations_table',56),(93,'2024_01_31_090220_create_listings_table',57),(94,'2024_01_31_092624_create_listing_translations_table',57),(97,'2024_02_01_104552_create_listing_galleries_table',59),(102,'2024_02_05_050042_create_testimonials_table',61),(103,'2024_02_05_050053_create_testimonial_translations_table',61),(104,'2024_02_11_095157_create_subscription_plans_table',61),(106,'2024_02_14_121751_create_subscription_histories_table',62),(107,'2024_02_19_051501_create_wishlists_table',63),(108,'2024_02_19_051727_create_reviews_table',64),(109,'2024_02_20_052322_create_ads_banners_table',65),(110,'2024_02_24_052456_create_categories_table',66),(111,'2024_02_24_053241_create_category_transaltions_table',66),(112,'2024_02_24_054937_create_sub_categories_table',67),(113,'2024_02_24_054952_create_sub_category_translations_table',67),(115,'2024_03_20_051617_create_listing_reports_table',68),(116,'2024_03_20_060641_create_job_requests_table',69),(117,'2024_04_17_042651_add_contact_enable_to_settings',70),(118,'2024_05_01_050338_create_kyc_types_table',71),(119,'2024_05_01_082702_create_kyc_information_table',71),(120,'2024_09_29_054314_create_countries_table',72),(121,'2024_09_29_054836_add_country_id_to_listings',73),(122,'2024_09_29_060753_add_country_id_to_cities',74),(123,'2024_09_29_085931_create_child_categories_table',75),(124,'2024_09_29_085945_create_child_category_translations_table',75),(125,'2024_09_29_093944_add_child_category_id_to_listings',76),(128,'2024_10_17_102623_create_bookings_table',78),(133,'2024_10_30_124328_create_ticket_messages_table',79),(140,'2024_10_30_124724_create_support_tickets_table',80),(145,'2024_11_04_063617_add_home4_info_to_hompages_table',80),(148,'2024_10_16_051348_create_support_tickets_table',82),(149,'2024_10_16_052609_ticket_messages_table',82),(151,'2024_02_04_065149_create_home_pages_table',83),(152,'2024_02_04_065240_create_home_page_translation_table',83),(153,'2024_11_04_083013_add_home4_column_to_home_pages_table',83),(155,'2024_11_04_100623_create_sliders_table',84),(156,'2024_11_04_112212_create_slider_translations_table',85),(157,'2024_11_04_112427_create_sliders_table',85),(164,'2024_11_07_045401_add_product_id_to_wishlists_model',88),(184,'2024_11_02_102551_create_products_table',89),(185,'2024_11_02_102556_create_product_translations_table',89),(186,'2024_11_02_102600_create_product_galleries_table',89),(187,'2024_11_02_105807_create_product_reviews_table',89),(188,'2024_11_05_061817_create_carts_table',89),(189,'2024_11_05_070331_create_orders_table',89),(190,'2024_11_05_070354_create_order_details_table',89),(191,'2024_11_05_074635_create_shipping_methods_table',89),(194,'2024_11_21_043227_create_ecom_banners_table',90),(195,'2024_11_21_053529_create_ecom_banner_translations_table',90),(196,'2024_11_21_055213_create_ecom_banners_table',91),(197,'2024_11_21_055241_create_ecom_banner_translations_table',91),(198,'2024_12_12_071013_add_review_type_to_migration_reviews_table',92),(208,'2019_08_27_165403_create_menu_settings_table',93),(209,'2024_01_01_000001_create_menus_table',94),(210,'2024_01_01_000002_create_menu_items_table',94),(211,'2024_01_01_000003_create_menu_translations_table',94),(212,'2024_01_01_000004_create_menu_item_translations_table',94),(213,'2026_05_15_000001_add_suspension_fields_to_users_table',95),(214,'2026_05_15_120000_add_role_to_admins_table',96),(215,'2026_05_15_130000_create_admin_roles_table',97),(216,'2026_05_15_130001_add_role_and_user_links_to_admins_table',98),(217,'2026_05_15_140000_add_is_default_to_subscription_plans_table',99),(218,'2026_05_15_150000_create_user_roles_table',100),(219,'2026_05_15_150001_add_user_role_id_to_users_table',101),(220,'2026_05_15_000001_add_homepage_fields_to_cities_table',102),(221,'2026_05_15_000002_add_ad_type_and_code_to_ads_banners_table',103),(222,'2026_05_15_000003_add_cloudflare_cdn_to_settings_table',104),(223,'2026_05_15_000004_add_listing_s3_storage_to_settings_table',105),(224,'2026_05_15_000005_add_listing_moderation_to_settings_table',106),(225,'2026_05_15_000006_add_moderation_fields_to_listings_table',106),(226,'2026_05_15_000007_add_moderation_queue_and_rejected_at_to_listings',107),(227,'2026_05_16_000001_add_listing_map_to_settings_table',108),(228,'2026_05_16_000002_add_locationiq_to_settings_table',108),(229,'2026_05_16_000003_set_romanian_default_language_and_menu_translations',109),(230,'2026_05_16_000004_add_fraud_scoring_settings',110),(231,'2026_05_17_000001_add_purchase_status_to_subscription_plans',111),(232,'2026_05_17_000002_create_counties_table',112),(233,'2026_05_17_000003_create_county_translations_table',112),(234,'2026_05_17_000004_add_county_id_to_cities_and_listings',112),(235,'2026_05_17_120000_add_rejection_reason_to_job_requests_table',113),(236,'2026_05_17_140000_update_bookings_for_owner_approval',114),(237,'2026_05_17_150000_add_booking_enabled_to_sub_categories_table',115),(238,'2026_05_17_160000_add_unique_child_category_slug_per_sub_category',116),(239,'2026_05_18_100000_create_city_districts_tables',117),(240,'2026_05_18_120000_add_homepage_fields_to_categories_and_sub_categories',118),(241,'2026_05_18_140000_add_captcha_provider_to_google_recaptchas_table',119),(242,'2026_05_18_150000_create_cookie_policies_table',120),(243,'2026_05_18_160000_add_location_fields_to_users_table',121),(244,'2026_05_18_170000_add_city_district_id_to_users_table',122),(245,'2026_05_18_180000_create_ip_security_tables',123),(246,'2026_05_18_190000_create_phone_verification_settings_table',124),(247,'2026_05_18_200000_create_email_deliverability_settings_table',125),(248,'2026_05_18_210000_create_password_policy_settings_table',126),(249,'2026_05_19_100000_create_api_tracking_tables',127),(250,'2026_05_20_120000_add_contact_reveal_to_ip_security_settings',128),(251,'2026_05_17_200000_create_listing_promotion_tables',129),(252,'2026_05_17_210000_add_promotion_prices_to_subscription_plans',130),(253,'2026_05_18_120000_add_promotion_form_enabled_to_subscription_plans',131),(254,'2026_05_18_130000_add_promotion_types_to_listing_promotion_orders',132),(255,'2026_05_19_120000_add_allows_working_hours_to_user_roles_table',133),(256,'2026_05_17_000001_create_user_conversations_table',134),(257,'2026_05_18_220000_create_conversation_security_settings_table',135),(258,'2026_05_21_100000_create_email_global_templates_table',136),(259,'2026_05_22_100000_update_email_global_template_footer_links',137),(260,'2026_05_22_110000_fix_email_global_template_structure',138),(261,'2026_05_22_120000_reset_email_global_template_fragments',139),(262,'2026_05_23_100000_add_listing_moderation_email_templates',140),(263,'2026_05_24_100000_add_booking_email_templates',141);

--
-- Table structure for table `multi_currencies`
--

CREATE TABLE `multi_currencies` (
  `id` bigint(20) unsigned NOT NULL AUTO_INCREMENT,
  `currency_name` varchar(255) NOT NULL,
  `country_code` varchar(255) NOT NULL,
  `currency_code` varchar(255) NOT NULL,
  `currency_icon` varchar(255) NOT NULL,
  `is_default` varchar(255) NOT NULL,
  `currency_rate` decimal(8,2) NOT NULL,
  `currency_position` varchar(255) NOT NULL DEFAULT 'before_price',
  `status` varchar(255) NOT NULL,
  `created_at` timestamp NULL DEFAULT NULL,
  `updated_at` timestamp NULL DEFAULT NULL,
  PRIMARY KEY (`id`)
) ENGINE=InnoDB AUTO_INCREMENT=14 DEFAULT CHARSET=utf8mb4 COLLATE=utf8mb4_unicode_ci;

--
-- Dumping data for table `multi_currencies`
--

INSERT INTO `multi_currencies` VALUES (1,'EUR','EUR','EUR','€','no',0.19,'after_price_with_space','active','2023-11-20 02:04:45','2026-05-18 23:53:10'),(13,'RON','RO','RON','RON','yes',1.00,'after_price','active','2026-05-15 19:32:05','2026-05-15 22:17:37');

--
-- Table structure for table `order_details`
--

CREATE TABLE `order_details` (
  `id` bigint(20) unsigned NOT NULL AUTO_INCREMENT,
  `order_id` int(11) NOT NULL,
  `product_id` int(11) NOT NULL,
  `quantity` int(11) NOT NULL,
  `price` decimal(28,8) NOT NULL,
  `created_at` timestamp NULL DEFAULT NULL,
  `updated_at` timestamp NULL DEFAULT NULL,
  PRIMARY KEY (`id`)
) ENGINE=InnoDB AUTO_INCREMENT=37 DEFAULT CHARSET=utf8mb4 COLLATE=utf8mb4_unicode_ci;

--
-- Dumping data for table `order_details`
--

INSERT INTO `order_details` VALUES (1,1,17,1,260.00000000,'2024-12-07 08:28:47','2024-12-07 08:28:47'),(2,2,17,1,260.00000000,'2024-12-07 08:29:49','2024-12-07 08:29:49'),(3,3,16,1,135.00000000,'2024-12-07 08:33:07','2024-12-07 08:33:07'),(4,3,15,1,50.00000000,'2024-12-07 08:33:07','2024-12-07 08:33:07'),(5,4,17,1,260.00000000,'2024-12-07 08:39:17','2024-12-07 08:39:17'),(6,5,16,1,135.00000000,'2024-12-07 08:55:20','2024-12-07 08:55:20'),(7,6,16,1,135.00000000,'2024-12-07 11:06:18','2024-12-07 11:06:18'),(8,7,17,1,260.00000000,'2024-12-07 11:20:18','2024-12-07 11:20:18'),(9,8,17,1,260.00000000,'2024-12-07 11:45:40','2024-12-07 11:45:40'),(10,9,17,1,260.00000000,'2024-12-07 12:29:58','2024-12-07 12:29:58'),(11,10,17,1,260.00000000,'2024-12-08 04:28:19','2024-12-08 04:28:19'),(12,10,16,1,135.00000000,'2024-12-08 04:28:19','2024-12-08 04:28:19'),(13,11,16,1,135.00000000,'2024-12-08 04:47:35','2024-12-08 04:47:35'),(14,12,16,1,135.00000000,'2024-12-08 05:08:17','2024-12-08 05:08:17'),(15,13,17,1,260.00000000,'2024-12-08 05:10:12','2024-12-08 05:10:12'),(16,14,17,1,260.00000000,'2024-12-08 05:12:45','2024-12-08 05:12:45'),(17,15,17,1,260.00000000,'2024-12-08 05:13:33','2024-12-08 05:13:33'),(18,16,17,2,520.00000000,'2024-12-08 05:14:30','2024-12-08 05:14:30'),(19,17,17,2,520.00000000,'2024-12-08 05:59:05','2024-12-08 05:59:05'),(20,17,16,1,135.00000000,'2024-12-08 05:59:05','2024-12-08 05:59:05'),(21,17,15,1,50.00000000,'2024-12-08 05:59:05','2024-12-08 05:59:05'),(22,17,14,1,99.00000000,'2024-12-08 05:59:05','2024-12-08 05:59:05'),(23,17,13,1,160.00000000,'2024-12-08 05:59:05','2024-12-08 05:59:05'),(24,17,12,1,200.00000000,'2024-12-08 05:59:05','2024-12-08 05:59:05'),(25,17,11,1,192.00000000,'2024-12-08 05:59:05','2024-12-08 05:59:05'),(26,17,10,1,95.00000000,'2024-12-08 05:59:05','2024-12-08 05:59:05'),(27,17,9,1,145.50000000,'2024-12-08 05:59:05','2024-12-08 05:59:05'),(28,17,8,1,98.00000000,'2024-12-08 05:59:05','2024-12-08 05:59:05'),(29,17,7,1,48.50000000,'2024-12-08 05:59:05','2024-12-08 05:59:05'),(30,17,6,1,100.00000000,'2024-12-08 05:59:05','2024-12-08 05:59:05'),(31,18,16,3,405.00000000,'2025-06-04 03:30:26','2025-06-04 03:30:26'),(32,18,8,2,196.00000000,'2025-06-04 03:30:26','2025-06-04 03:30:26'),(33,18,17,1,260.00000000,'2025-06-04 03:30:26','2025-06-04 03:30:26'),(34,18,8,1,98.00000000,'2025-06-04 03:30:26','2025-06-04 03:30:26'),(35,18,17,1,260.00000000,'2025-06-04 03:30:26','2025-06-04 03:30:26'),(36,19,17,1,260.00000000,'2025-06-04 03:37:51','2025-06-04 03:37:51');

--
-- Table structure for table `orders`
--

CREATE TABLE `orders` (
  `id` bigint(20) unsigned NOT NULL AUTO_INCREMENT,
  `user_id` int(11) NOT NULL,
  `order_id` varchar(255) NOT NULL,
  `subtotal` decimal(28,8) NOT NULL,
  `shipping_charge` decimal(28,8) NOT NULL,
  `total` decimal(28,8) NOT NULL,
  `shipping_method_id` int(11) NOT NULL,
  `address` text NOT NULL,
  `payment_method` varchar(255) NOT NULL,
  `payment_status` tinyint(4) NOT NULL,
  `order_status` tinyint(4) NOT NULL,
  `transaction_id` varchar(255) DEFAULT NULL,
  `created_at` timestamp NULL DEFAULT NULL,
  `updated_at` timestamp NULL DEFAULT NULL,
  PRIMARY KEY (`id`)
) ENGINE=InnoDB AUTO_INCREMENT=20 DEFAULT CHARSET=utf8mb4 COLLATE=utf8mb4_unicode_ci;

--
-- Dumping data for table `orders`
--

INSERT INTO `orders` VALUES (1,2,'173356012761680',260.00000000,0.00000000,260.00000000,1,'{\"name\":\"Mahe Karim\",\"email\":\"user@gmail.com\",\"phone\":\"123-343-4445\",\"address\":\"Notun bazar,Gulshan-Dhaka,1111\"}','Bank_Payment',1,1,'payment','2024-12-07 08:28:47','2024-12-07 08:29:49'),(2,2,'173356018936681',260.00000000,0.00000000,260.00000000,1,'{\"name\":\"Mahe Karim\",\"email\":\"user@gmail.com\",\"phone\":\"123-343-4445\",\"address\":\"Notun bazar,Gulshan-Dhaka,1111\"}','Bank_Payment',1,1,'payment','2024-12-07 08:29:49','2024-12-07 08:33:07'),(3,2,'173356038745203',185.00000000,0.00000000,185.00000000,1,'{\"name\":\"Mahe Karim\",\"email\":\"user@gmail.com\",\"phone\":\"123-343-4445\",\"address\":\"Notun bazar,Gulshan-Dhaka,1111\"}','Bank_Payment',1,1,'payment','2024-12-07 08:33:07','2024-12-08 04:28:19'),(5,2,'173356172053795',135.00000000,0.00000000,135.00000000,1,'{\"name\":\"Mahe Karim\",\"email\":\"user@gmail.com\",\"phone\":\"123-343-4445\",\"address\":\"Notun bazar,Gulshan-Dhaka,1111\"}','Paypal',1,1,'0B458276K2772733N','2024-12-07 08:55:20','2024-12-07 08:55:20'),(6,2,'173356957814333',135.00000000,60.00000000,195.00000000,2,'{\"name\":\"Mahe Karim\",\"email\":\"user@gmail.com\",\"phone\":\"123-343-4445\",\"address\":\"Notun bazar,Gulshan-Dhaka,1111\"}','Stripe',1,1,NULL,'2024-12-07 11:06:18','2024-12-07 11:06:18'),(7,2,'173357041825970',260.00000000,120.00000000,380.00000000,3,'{\"name\":\"Mahe Karim\",\"email\":\"user@gmail.com\",\"phone\":\"123-343-4445\",\"address\":\"Notun bazar,Gulshan-Dhaka,1111\"}','Paypal',1,1,'1WP29547GL097014R','2024-12-07 11:20:18','2024-12-07 11:20:18'),(8,2,'173357194054775',260.00000000,120.00000000,380.00000000,3,'{\"name\":\"Mahe Karim\",\"email\":\"user@gmail.com\",\"phone\":\"123-343-4445\",\"address\":\"Notun bazar,Gulshan-Dhaka,1111\"}','Razorpay',1,1,NULL,'2024-12-07 11:45:40','2024-12-07 11:45:40'),(9,2,'173357459872568',260.00000000,60.00000000,320.00000000,2,'{\"name\":\"Mahe Karim\",\"email\":\"user@gmail.com\",\"phone\":\"123-343-4445\",\"address\":\"Notun bazar,Gulshan-Dhaka,1111\"}','Mollie',1,1,NULL,'2024-12-07 12:29:58','2024-12-07 12:29:58'),(10,2,'173363209988205',395.00000000,60.00000000,455.00000000,2,'{\"name\":\"Mahe Karim\",\"email\":\"user@gmail.com\",\"phone\":\"123-343-4445\",\"address\":\"Notun bazar,Gulshan-Dhaka,1111\"}','Bank_Payment',0,1,'payment done','2024-12-08 04:28:19','2024-12-08 04:28:19'),(11,2,'173363325538919',135.00000000,60.00000000,195.00000000,2,'{\"name\":\"Mahe Karim\",\"email\":\"user@gmail.com\",\"phone\":\"123-343-4445\",\"address\":\"Notun bazar,Gulshan-Dhaka,1111\"}','Mollie',1,1,NULL,'2024-12-08 04:47:35','2024-12-08 04:47:35'),(12,2,'173363449789304',135.00000000,60.00000000,195.00000000,2,'{\"name\":\"Mahe Karim\",\"email\":\"user@gmail.com\",\"phone\":\"123-343-4445\",\"address\":\"Notun bazar,Gulshan-Dhaka,1111\"}','Paystack',1,1,NULL,'2024-12-08 05:08:17','2024-12-08 05:08:17'),(13,2,'173363461233826',260.00000000,60.00000000,320.00000000,2,'{\"name\":\"Mahe Karim\",\"email\":\"user@gmail.com\",\"phone\":\"123-343-4445\",\"address\":\"Notun bazar,Gulshan-Dhaka,1111\"}','Razorpay',1,1,NULL,'2024-12-08 05:10:12','2024-12-08 05:10:12'),(14,2,'173363476589471',260.00000000,60.00000000,320.00000000,2,'{\"name\":\"Mahe Karim\",\"email\":\"user@gmail.com\",\"phone\":\"123-343-4445\",\"address\":\"Notun bazar,Gulshan-Dhaka,1111\"}','Razorpay',1,1,NULL,'2024-12-08 05:12:45','2024-12-08 05:12:45'),(15,2,'173363481362854',260.00000000,60.00000000,320.00000000,2,'{\"name\":\"Mahe Karim\",\"email\":\"user@gmail.com\",\"phone\":\"123-343-4445\",\"address\":\"Notun bazar,Gulshan-Dhaka,1111\"}','Paypal',1,1,'03Y40083S9877703A','2024-12-08 05:13:33','2024-12-08 05:13:33'),(16,2,'173363487051600',520.00000000,60.00000000,580.00000000,2,'{\"name\":\"Mahe Karim\",\"email\":\"user@gmail.com\",\"phone\":\"123-343-4445\",\"address\":\"Notun bazar,Gulshan-Dhaka,1111\"}','Stripe',1,1,NULL,'2024-12-08 05:14:30','2024-12-08 05:51:36'),(17,2,'173363754515669',1843.00000000,60.00000000,1903.00000000,2,'{\"name\":\"Mahe\",\"email\":\"user@gmail.com\",\"phone\":\"123-343-4445\",\"address\":\"Notun bazar,Gulshan-Dhaka,1111\"}','Paypal',1,1,'05A02208DU166970X','2024-12-08 05:59:05','2024-12-08 05:59:05'),(18,2,'174900782606379',1219.00000000,0.00000000,1219.00000000,1,'{\"name\":\"Mahe\",\"email\":\"user@gmail.com\",\"phone\":\"123-343-4445\",\"address\":\"Dinajpur\"}','Mollie',1,1,NULL,'2025-06-04 03:30:26','2025-06-04 03:30:26'),(19,2,'174900827177054',260.00000000,0.00000000,260.00000000,1,'{\"name\":\"Sohel\",\"email\":\"sohel@gmail.com\",\"phone\":\"123-343-4448\",\"address\":\"Dinajpur\"}','Mollie',1,1,NULL,'2025-06-04 03:37:51','2025-06-04 03:37:51');

--
-- Table structure for table `password_policy_settings`
--

CREATE TABLE `password_policy_settings` (
  `id` bigint(20) unsigned NOT NULL AUTO_INCREMENT,
  `status` tinyint(1) NOT NULL DEFAULT 0,
  `enforce_register` tinyint(1) NOT NULL DEFAULT 1,
  `min_length` tinyint(3) unsigned NOT NULL DEFAULT 8,
  `min_strength_score` tinyint(3) unsigned NOT NULL DEFAULT 3,
  `require_uppercase` tinyint(1) NOT NULL DEFAULT 1,
  `require_lowercase` tinyint(1) NOT NULL DEFAULT 1,
  `require_number` tinyint(1) NOT NULL DEFAULT 1,
  `require_special` tinyint(1) NOT NULL DEFAULT 1,
  `created_at` timestamp NULL DEFAULT NULL,
  `updated_at` timestamp NULL DEFAULT NULL,
  PRIMARY KEY (`id`)
) ENGINE=InnoDB AUTO_INCREMENT=2 DEFAULT CHARSET=utf8mb4 COLLATE=utf8mb4_unicode_ci;

--
-- Dumping data for table `password_policy_settings`
--

INSERT INTO `password_policy_settings` VALUES (1,1,1,8,3,1,1,1,1,'2026-05-18 10:06:14','2026-05-18 10:27:04');

--
-- Table structure for table `password_reset_tokens`
--

CREATE TABLE `password_reset_tokens` (
  `email` varchar(255) NOT NULL,
  `token` varchar(255) NOT NULL,
  `created_at` timestamp NULL DEFAULT NULL,
  PRIMARY KEY (`email`)
) ENGINE=InnoDB DEFAULT CHARSET=utf8mb4 COLLATE=utf8mb4_unicode_ci;

--
-- Dumping data for table `password_reset_tokens`
--


--
-- Table structure for table `personal_access_tokens`
--

CREATE TABLE `personal_access_tokens` (
  `id` bigint(20) unsigned NOT NULL AUTO_INCREMENT,
  `tokenable_type` varchar(255) NOT NULL,
  `tokenable_id` bigint(20) unsigned NOT NULL,
  `name` varchar(255) NOT NULL,
  `token` varchar(64) NOT NULL,
  `abilities` text DEFAULT NULL,
  `last_used_at` timestamp NULL DEFAULT NULL,
  `expires_at` timestamp NULL DEFAULT NULL,
  `created_at` timestamp NULL DEFAULT NULL,
  `updated_at` timestamp NULL DEFAULT NULL,
  PRIMARY KEY (`id`),
  UNIQUE KEY `personal_access_tokens_token_unique` (`token`),
  KEY `personal_access_tokens_tokenable_type_tokenable_id_index` (`tokenable_type`,`tokenable_id`)
) ENGINE=InnoDB DEFAULT CHARSET=utf8mb4 COLLATE=utf8mb4_unicode_ci;

--
-- Dumping data for table `personal_access_tokens`
--


--
-- Table structure for table `phone_verification_cache`
--

CREATE TABLE `phone_verification_cache` (
  `id` bigint(20) unsigned NOT NULL AUTO_INCREMENT,
  `phone_key` varchar(64) NOT NULL,
  `phone` varchar(32) NOT NULL,
  `default_country` varchar(10) DEFAULT NULL,
  `phone_valid` tinyint(1) NOT NULL DEFAULT 0,
  `carrier` varchar(255) DEFAULT NULL,
  `phone_type` varchar(255) DEFAULT NULL,
  `e164` varchar(255) DEFAULT NULL,
  `raw_response` longtext CHARACTER SET utf8mb4 COLLATE utf8mb4_bin DEFAULT NULL CHECK (json_valid(`raw_response`)),
  `expires_at` timestamp NULL DEFAULT NULL,
  `created_at` timestamp NULL DEFAULT NULL,
  `updated_at` timestamp NULL DEFAULT NULL,
  PRIMARY KEY (`id`),
  UNIQUE KEY `phone_verification_cache_phone_key_unique` (`phone_key`),
  KEY `phone_verification_cache_expires_at_index` (`expires_at`)
) ENGINE=InnoDB AUTO_INCREMENT=8 DEFAULT CHARSET=utf8mb4 COLLATE=utf8mb4_unicode_ci;

--
-- Dumping data for table `phone_verification_cache`
--

INSERT INTO `phone_verification_cache` VALUES (1,'d1a7ead3a5ab74a3597ac6449bf9e3008fdafb08467878c92d63313ec0d85891','+40766795766','RO',1,'Telekom','mobile','+40766795766','{\"status\":\"success\",\"phone\":\"+40766795766\",\"phone_valid\":true,\"phone_type\":\"mobile\",\"phone_region\":\"Romania\",\"country\":\"Romania\",\"country_code\":\"RO\",\"country_prefix\":\"40\",\"international_number\":\"+40 766 795 766\",\"local_number\":\"0766 795 766\",\"e164\":\"+40766795766\",\"carrier\":\"Telekom\"}','2026-05-25 09:29:18','2026-05-18 09:29:18','2026-05-18 09:29:18'),(2,'a54b80fd49dd23972aa6b10f513dcfd3272e594b502031ef030ad226360225de','+407667957662','RO',0,'','unknown','+407667957662','{\"status\":\"success\",\"phone\":\"+407667957662\",\"phone_valid\":false,\"phone_type\":\"unknown\",\"phone_region\":\"\",\"country\":\"Romania\",\"country_code\":\"RO\",\"country_prefix\":\"40\",\"international_number\":\"+40 7667957662\",\"local_number\":\"7667957662\",\"e164\":\"+407667957662\",\"carrier\":\"\"}','2026-05-25 09:29:41','2026-05-18 09:29:41','2026-05-18 09:29:41'),(3,'7fd33161ebf6d39ba61323251e8c303e27eeb688c03c2825de741fd5a64cbbe6','+40762015047','RO',1,'Telekom','mobile','+40762015047','{\"status\":\"success\",\"phone\":\"+40762015047\",\"phone_valid\":true,\"phone_type\":\"mobile\",\"phone_region\":\"Romania\",\"country\":\"Romania\",\"country_code\":\"RO\",\"country_prefix\":\"40\",\"international_number\":\"+40 762 015 047\",\"local_number\":\"0762 015 047\",\"e164\":\"+40762015047\",\"carrier\":\"Telekom\"}','2026-05-25 09:32:55','2026-05-18 09:32:55','2026-05-18 09:32:55'),(4,'99d620a6d261a7d0ae03056df2fa42e7fd322bc4cb8f91cf5c3602e77ab22469','+40324234234234','RO',0,'','unknown','+40324234234234','{\"status\":\"success\",\"phone\":\"+40324234234234\",\"phone_valid\":false,\"phone_type\":\"unknown\",\"phone_region\":\"\",\"country\":\"Romania\",\"country_code\":\"RO\",\"country_prefix\":\"40\",\"international_number\":\"+40 324234234234\",\"local_number\":\"324234234234\",\"e164\":\"+40324234234234\",\"carrier\":\"\"}','2026-05-25 09:54:07','2026-05-18 09:54:07','2026-05-18 09:54:07'),(5,'2aa972a5cf5b2e1dc18bb2a9bfaaebf5313694aeff63af2c73dc823b7e10b25e','+40342342342342','RO',0,'','unknown','+40342342342342','{\"status\":\"success\",\"phone\":\"+40342342342342\",\"phone_valid\":false,\"phone_type\":\"unknown\",\"phone_region\":\"\",\"country\":\"Romania\",\"country_code\":\"RO\",\"country_prefix\":\"40\",\"international_number\":\"+40 342342342342\",\"local_number\":\"342342342342\",\"e164\":\"+40342342342342\",\"carrier\":\"\"}','2026-05-25 18:35:58','2026-05-18 18:35:58','2026-05-18 18:35:58'),(6,'9bdf130b1342b9ac7e57d5a4b974ff558215d4220874ae38a4bfdd73d8823543','+4034234234','RO',0,'','unknown','+4034234234','{\"status\":\"success\",\"phone\":\"+4034234234\",\"phone_valid\":false,\"phone_type\":\"unknown\",\"phone_region\":\"\",\"country\":\"Romania\",\"country_code\":\"RO\",\"country_prefix\":\"40\",\"international_number\":\"+40 34234234\",\"local_number\":\"34234234\",\"e164\":\"+4034234234\",\"carrier\":\"\"}','2026-05-25 22:23:56','2026-05-18 22:23:56','2026-05-18 22:23:56'),(7,'d9eca76b5bbeed3fed4f3479975bd14a50e64c26f2ae302fcafade8fb8718a57','+40762015075','RO',1,'Telekom','mobile','+40762015075','{\"status\":\"success\",\"phone\":\"+40762015075\",\"phone_valid\":true,\"phone_type\":\"mobile\",\"phone_region\":\"Romania\",\"country\":\"Romania\",\"country_code\":\"RO\",\"country_prefix\":\"40\",\"international_number\":\"+40 762 015 075\",\"local_number\":\"0762 015 075\",\"e164\":\"+40762015075\",\"carrier\":\"Telekom\"}','2026-05-25 22:24:15','2026-05-18 22:24:15','2026-05-18 22:24:15');

--
-- Table structure for table `privacy_policies`
--

CREATE TABLE `privacy_policies` (
  `id` bigint(20) unsigned NOT NULL AUTO_INCREMENT,
  `lang_code` varchar(255) NOT NULL,
  `description` longtext NOT NULL,
  `created_at` timestamp NULL DEFAULT NULL,
  `updated_at` timestamp NULL DEFAULT NULL,
  PRIMARY KEY (`id`)
) ENGINE=InnoDB AUTO_INCREMENT=46 DEFAULT CHARSET=utf8mb4 COLLATE=utf8mb4_unicode_ci;

--
-- Dumping data for table `privacy_policies`
--

INSERT INTO `privacy_policies` VALUES (1,'en','<h3>01.Introduction</h3>\r\n<p>A Privacy Policy is a legal document that informs users about the data collected, how it\'s used, and how it\'s protected. It typically includes information about the type of personal our ainformation collected (such as names, email addresses, etc.), the purpose of collection, and whether the information is shared with third parties. It outlines the rights of users regarding their data, such as the right to access, correct, or delete their information.</p>\r\n<h3>02.Aadfirst Terms of Service (Terms and Conditions)</h3>\r\n<p>A Privacy Policy is a legal document that informs users about the data collected, how it\'s used, and how it\'s protected. It typically includes information about the type of personal our ainformation collected (such as names, email addresses, etc.), the purpose of collection, and whether the information is shared with third parties. It outlines the rights of users regarding their data, such as the right to access, correct, or delete their information.</p>\r\n<h3>3. Protect Your Property</h3>\r\n<p>Lorem Ipsum is simply dummy text of the printing and typesetting industry. Lorem Ipsum has been the industry\'s standard dummy text ever since the 1500s, when an unknown as printer took a galley of type and scrambled it to make a type specimen book. It has survived not only five centuriezcs but also the on leap into as eylectronic typesetting, remaining as essentially unchanged. It wasn&rsquo;t popularised in the 1960s with the release of Letraszvxet sheets containing Lorem Ipsum our spassages, andei more recently with a desktop publishing software like Aldus PageMaker including versions of Lorem Ipsum to make a type specimen book. five centuries but also a the on leap into electronic typesetting, remaining essentially unchanged. It aswasn&rsquo;t popularised in the 1960s with the release of Letraset sheets containing Lorem Ipsum passages, andei more recently with desktop our aspublishing software like Aldus PageMaker including versions of Lorem Ipsum to make a type specimen book.</p>\r\n<h3>4. What to Include in Terms and Conditions for Limitations of Liability</h3>\r\n<p>Lorem Ipsum is simply dummy text of the printing and typesetting industry. Lorem Ipsum has been the industry\'s standard dummy text ever since the as1500s, when an unknown printer took a galley of type and scrambled it to make a type specimen book. It has survived not only five as centuries but also the on leap into as electronic ki typesetting, remaining essentially unchanged. It wasn&rsquo;t popularised in the 1960s with the release of as Leitraset sheets containing Loriem Ipsum passages, our andei more recently with desktop publishing software like Aldus PageMaker including versions of Lorem Ipsum to make a type specimen book.<br><br>five centuries but also the on leap into electronic typesetting, remaining essentially unchanged. It wasn&rsquo;t popularised in the 1960s with the release of Letraset as sheets containing Lorem Ipsum passages, andei more recently with desktop publishing software like Aldus PageMaker our as including versions of Loriem Ipsum to make a type our as specimen book. It wasn&rsquo;t popularised in the 1960s with the release of Letraset sheets as containing Lorem Ipsum passages, andei more recently with a desktop publishing software like Aldus PageMaker including versions of Loremas Ipsum to make a type specimen book.</p>\r\n<h3>05.Pricing and Payment Terms</h3>\r\n<p>Lorem Ipsum is simply dummy text of the printing and typesetting industry. Lorem Ipsum has been the industry\'s standard dummy text ever since the as 1500s, when an unknown printer took a galley of type and scrambled it to make a type specimen book. It has survived not only five as centuries but also as the on leap into electronic as typesetting, remaining essentially unchanged. It wasn&rsquo;t popularised in the 1960s with the release as of Letraset sheets containing Lorem Ipsum our spassages, andei more recently with desktop publishing software like Aldus PageMaker including versions of Lorem Ipsum to make a type specimen book.<br><br>five centuries but also the on leap into electronic typesetting, remaining essentially unchanged. It wasn&rsquo;t popularised in the 1960s with the release of Letraset sheets containing Lorem Ipsum passages, andei more recently with desktop publishing software like Aldus PageMaker our as including versions of Lorem aIpsum to make a type specimen our as book. It wasn&rsquo;t popularised in the 1960s with the release of Letraset sheetsasd containing Lorem Ipsum passages, andei more recentlysl with desktop publishing software like Aldus PageMaker including versions of Loremadfsfds Ipsum to make a type specimen book.<br><br>It has survived not only five centuries but also the on leap into electronic typesetting, remaining essentially unchanged. It wasn&rsquo;t popularised in the our 1960s with the release of Letraset sheets containing Lorem Ipsum passages, andei more recently with desktop publishing asou software like Aldus PageMaker including versions of Lorem Ipsum to make a type specimen book.</p>',NULL,'2024-04-04 21:14:39'),(45,'ro','<h3>01.Introduction</h3>\r\n<p>A Privacy Policy is a legal document that informs users about the data collected, how it\'s used, and how it\'s protected. It typically includes information about the type of personal our ainformation collected (such as names, email addresses, etc.), the purpose of collection, and whether the information is shared with third parties. It outlines the rights of users regarding their data, such as the right to access, correct, or delete their information.</p>\r\n<h3>02.Aadfirst Terms of Service (Terms and Conditions)</h3>\r\n<p>A Privacy Policy is a legal document that informs users about the data collected, how it\'s used, and how it\'s protected. It typically includes information about the type of personal our ainformation collected (such as names, email addresses, etc.), the purpose of collection, and whether the information is shared with third parties. It outlines the rights of users regarding their data, such as the right to access, correct, or delete their information.</p>\r\n<h3>3. Protect Your Property</h3>\r\n<p>Lorem Ipsum is simply dummy text of the printing and typesetting industry. Lorem Ipsum has been the industry\'s standard dummy text ever since the 1500s, when an unknown as printer took a galley of type and scrambled it to make a type specimen book. It has survived not only five centuriezcs but also the on leap into as eylectronic typesetting, remaining as essentially unchanged. It wasn&rsquo;t popularised in the 1960s with the release of Letraszvxet sheets containing Lorem Ipsum our spassages, andei more recently with a desktop publishing software like Aldus PageMaker including versions of Lorem Ipsum to make a type specimen book. five centuries but also a the on leap into electronic typesetting, remaining essentially unchanged. It aswasn&rsquo;t popularised in the 1960s with the release of Letraset sheets containing Lorem Ipsum passages, andei more recently with desktop our aspublishing software like Aldus PageMaker including versions of Lorem Ipsum to make a type specimen book.</p>\r\n<h3>4. What to Include in Terms and Conditions for Limitations of Liability</h3>\r\n<p>Lorem Ipsum is simply dummy text of the printing and typesetting industry. Lorem Ipsum has been the industry\'s standard dummy text ever since the as1500s, when an unknown printer took a galley of type and scrambled it to make a type specimen book. It has survived not only five as centuries but also the on leap into as electronic ki typesetting, remaining essentially unchanged. It wasn&rsquo;t popularised in the 1960s with the release of as Leitraset sheets containing Loriem Ipsum passages, our andei more recently with desktop publishing software like Aldus PageMaker including versions of Lorem Ipsum to make a type specimen book.<br><br>five centuries but also the on leap into electronic typesetting, remaining essentially unchanged. It wasn&rsquo;t popularised in the 1960s with the release of Letraset as sheets containing Lorem Ipsum passages, andei more recently with desktop publishing software like Aldus PageMaker our as including versions of Loriem Ipsum to make a type our as specimen book. It wasn&rsquo;t popularised in the 1960s with the release of Letraset sheets as containing Lorem Ipsum passages, andei more recently with a desktop publishing software like Aldus PageMaker including versions of Loremas Ipsum to make a type specimen book.</p>\r\n<h3>05.Pricing and Payment Terms</h3>\r\n<p>Lorem Ipsum is simply dummy text of the printing and typesetting industry. Lorem Ipsum has been the industry\'s standard dummy text ever since the as 1500s, when an unknown printer took a galley of type and scrambled it to make a type specimen book. It has survived not only five as centuries but also as the on leap into electronic as typesetting, remaining essentially unchanged. It wasn&rsquo;t popularised in the 1960s with the release as of Letraset sheets containing Lorem Ipsum our spassages, andei more recently with desktop publishing software like Aldus PageMaker including versions of Lorem Ipsum to make a type specimen book.<br><br>five centuries but also the on leap into electronic typesetting, remaining essentially unchanged. It wasn&rsquo;t popularised in the 1960s with the release of Letraset sheets containing Lorem Ipsum passages, andei more recently with desktop publishing software like Aldus PageMaker our as including versions of Lorem aIpsum to make a type specimen our as book. It wasn&rsquo;t popularised in the 1960s with the release of Letraset sheetsasd containing Lorem Ipsum passages, andei more recentlysl with desktop publishing software like Aldus PageMaker including versions of Loremadfsfds Ipsum to make a type specimen book.<br><br>It has survived not only five centuries but also the on leap into electronic typesetting, remaining essentially unchanged. It wasn&rsquo;t popularised in the our 1960s with the release of Letraset sheets containing Lorem Ipsum passages, andei more recently with desktop publishing asou software like Aldus PageMaker including versions of Lorem Ipsum to make a type specimen book.</p>','2026-05-16 13:50:53','2026-05-16 13:50:53');

--
-- Table structure for table `product_galleries`
--

CREATE TABLE `product_galleries` (
  `id` bigint(20) unsigned NOT NULL AUTO_INCREMENT,
  `product_id` int(11) NOT NULL,
  `image` varchar(255) DEFAULT NULL,
  `created_at` timestamp NULL DEFAULT NULL,
  `updated_at` timestamp NULL DEFAULT NULL,
  PRIMARY KEY (`id`)
) ENGINE=InnoDB AUTO_INCREMENT=33 DEFAULT CHARSET=utf8mb4 COLLATE=utf8mb4_unicode_ci;

--
-- Dumping data for table `product_galleries`
--

INSERT INTO `product_galleries` VALUES (17,17,'uploads/custom-images/listing-2024-12-05-03-05-56-8423.webp','2024-12-05 09:05:56','2024-12-05 09:05:56'),(18,17,'uploads/custom-images/listing-2024-12-05-03-05-56-2287.webp','2024-12-05 09:05:56','2024-12-05 09:05:56'),(19,17,'uploads/custom-images/listing-2024-12-05-03-05-56-6110.webp','2024-12-05 09:05:56','2024-12-05 09:05:56'),(20,17,'uploads/custom-images/listing-2024-12-05-03-05-56-5348.webp','2024-12-05 09:05:56','2024-12-05 09:05:56'),(21,17,'uploads/custom-images/listing-2024-12-05-03-05-56-2837.webp','2024-12-05 09:05:56','2024-12-05 09:05:56'),(22,16,'uploads/custom-images/listing-2024-12-05-03-17-06-9902.webp','2024-12-05 09:17:06','2024-12-05 09:17:06'),(23,16,'uploads/custom-images/listing-2024-12-05-03-17-06-1047.webp','2024-12-05 09:17:06','2024-12-05 09:17:06'),(24,16,'uploads/custom-images/listing-2024-12-05-03-17-06-7924.webp','2024-12-05 09:17:06','2024-12-05 09:17:06'),(25,16,'uploads/custom-images/listing-2024-12-05-03-17-06-1802.webp','2024-12-05 09:17:06','2024-12-05 09:17:06'),(27,16,'uploads/custom-images/listing-2024-12-05-03-50-09-5597.webp','2024-12-05 09:50:09','2024-12-05 09:50:09');

--
-- Table structure for table `product_reviews`
--

CREATE TABLE `product_reviews` (
  `id` bigint(20) unsigned NOT NULL AUTO_INCREMENT,
  `user_id` bigint(20) unsigned NOT NULL,
  `product_id` int(11) NOT NULL,
  `rating` int(11) NOT NULL,
  `reviews` text DEFAULT NULL,
  `created_at` timestamp NULL DEFAULT NULL,
  `updated_at` timestamp NULL DEFAULT NULL,
  PRIMARY KEY (`id`)
) ENGINE=InnoDB DEFAULT CHARSET=utf8mb4 COLLATE=utf8mb4_unicode_ci;

--
-- Dumping data for table `product_reviews`
--


--
-- Table structure for table `product_translations`
--

CREATE TABLE `product_translations` (
  `id` bigint(20) unsigned NOT NULL AUTO_INCREMENT,
  `product_id` int(11) DEFAULT NULL,
  `lang_code` varchar(255) DEFAULT NULL,
  `name` varchar(255) DEFAULT NULL,
  `description` longtext DEFAULT NULL,
  `small_description` longtext DEFAULT NULL,
  `seo_title` text DEFAULT NULL,
  `seo_description` text DEFAULT NULL,
  `created_at` timestamp NULL DEFAULT NULL,
  `updated_at` timestamp NULL DEFAULT NULL,
  PRIMARY KEY (`id`)
) ENGINE=InnoDB AUTO_INCREMENT=109 DEFAULT CHARSET=utf8mb4 COLLATE=utf8mb4_unicode_ci;

--
-- Dumping data for table `product_translations`
--

INSERT INTO `product_translations` VALUES (9,5,'en','Blossom Charm Dress','<p>t is a long established fact that a reader will be distracted by the readable content of a page when looking at its layout. The point of using Lorem Ipsum is that it has a more-or-less normal distribution of letters, as opposed to using \'Content here, content here\', making it look like readable English. Many desktop publishing packages and web page editors now use Lorem Ipsum as their default model text, and a search for \'lorem ipsum\' will uncover many web sites still in their infancy.&nbsp;</p>\r\n<p>t is a long established fact that a reader will be distracted by the readable content of a page when looking at its layout. The point of using Lorem Ipsum is that it has a more-or-less normal distribution of letters, as opposed to using \'Content here, content here\',</p>\r\n<p>t is a long established fact that a reader will be distracted by the readable content of a page when looking at its layout. The point of using Lorem Ipsum is that it has a more-or-less normal distribution of letters, as opposed to using \'Content here, content here\', making it look like readable English. Many desktop publishing packages and web page editors now use Lorem Ipsum as their default model text, and a search for \'lorem ipsum\' will uncover many web sites still in their infancy.&nbsp;</p>',NULL,'Blossom Charm Dress','Blossom Charm Dress','2024-12-05 06:39:20','2024-12-05 06:39:20'),(10,5,'hd','Blossom Charm Dress','<p>t is a long established fact that a reader will be distracted by the readable content of a page when looking at its layout. The point of using Lorem Ipsum is that it has a more-or-less normal distribution of letters, as opposed to using \'Content here, content here\', making it look like readable English. Many desktop publishing packages and web page editors now use Lorem Ipsum as their default model text, and a search for \'lorem ipsum\' will uncover many web sites still in their infancy.&nbsp;</p>\r\n<p>t is a long established fact that a reader will be distracted by the readable content of a page when looking at its layout. The point of using Lorem Ipsum is that it has a more-or-less normal distribution of letters, as opposed to using \'Content here, content here\',</p>\r\n<p>t is a long established fact that a reader will be distracted by the readable content of a page when looking at its layout. The point of using Lorem Ipsum is that it has a more-or-less normal distribution of letters, as opposed to using \'Content here, content here\', making it look like readable English. Many desktop publishing packages and web page editors now use Lorem Ipsum as their default model text, and a search for \'lorem ipsum\' will uncover many web sites still in their infancy.&nbsp;</p>',NULL,'Blossom Charm Dress','Blossom Charm Dress','2024-12-05 06:39:20','2024-12-05 06:39:20'),(11,6,'en','Darling Petal Frock','<p>t is a long established fact that a reader will be distracted by the readable content of a page when looking at its layout. The point of using Lorem Ipsum is that it has a more-or-less normal distribution of letters, as opposed to using \'Content here, content here\', making it look like readable English. Many desktop publishing packages and web page editors now use Lorem Ipsum as their default model text, and a search for \'lorem ipsum\' will uncover many web sites still in their infancy.&nbsp;</p>\r\n<p>t is a long established fact that a reader will be distracted by the readable content of a page when looking at its layout. The point of using Lorem Ipsum is that it has a more-or-less normal distribution of letters, as opposed to using \'Content here, content here\',</p>\r\n<p>t is a long established fact that a reader will be distracted by the readable content of a page when looking at its layout. The point of using Lorem Ipsum is that it has a more-or-less normal distribution of letters, as opposed to using \'Content here, content here\', making it look like readable English. Many desktop publishing packages and web page editors now use Lorem Ipsum as their default model text, and a search for \'lorem ipsum\' will uncover many web sites still in their infancy.&nbsp;</p>',NULL,'Darling Petal Frock','Darling Petal Frock','2024-12-05 06:46:17','2024-12-05 06:46:17'),(12,6,'hd','Darling Petal Frock','<p>t is a long established fact that a reader will be distracted by the readable content of a page when looking at its layout. The point of using Lorem Ipsum is that it has a more-or-less normal distribution of letters, as opposed to using \'Content here, content here\', making it look like readable English. Many desktop publishing packages and web page editors now use Lorem Ipsum as their default model text, and a search for \'lorem ipsum\' will uncover many web sites still in their infancy.&nbsp;</p>\r\n<p>t is a long established fact that a reader will be distracted by the readable content of a page when looking at its layout. The point of using Lorem Ipsum is that it has a more-or-less normal distribution of letters, as opposed to using \'Content here, content here\',</p>\r\n<p>t is a long established fact that a reader will be distracted by the readable content of a page when looking at its layout. The point of using Lorem Ipsum is that it has a more-or-less normal distribution of letters, as opposed to using \'Content here, content here\', making it look like readable English. Many desktop publishing packages and web page editors now use Lorem Ipsum as their default model text, and a search for \'lorem ipsum\' will uncover many web sites still in their infancy.&nbsp;</p>',NULL,'Darling Petal Frock','Darling Petal Frock','2024-12-05 06:46:17','2024-12-05 06:46:17'),(13,7,'en','Rainbow Sequin Dress','<p>t is a long established fact that a reader will be distracted by the readable content of a page when looking at its layout. The point of using Lorem Ipsum is that it has a more-or-less normal distribution of letters, as opposed to using \'Content here, content here\', making it look like readable English. Many desktop publishing packages and web page editors now use Lorem Ipsum as their default model text, and a search for \'lorem ipsum\' will uncover many web sites still in their infancy.&nbsp;</p>\r\n<p>t is a long established fact that a reader will be distracted by the readable content of a page when looking at its layout. The point of using Lorem Ipsum is that it has a more-or-less normal distribution of letters, as opposed to using \'Content here, content here\',</p>\r\n<p>t is a long established fact that a reader will be distracted by the readable content of a page when looking at its layout. The point of using Lorem Ipsum is that it has a more-or-less normal distribution of letters, as opposed to using \'Content here, content here\', making it look like readable English. Many desktop publishing packages and web page editors now use Lorem Ipsum as their default model text, and a search for \'lorem ipsum\' will uncover many web sites still in their infancy.&nbsp;</p>',NULL,'Rainbow Sequin Dress','Rainbow Sequin Dress','2024-12-05 06:48:07','2024-12-05 06:48:07'),(14,7,'hd','Rainbow Sequin Dress','<p>t is a long established fact that a reader will be distracted by the readable content of a page when looking at its layout. The point of using Lorem Ipsum is that it has a more-or-less normal distribution of letters, as opposed to using \'Content here, content here\', making it look like readable English. Many desktop publishing packages and web page editors now use Lorem Ipsum as their default model text, and a search for \'lorem ipsum\' will uncover many web sites still in their infancy.&nbsp;</p>\r\n<p>t is a long established fact that a reader will be distracted by the readable content of a page when looking at its layout. The point of using Lorem Ipsum is that it has a more-or-less normal distribution of letters, as opposed to using \'Content here, content here\',</p>\r\n<p>t is a long established fact that a reader will be distracted by the readable content of a page when looking at its layout. The point of using Lorem Ipsum is that it has a more-or-less normal distribution of letters, as opposed to using \'Content here, content here\', making it look like readable English. Many desktop publishing packages and web page editors now use Lorem Ipsum as their default model text, and a search for \'lorem ipsum\' will uncover many web sites still in their infancy.&nbsp;</p>',NULL,'Rainbow Sequin Dress','Rainbow Sequin Dress','2024-12-05 06:48:07','2024-12-05 06:48:07'),(15,8,'en','Sparkling Dreams Dress','<p>t is a long established fact that a reader will be distracted by the readable content of a page when looking at its layout. The point of using Lorem Ipsum is that it has a more-or-less normal distribution of letters, as opposed to using \'Content here, content here\', making it look like readable English. Many desktop publishing packages and web page editors now use Lorem Ipsum as their default model text, and a search for \'lorem ipsum\' will uncover many web sites still in their infancy.&nbsp;</p>\r\n<p>t is a long established fact that a reader will be distracted by the readable content of a page when looking at its layout. The point of using Lorem Ipsum is that it has a more-or-less normal distribution of letters, as opposed to using \'Content here, content here\',</p>\r\n<p>t is a long established fact that a reader will be distracted by the readable content of a page when looking at its layout. The point of using Lorem Ipsum is that it has a more-or-less normal distribution of letters, as opposed to using \'Content here, content here\', making it look like readable English. Many desktop publishing packages and web page editors now use Lorem Ipsum as their default model text, and a search for \'lorem ipsum\' will uncover many web sites still in their infancy.&nbsp;</p>',NULL,'Sparkling Dreams Dress','Sparkling Dreams Dress','2024-12-05 06:50:08','2024-12-05 06:50:08'),(16,8,'hd','Sparkling Dreams Dress','<p>t is a long established fact that a reader will be distracted by the readable content of a page when looking at its layout. The point of using Lorem Ipsum is that it has a more-or-less normal distribution of letters, as opposed to using \'Content here, content here\', making it look like readable English. Many desktop publishing packages and web page editors now use Lorem Ipsum as their default model text, and a search for \'lorem ipsum\' will uncover many web sites still in their infancy.&nbsp;</p>\r\n<p>t is a long established fact that a reader will be distracted by the readable content of a page when looking at its layout. The point of using Lorem Ipsum is that it has a more-or-less normal distribution of letters, as opposed to using \'Content here, content here\',</p>\r\n<p>t is a long established fact that a reader will be distracted by the readable content of a page when looking at its layout. The point of using Lorem Ipsum is that it has a more-or-less normal distribution of letters, as opposed to using \'Content here, content here\', making it look like readable English. Many desktop publishing packages and web page editors now use Lorem Ipsum as their default model text, and a search for \'lorem ipsum\' will uncover many web sites still in their infancy.&nbsp;</p>',NULL,'Sparkling Dreams Dress','Sparkling Dreams Dress','2024-12-05 06:50:08','2024-12-05 06:50:08'),(17,9,'en','Starry Night Glam','<p>t is a long established fact that a reader will be distracted by the readable content of a page when looking at its layout. The point of using Lorem Ipsum is that it has a more-or-less normal distribution of letters, as opposed to using \'Content here, content here\', making it look like readable English. Many desktop publishing packages and web page editors now use Lorem Ipsum as their default model text, and a search for \'lorem ipsum\' will uncover many web sites still in their infancy.&nbsp;</p>\r\n<p>t is a long established fact that a reader will be distracted by the readable content of a page when looking at its layout. The point of using Lorem Ipsum is that it has a more-or-less normal distribution of letters, as opposed to using \'Content here, content here\',</p>\r\n<p>t is a long established fact that a reader will be distracted by the readable content of a page when looking at its layout. The point of using Lorem Ipsum is that it has a more-or-less normal distribution of letters, as opposed to using \'Content here, content here\', making it look like readable English. Many desktop publishing packages and web page editors now use Lorem Ipsum as their default model text, and a search for \'lorem ipsum\' will uncover many web sites still in their infancy.&nbsp;</p>',NULL,'Starry Night Glam','Starry Night Glam','2024-12-05 06:51:31','2024-12-05 06:51:31'),(18,9,'hd','Starry Night Glam','<p>t is a long established fact that a reader will be distracted by the readable content of a page when looking at its layout. The point of using Lorem Ipsum is that it has a more-or-less normal distribution of letters, as opposed to using \'Content here, content here\', making it look like readable English. Many desktop publishing packages and web page editors now use Lorem Ipsum as their default model text, and a search for \'lorem ipsum\' will uncover many web sites still in their infancy.&nbsp;</p>\r\n<p>t is a long established fact that a reader will be distracted by the readable content of a page when looking at its layout. The point of using Lorem Ipsum is that it has a more-or-less normal distribution of letters, as opposed to using \'Content here, content here\',</p>\r\n<p>t is a long established fact that a reader will be distracted by the readable content of a page when looking at its layout. The point of using Lorem Ipsum is that it has a more-or-less normal distribution of letters, as opposed to using \'Content here, content here\', making it look like readable English. Many desktop publishing packages and web page editors now use Lorem Ipsum as their default model text, and a search for \'lorem ipsum\' will uncover many web sites still in their infancy.&nbsp;</p>',NULL,'Starry Night Glam','Starry Night Glam','2024-12-05 06:51:31','2024-12-05 06:51:31'),(19,10,'en','Casual off-white ladies shoes','<p>t is a long established fact that a reader will be distracted by the readable content of a page when looking at its layout. The point of using Lorem Ipsum is that it has a more-or-less normal distribution of letters, as opposed to using \'Content here, content here\', making it look like readable English. Many desktop publishing packages and web page editors now use Lorem Ipsum as their default model text, and a search for \'lorem ipsum\' will uncover many web sites still in their infancy.&nbsp;</p>\r\n<p>t is a long established fact that a reader will be distracted by the readable content of a page when looking at its layout. The point of using Lorem Ipsum is that it has a more-or-less normal distribution of letters, as opposed to using \'Content here, content here\',</p>\r\n<p>t is a long established fact that a reader will be distracted by the readable content of a page when looking at its layout. The point of using Lorem Ipsum is that it has a more-or-less normal distribution of letters, as opposed to using \'Content here, content here\', making it look like readable English. Many desktop publishing packages and web page editors now use Lorem Ipsum as their default model text, and a search for \'lorem ipsum\' will uncover many web sites still in their infancy.&nbsp;</p>',NULL,'Casual off-white ladies shoes','Casual off-white ladies shoes','2024-12-05 06:56:31','2024-12-05 06:56:31'),(20,10,'hd','Casual off-white ladies shoes','<p>t is a long established fact that a reader will be distracted by the readable content of a page when looking at its layout. The point of using Lorem Ipsum is that it has a more-or-less normal distribution of letters, as opposed to using \'Content here, content here\', making it look like readable English. Many desktop publishing packages and web page editors now use Lorem Ipsum as their default model text, and a search for \'lorem ipsum\' will uncover many web sites still in their infancy.&nbsp;</p>\r\n<p>t is a long established fact that a reader will be distracted by the readable content of a page when looking at its layout. The point of using Lorem Ipsum is that it has a more-or-less normal distribution of letters, as opposed to using \'Content here, content here\',</p>\r\n<p>t is a long established fact that a reader will be distracted by the readable content of a page when looking at its layout. The point of using Lorem Ipsum is that it has a more-or-less normal distribution of letters, as opposed to using \'Content here, content here\', making it look like readable English. Many desktop publishing packages and web page editors now use Lorem Ipsum as their default model text, and a search for \'lorem ipsum\' will uncover many web sites still in their infancy.&nbsp;</p>',NULL,'Casual off-white ladies shoes','Casual off-white ladies shoes','2024-12-05 06:56:31','2024-12-05 06:56:31'),(21,11,'en','Maroon sweater for Men','<p>t is a long established fact that a reader will be distracted by the readable content of a page when looking at its layout. The point of using Lorem Ipsum is that it has a more-or-less normal distribution of letters, as opposed to using \'Content here, content here\', making it look like readable English. Many desktop publishing packages and web page editors now use Lorem Ipsum as their default model text, and a search for \'lorem ipsum\' will uncover many web sites still in their infancy.&nbsp;</p>\r\n<p>t is a long established fact that a reader will be distracted by the readable content of a page when looking at its layout. The point of using Lorem Ipsum is that it has a more-or-less normal distribution of letters, as opposed to using \'Content here, content here\',</p>\r\n<p>t is a long established fact that a reader will be distracted by the readable content of a page when looking at its layout. The point of using Lorem Ipsum is that it has a more-or-less normal distribution of letters, as opposed to using \'Content here, content here\', making it look like readable English. Many desktop publishing packages and web page editors now use Lorem Ipsum as their default model text, and a search for \'lorem ipsum\' will uncover many web sites still in their infancy.&nbsp;</p>',NULL,'Maroon sweater for Men','Maroon sweater for Men','2024-12-05 06:58:18','2024-12-05 06:58:18'),(22,11,'hd','Maroon sweater for Men','<p>t is a long established fact that a reader will be distracted by the readable content of a page when looking at its layout. The point of using Lorem Ipsum is that it has a more-or-less normal distribution of letters, as opposed to using \'Content here, content here\', making it look like readable English. Many desktop publishing packages and web page editors now use Lorem Ipsum as their default model text, and a search for \'lorem ipsum\' will uncover many web sites still in their infancy.&nbsp;</p>\r\n<p>t is a long established fact that a reader will be distracted by the readable content of a page when looking at its layout. The point of using Lorem Ipsum is that it has a more-or-less normal distribution of letters, as opposed to using \'Content here, content here\',</p>\r\n<p>t is a long established fact that a reader will be distracted by the readable content of a page when looking at its layout. The point of using Lorem Ipsum is that it has a more-or-less normal distribution of letters, as opposed to using \'Content here, content here\', making it look like readable English. Many desktop publishing packages and web page editors now use Lorem Ipsum as their default model text, and a search for \'lorem ipsum\' will uncover many web sites still in their infancy.&nbsp;</p>',NULL,'Maroon sweater for Men','Maroon sweater for Men','2024-12-05 06:58:18','2024-12-05 06:58:18'),(23,12,'en','Men’s black stylish half shirt','<p>t is a long established fact that a reader will be distracted by the readable content of a page when looking at its layout. The point of using Lorem Ipsum is that it has a more-or-less normal distribution of letters, as opposed to using \'Content here, content here\', making it look like readable English. Many desktop publishing packages and web page editors now use Lorem Ipsum as their default model text, and a search for \'lorem ipsum\' will uncover many web sites still in their infancy.&nbsp;</p>\r\n<p>t is a long established fact that a reader will be distracted by the readable content of a page when looking at its layout. The point of using Lorem Ipsum is that it has a more-or-less normal distribution of letters, as opposed to using \'Content here, content here\',</p>\r\n<p>t is a long established fact that a reader will be distracted by the readable content of a page when looking at its layout. The point of using Lorem Ipsum is that it has a more-or-less normal distribution of letters, as opposed to using \'Content here, content here\', making it look like readable English. Many desktop publishing packages and web page editors now use Lorem Ipsum as their default model text, and a search for \'lorem ipsum\' will uncover many web sites still in their infancy.&nbsp;</p>',NULL,'Men’s black stylish half shirt','Men’s black stylish half shirt','2024-12-05 07:00:54','2024-12-05 07:00:54'),(24,12,'hd','Men’s black stylish half shirt','<p>t is a long established fact that a reader will be distracted by the readable content of a page when looking at its layout. The point of using Lorem Ipsum is that it has a more-or-less normal distribution of letters, as opposed to using \'Content here, content here\', making it look like readable English. Many desktop publishing packages and web page editors now use Lorem Ipsum as their default model text, and a search for \'lorem ipsum\' will uncover many web sites still in their infancy.&nbsp;</p>\r\n<p>t is a long established fact that a reader will be distracted by the readable content of a page when looking at its layout. The point of using Lorem Ipsum is that it has a more-or-less normal distribution of letters, as opposed to using \'Content here, content here\',</p>\r\n<p>t is a long established fact that a reader will be distracted by the readable content of a page when looking at its layout. The point of using Lorem Ipsum is that it has a more-or-less normal distribution of letters, as opposed to using \'Content here, content here\', making it look like readable English. Many desktop publishing packages and web page editors now use Lorem Ipsum as their default model text, and a search for \'lorem ipsum\' will uncover many web sites still in their infancy.&nbsp;</p>',NULL,'Men’s black stylish half shirt','Men’s black stylish half shirt','2024-12-05 07:00:54','2024-12-05 07:00:54'),(25,13,'en','Silk blazer suit for men','<p>t is a long established fact that a reader will be distracted by the readable content of a page when looking at its layout. The point of using Lorem Ipsum is that it has a more-or-less normal distribution of letters, as opposed to using \'Content here, content here\', making it look like readable English. Many desktop publishing packages and web page editors now use Lorem Ipsum as their default model text, and a search for \'lorem ipsum\' will uncover many web sites still in their infancy.&nbsp;</p>\r\n<p>t is a long established fact that a reader will be distracted by the readable content of a page when looking at its layout. The point of using Lorem Ipsum is that it has a more-or-less normal distribution of letters, as opposed to using \'Content here, content here\',</p>\r\n<p>t is a long established fact that a reader will be distracted by the readable content of a page when looking at its layout. The point of using Lorem Ipsum is that it has a more-or-less normal distribution of letters, as opposed to using \'Content here, content here\', making it look like readable English. Many desktop publishing packages and web page editors now use Lorem Ipsum as their default model text, and a search for \'lorem ipsum\' will uncover many web sites still in their infancy.&nbsp;</p>',NULL,'Silk blazer suit for men','Silk blazer suit for men','2024-12-05 07:03:55','2024-12-05 07:03:55'),(26,13,'hd','Silk blazer suit for men','<p>t is a long established fact that a reader will be distracted by the readable content of a page when looking at its layout. The point of using Lorem Ipsum is that it has a more-or-less normal distribution of letters, as opposed to using \'Content here, content here\', making it look like readable English. Many desktop publishing packages and web page editors now use Lorem Ipsum as their default model text, and a search for \'lorem ipsum\' will uncover many web sites still in their infancy.&nbsp;</p>\r\n<p>t is a long established fact that a reader will be distracted by the readable content of a page when looking at its layout. The point of using Lorem Ipsum is that it has a more-or-less normal distribution of letters, as opposed to using \'Content here, content here\',</p>\r\n<p>t is a long established fact that a reader will be distracted by the readable content of a page when looking at its layout. The point of using Lorem Ipsum is that it has a more-or-less normal distribution of letters, as opposed to using \'Content here, content here\', making it look like readable English. Many desktop publishing packages and web page editors now use Lorem Ipsum as their default model text, and a search for \'lorem ipsum\' will uncover many web sites still in their infancy.&nbsp;</p>',NULL,'Silk blazer suit for men','Silk blazer suit for men','2024-12-05 07:03:55','2024-12-05 07:03:55'),(27,14,'en','Beautiful Blue Dress','<p>t is a long established fact that a reader will be distracted by the readable content of a page when looking at its layout. The point of using Lorem Ipsum is that it has a more-or-less normal distribution of letters, as opposed to using \'Content here, content here\', making it look like readable English. Many desktop publishing packages and web page editors now use Lorem Ipsum as their default model text, and a search for \'lorem ipsum\' will uncover many web sites still in their infancy.&nbsp;</p>\r\n<p>t is a long established fact that a reader will be distracted by the readable content of a page when looking at its layout. The point of using Lorem Ipsum is that it has a more-or-less normal distribution of letters, as opposed to using \'Content here, content here\',</p>\r\n<p>t is a long established fact that a reader will be distracted by the readable content of a page when looking at its layout. The point of using Lorem Ipsum is that it has a more-or-less normal distribution of letters, as opposed to using \'Content here, content here\', making it look like readable English. Many desktop publishing packages and web page editors now use Lorem Ipsum as their default model text, and a search for \'lorem ipsum\' will uncover many web sites still in their infancy.&nbsp;</p>',NULL,'Beautiful Blue Dress','Beautiful Blue Dress','2024-12-05 07:04:57','2024-12-05 07:04:57'),(28,14,'hd','Beautiful Blue Dress','<p>t is a long established fact that a reader will be distracted by the readable content of a page when looking at its layout. The point of using Lorem Ipsum is that it has a more-or-less normal distribution of letters, as opposed to using \'Content here, content here\', making it look like readable English. Many desktop publishing packages and web page editors now use Lorem Ipsum as their default model text, and a search for \'lorem ipsum\' will uncover many web sites still in their infancy.&nbsp;</p>\r\n<p>t is a long established fact that a reader will be distracted by the readable content of a page when looking at its layout. The point of using Lorem Ipsum is that it has a more-or-less normal distribution of letters, as opposed to using \'Content here, content here\',</p>\r\n<p>t is a long established fact that a reader will be distracted by the readable content of a page when looking at its layout. The point of using Lorem Ipsum is that it has a more-or-less normal distribution of letters, as opposed to using \'Content here, content here\', making it look like readable English. Many desktop publishing packages and web page editors now use Lorem Ipsum as their default model text, and a search for \'lorem ipsum\' will uncover many web sites still in their infancy.&nbsp;</p>',NULL,'Beautiful Blue Dress','Beautiful Blue Dress','2024-12-05 07:04:57','2024-12-05 07:04:57'),(29,15,'en','Maroon sweater for Men','<p>t is a long established fact that a reader will be distracted by the readable content of a page when looking at its layout. The point of using Lorem Ipsum is that it has a more-or-less normal distribution of letters, as opposed to using \'Content here, content here\', making it look like readable English. Many desktop publishing packages and web page editors now use Lorem Ipsum as their default model text, and a search for \'lorem ipsum\' will uncover many web sites still in their infancy.&nbsp;</p>\r\n<p>t is a long established fact that a reader will be distracted by the readable content of a page when looking at its layout. The point of using Lorem Ipsum is that it has a more-or-less normal distribution of letters, as opposed to using \'Content here, content here\',</p>\r\n<p>t is a long established fact that a reader will be distracted by the readable content of a page when looking at its layout. The point of using Lorem Ipsum is that it has a more-or-less normal distribution of letters, as opposed to using \'Content here, content here\', making it look like readable English. Many desktop publishing packages and web page editors now use Lorem Ipsum as their default model text, and a search for \'lorem ipsum\' will uncover many web sites still in their infancy.&nbsp;</p>',NULL,'Maroon sweater for Men','Maroon sweater for Men','2024-12-05 07:16:28','2024-12-05 07:16:28'),(30,15,'hd','Maroon sweater for Men','<p>t is a long established fact that a reader will be distracted by the readable content of a page when looking at its layout. The point of using Lorem Ipsum is that it has a more-or-less normal distribution of letters, as opposed to using \'Content here, content here\', making it look like readable English. Many desktop publishing packages and web page editors now use Lorem Ipsum as their default model text, and a search for \'lorem ipsum\' will uncover many web sites still in their infancy.&nbsp;</p>\r\n<p>t is a long established fact that a reader will be distracted by the readable content of a page when looking at its layout. The point of using Lorem Ipsum is that it has a more-or-less normal distribution of letters, as opposed to using \'Content here, content here\',</p>\r\n<p>t is a long established fact that a reader will be distracted by the readable content of a page when looking at its layout. The point of using Lorem Ipsum is that it has a more-or-less normal distribution of letters, as opposed to using \'Content here, content here\', making it look like readable English. Many desktop publishing packages and web page editors now use Lorem Ipsum as their default model text, and a search for \'lorem ipsum\' will uncover many web sites still in their infancy.&nbsp;</p>',NULL,'Maroon sweater for Men','Maroon sweater for Men','2024-12-05 07:16:29','2024-12-05 07:16:29'),(31,16,'en','Leather shoe with shoelaces','<p>t is a long established fact that a reader will be distracted by the readable content of a page when looking at its layout. The point of using Lorem Ipsum is that it has a more-or-less normal distribution of letters, as opposed to using \'Content here, content here\', making it look like readable English. Many desktop publishing packages and web page editors now use Lorem Ipsum as their default model text, and a search for \'lorem ipsum\' will uncover many web sites still in their infancy.&nbsp;</p>\r\n<p>t is a long established fact that a reader will be distracted by the readable content of a page when looking at its layout. The point of using Lorem Ipsum is that it has a more-or-less normal distribution of letters, as opposed to using \'Content here, content here\',</p>\r\n<p>t is a long established fact that a reader will be distracted by the readable content of a page when looking at its layout. The point of using Lorem Ipsum is that it has a more-or-less normal distribution of letters, as opposed to using \'Content here, content here\', making it look like readable English. Many desktop publishing packages and web page editors now use Lorem Ipsum as their default model text, and a search for \'lorem ipsum\' will uncover many web sites still in their infancy.&nbsp;</p>',NULL,'Leather shoe with shoelaces','Leather shoe with shoelaces','2024-12-05 07:17:35','2024-12-05 07:17:35'),(32,16,'hd','Leather shoe with shoelaces','<p>t is a long established fact that a reader will be distracted by the readable content of a page when looking at its layout. The point of using Lorem Ipsum is that it has a more-or-less normal distribution of letters, as opposed to using \'Content here, content here\', making it look like readable English. Many desktop publishing packages and web page editors now use Lorem Ipsum as their default model text, and a search for \'lorem ipsum\' will uncover many web sites still in their infancy.&nbsp;</p>\r\n<p>t is a long established fact that a reader will be distracted by the readable content of a page when looking at its layout. The point of using Lorem Ipsum is that it has a more-or-less normal distribution of letters, as opposed to using \'Content here, content here\',</p>\r\n<p>t is a long established fact that a reader will be distracted by the readable content of a page when looking at its layout. The point of using Lorem Ipsum is that it has a more-or-less normal distribution of letters, as opposed to using \'Content here, content here\', making it look like readable English. Many desktop publishing packages and web page editors now use Lorem Ipsum as their default model text, and a search for \'lorem ipsum\' will uncover many web sites still in their infancy.&nbsp;</p>',NULL,'Leather shoe with shoelaces','Leather shoe with shoelaces','2024-12-05 07:17:35','2024-12-05 07:17:35'),(33,17,'en','Black leather backpack en','<p>t is a long established fact that a reader will be distracted by the readable content of a page when looking at its layout. The point of using Lorem Ipsum is that it has a more-or-less normal distribution of letters, as opposed to using \'Content here, content here\', making it look like readable English. Many desktop publishing packages and web page editors now use Lorem Ipsum as their default model text, and a search for \'lorem ipsum\' will uncover many web sites still in their infancy.&nbsp;</p>\r\n<p>t is a long established fact that a reader will be distracted by the readable content of a page when looking at its layout. The point of using Lorem Ipsum is that it has a more-or-less normal distribution of letters, as opposed to using \'Content here, content here\',</p>\r\n<p>t is a long established fact that a reader will be distracted by the readable content of a page when looking at its layout. The point of using Lorem Ipsum is that it has a more-or-less normal distribution of letters, as opposed to using \'Content here, content here\', making it look like readable English. Many desktop publishing packages and web page editors now use Lorem Ipsum as their default model text, and a search for \'lorem ipsum\' will uncover many web sites still in their infancy.&nbsp; en</p>','ghfghfghfgh','Black leather backpack en','Black leather backpack en','2024-12-05 07:18:31','2024-12-08 06:57:42'),(34,17,'hd','Black leather backpack hi','<p>t is a long established fact that a reader will be distracted by the readable content of a page when looking at its layout. The point of using Lorem Ipsum is that it has a more-or-less normal distribution of letters, as opposed to using \'Content here, content here\', making it look like readable English. Many desktop publishing packages and web page editors now use Lorem Ipsum as their default model text, and a search for \'lorem ipsum\' will uncover many web sites still in their infancy.&nbsp;</p>\r\n<p>t is a long established fact that a reader will be distracted by the readable content of a page when looking at its layout. The point of using Lorem Ipsum is that it has a more-or-less normal distribution of letters, as opposed to using \'Content here, content here\',</p>\r\n<p>t is a long established fact that a reader will be distracted by the readable content of a page when looking at its layout. The point of using Lorem Ipsum is that it has a more-or-less normal distribution of letters, as opposed to using \'Content here, content here\', making it look like readable English. Many desktop publishing packages and web page editors now use Lorem Ipsum as their default model text, and a search for \'lorem ipsum\' will uncover many web sites still in their infancy. hi</p>','fhghfghfgh hi','Black leather backpack hi','Black leather backpack hi','2024-12-05 07:18:31','2024-12-08 06:57:21'),(75,5,'bn','Blossom Charm Dress','<p>t is a long established fact that a reader will be distracted by the readable content of a page when looking at its layout. The point of using Lorem Ipsum is that it has a more-or-less normal distribution of letters, as opposed to using \'Content here, content here\', making it look like readable English. Many desktop publishing packages and web page editors now use Lorem Ipsum as their default model text, and a search for \'lorem ipsum\' will uncover many web sites still in their infancy.&nbsp;</p>\r\n<p>t is a long established fact that a reader will be distracted by the readable content of a page when looking at its layout. The point of using Lorem Ipsum is that it has a more-or-less normal distribution of letters, as opposed to using \'Content here, content here\',</p>\r\n<p>t is a long established fact that a reader will be distracted by the readable content of a page when looking at its layout. The point of using Lorem Ipsum is that it has a more-or-less normal distribution of letters, as opposed to using \'Content here, content here\', making it look like readable English. Many desktop publishing packages and web page editors now use Lorem Ipsum as their default model text, and a search for \'lorem ipsum\' will uncover many web sites still in their infancy.&nbsp;</p>',NULL,'Blossom Charm Dress','Blossom Charm Dress','2024-12-08 08:01:04','2024-12-08 08:01:04'),(76,6,'bn','Darling Petal Frock','<p>t is a long established fact that a reader will be distracted by the readable content of a page when looking at its layout. The point of using Lorem Ipsum is that it has a more-or-less normal distribution of letters, as opposed to using \'Content here, content here\', making it look like readable English. Many desktop publishing packages and web page editors now use Lorem Ipsum as their default model text, and a search for \'lorem ipsum\' will uncover many web sites still in their infancy.&nbsp;</p>\r\n<p>t is a long established fact that a reader will be distracted by the readable content of a page when looking at its layout. The point of using Lorem Ipsum is that it has a more-or-less normal distribution of letters, as opposed to using \'Content here, content here\',</p>\r\n<p>t is a long established fact that a reader will be distracted by the readable content of a page when looking at its layout. The point of using Lorem Ipsum is that it has a more-or-less normal distribution of letters, as opposed to using \'Content here, content here\', making it look like readable English. Many desktop publishing packages and web page editors now use Lorem Ipsum as their default model text, and a search for \'lorem ipsum\' will uncover many web sites still in their infancy.&nbsp;</p>',NULL,'Darling Petal Frock','Darling Petal Frock','2024-12-08 08:01:04','2024-12-08 08:01:04'),(77,7,'bn','Rainbow Sequin Dress','<p>t is a long established fact that a reader will be distracted by the readable content of a page when looking at its layout. The point of using Lorem Ipsum is that it has a more-or-less normal distribution of letters, as opposed to using \'Content here, content here\', making it look like readable English. Many desktop publishing packages and web page editors now use Lorem Ipsum as their default model text, and a search for \'lorem ipsum\' will uncover many web sites still in their infancy.&nbsp;</p>\r\n<p>t is a long established fact that a reader will be distracted by the readable content of a page when looking at its layout. The point of using Lorem Ipsum is that it has a more-or-less normal distribution of letters, as opposed to using \'Content here, content here\',</p>\r\n<p>t is a long established fact that a reader will be distracted by the readable content of a page when looking at its layout. The point of using Lorem Ipsum is that it has a more-or-less normal distribution of letters, as opposed to using \'Content here, content here\', making it look like readable English. Many desktop publishing packages and web page editors now use Lorem Ipsum as their default model text, and a search for \'lorem ipsum\' will uncover many web sites still in their infancy.&nbsp;</p>',NULL,'Rainbow Sequin Dress','Rainbow Sequin Dress','2024-12-08 08:01:04','2024-12-08 08:01:04'),(78,8,'bn','Sparkling Dreams Dress','<p>t is a long established fact that a reader will be distracted by the readable content of a page when looking at its layout. The point of using Lorem Ipsum is that it has a more-or-less normal distribution of letters, as opposed to using \'Content here, content here\', making it look like readable English. Many desktop publishing packages and web page editors now use Lorem Ipsum as their default model text, and a search for \'lorem ipsum\' will uncover many web sites still in their infancy.&nbsp;</p>\r\n<p>t is a long established fact that a reader will be distracted by the readable content of a page when looking at its layout. The point of using Lorem Ipsum is that it has a more-or-less normal distribution of letters, as opposed to using \'Content here, content here\',</p>\r\n<p>t is a long established fact that a reader will be distracted by the readable content of a page when looking at its layout. The point of using Lorem Ipsum is that it has a more-or-less normal distribution of letters, as opposed to using \'Content here, content here\', making it look like readable English. Many desktop publishing packages and web page editors now use Lorem Ipsum as their default model text, and a search for \'lorem ipsum\' will uncover many web sites still in their infancy.&nbsp;</p>',NULL,'Sparkling Dreams Dress','Sparkling Dreams Dress','2024-12-08 08:01:04','2024-12-08 08:01:04'),(79,9,'bn','Starry Night Glam','<p>t is a long established fact that a reader will be distracted by the readable content of a page when looking at its layout. The point of using Lorem Ipsum is that it has a more-or-less normal distribution of letters, as opposed to using \'Content here, content here\', making it look like readable English. Many desktop publishing packages and web page editors now use Lorem Ipsum as their default model text, and a search for \'lorem ipsum\' will uncover many web sites still in their infancy.&nbsp;</p>\r\n<p>t is a long established fact that a reader will be distracted by the readable content of a page when looking at its layout. The point of using Lorem Ipsum is that it has a more-or-less normal distribution of letters, as opposed to using \'Content here, content here\',</p>\r\n<p>t is a long established fact that a reader will be distracted by the readable content of a page when looking at its layout. The point of using Lorem Ipsum is that it has a more-or-less normal distribution of letters, as opposed to using \'Content here, content here\', making it look like readable English. Many desktop publishing packages and web page editors now use Lorem Ipsum as their default model text, and a search for \'lorem ipsum\' will uncover many web sites still in their infancy.&nbsp;</p>',NULL,'Starry Night Glam','Starry Night Glam','2024-12-08 08:01:04','2024-12-08 08:01:04'),(80,10,'bn','Casual off-white ladies shoes','<p>t is a long established fact that a reader will be distracted by the readable content of a page when looking at its layout. The point of using Lorem Ipsum is that it has a more-or-less normal distribution of letters, as opposed to using \'Content here, content here\', making it look like readable English. Many desktop publishing packages and web page editors now use Lorem Ipsum as their default model text, and a search for \'lorem ipsum\' will uncover many web sites still in their infancy.&nbsp;</p>\r\n<p>t is a long established fact that a reader will be distracted by the readable content of a page when looking at its layout. The point of using Lorem Ipsum is that it has a more-or-less normal distribution of letters, as opposed to using \'Content here, content here\',</p>\r\n<p>t is a long established fact that a reader will be distracted by the readable content of a page when looking at its layout. The point of using Lorem Ipsum is that it has a more-or-less normal distribution of letters, as opposed to using \'Content here, content here\', making it look like readable English. Many desktop publishing packages and web page editors now use Lorem Ipsum as their default model text, and a search for \'lorem ipsum\' will uncover many web sites still in their infancy.&nbsp;</p>',NULL,'Casual off-white ladies shoes','Casual off-white ladies shoes','2024-12-08 08:01:04','2024-12-08 08:01:04'),(81,11,'bn','Maroon sweater for Men','<p>t is a long established fact that a reader will be distracted by the readable content of a page when looking at its layout. The point of using Lorem Ipsum is that it has a more-or-less normal distribution of letters, as opposed to using \'Content here, content here\', making it look like readable English. Many desktop publishing packages and web page editors now use Lorem Ipsum as their default model text, and a search for \'lorem ipsum\' will uncover many web sites still in their infancy.&nbsp;</p>\r\n<p>t is a long established fact that a reader will be distracted by the readable content of a page when looking at its layout. The point of using Lorem Ipsum is that it has a more-or-less normal distribution of letters, as opposed to using \'Content here, content here\',</p>\r\n<p>t is a long established fact that a reader will be distracted by the readable content of a page when looking at its layout. The point of using Lorem Ipsum is that it has a more-or-less normal distribution of letters, as opposed to using \'Content here, content here\', making it look like readable English. Many desktop publishing packages and web page editors now use Lorem Ipsum as their default model text, and a search for \'lorem ipsum\' will uncover many web sites still in their infancy.&nbsp;</p>',NULL,'Maroon sweater for Men','Maroon sweater for Men','2024-12-08 08:01:04','2024-12-08 08:01:04'),(82,12,'bn','Men’s black stylish half shirt','<p>t is a long established fact that a reader will be distracted by the readable content of a page when looking at its layout. The point of using Lorem Ipsum is that it has a more-or-less normal distribution of letters, as opposed to using \'Content here, content here\', making it look like readable English. Many desktop publishing packages and web page editors now use Lorem Ipsum as their default model text, and a search for \'lorem ipsum\' will uncover many web sites still in their infancy.&nbsp;</p>\r\n<p>t is a long established fact that a reader will be distracted by the readable content of a page when looking at its layout. The point of using Lorem Ipsum is that it has a more-or-less normal distribution of letters, as opposed to using \'Content here, content here\',</p>\r\n<p>t is a long established fact that a reader will be distracted by the readable content of a page when looking at its layout. The point of using Lorem Ipsum is that it has a more-or-less normal distribution of letters, as opposed to using \'Content here, content here\', making it look like readable English. Many desktop publishing packages and web page editors now use Lorem Ipsum as their default model text, and a search for \'lorem ipsum\' will uncover many web sites still in their infancy.&nbsp;</p>',NULL,'Men’s black stylish half shirt','Men’s black stylish half shirt','2024-12-08 08:01:04','2024-12-08 08:01:04'),(83,13,'bn','Silk blazer suit for men','<p>t is a long established fact that a reader will be distracted by the readable content of a page when looking at its layout. The point of using Lorem Ipsum is that it has a more-or-less normal distribution of letters, as opposed to using \'Content here, content here\', making it look like readable English. Many desktop publishing packages and web page editors now use Lorem Ipsum as their default model text, and a search for \'lorem ipsum\' will uncover many web sites still in their infancy.&nbsp;</p>\r\n<p>t is a long established fact that a reader will be distracted by the readable content of a page when looking at its layout. The point of using Lorem Ipsum is that it has a more-or-less normal distribution of letters, as opposed to using \'Content here, content here\',</p>\r\n<p>t is a long established fact that a reader will be distracted by the readable content of a page when looking at its layout. The point of using Lorem Ipsum is that it has a more-or-less normal distribution of letters, as opposed to using \'Content here, content here\', making it look like readable English. Many desktop publishing packages and web page editors now use Lorem Ipsum as their default model text, and a search for \'lorem ipsum\' will uncover many web sites still in their infancy.&nbsp;</p>',NULL,'Silk blazer suit for men','Silk blazer suit for men','2024-12-08 08:01:04','2024-12-08 08:01:04'),(84,14,'bn','Beautiful Blue Dress','<p>t is a long established fact that a reader will be distracted by the readable content of a page when looking at its layout. The point of using Lorem Ipsum is that it has a more-or-less normal distribution of letters, as opposed to using \'Content here, content here\', making it look like readable English. Many desktop publishing packages and web page editors now use Lorem Ipsum as their default model text, and a search for \'lorem ipsum\' will uncover many web sites still in their infancy.&nbsp;</p>\r\n<p>t is a long established fact that a reader will be distracted by the readable content of a page when looking at its layout. The point of using Lorem Ipsum is that it has a more-or-less normal distribution of letters, as opposed to using \'Content here, content here\',</p>\r\n<p>t is a long established fact that a reader will be distracted by the readable content of a page when looking at its layout. The point of using Lorem Ipsum is that it has a more-or-less normal distribution of letters, as opposed to using \'Content here, content here\', making it look like readable English. Many desktop publishing packages and web page editors now use Lorem Ipsum as their default model text, and a search for \'lorem ipsum\' will uncover many web sites still in their infancy.&nbsp;</p>',NULL,'Beautiful Blue Dress','Beautiful Blue Dress','2024-12-08 08:01:04','2024-12-08 08:01:04'),(85,15,'bn','Maroon sweater for Men','<p>t is a long established fact that a reader will be distracted by the readable content of a page when looking at its layout. The point of using Lorem Ipsum is that it has a more-or-less normal distribution of letters, as opposed to using \'Content here, content here\', making it look like readable English. Many desktop publishing packages and web page editors now use Lorem Ipsum as their default model text, and a search for \'lorem ipsum\' will uncover many web sites still in their infancy.&nbsp;</p>\r\n<p>t is a long established fact that a reader will be distracted by the readable content of a page when looking at its layout. The point of using Lorem Ipsum is that it has a more-or-less normal distribution of letters, as opposed to using \'Content here, content here\',</p>\r\n<p>t is a long established fact that a reader will be distracted by the readable content of a page when looking at its layout. The point of using Lorem Ipsum is that it has a more-or-less normal distribution of letters, as opposed to using \'Content here, content here\', making it look like readable English. Many desktop publishing packages and web page editors now use Lorem Ipsum as their default model text, and a search for \'lorem ipsum\' will uncover many web sites still in their infancy.&nbsp;</p>',NULL,'Maroon sweater for Men','Maroon sweater for Men','2024-12-08 08:01:04','2024-12-08 08:01:04'),(86,16,'bn','Leather shoe with shoelaces','<p>t is a long established fact that a reader will be distracted by the readable content of a page when looking at its layout. The point of using Lorem Ipsum is that it has a more-or-less normal distribution of letters, as opposed to using \'Content here, content here\', making it look like readable English. Many desktop publishing packages and web page editors now use Lorem Ipsum as their default model text, and a search for \'lorem ipsum\' will uncover many web sites still in their infancy.&nbsp;</p>\r\n<p>t is a long established fact that a reader will be distracted by the readable content of a page when looking at its layout. The point of using Lorem Ipsum is that it has a more-or-less normal distribution of letters, as opposed to using \'Content here, content here\',</p>\r\n<p>t is a long established fact that a reader will be distracted by the readable content of a page when looking at its layout. The point of using Lorem Ipsum is that it has a more-or-less normal distribution of letters, as opposed to using \'Content here, content here\', making it look like readable English. Many desktop publishing packages and web page editors now use Lorem Ipsum as their default model text, and a search for \'lorem ipsum\' will uncover many web sites still in their infancy.&nbsp;</p>',NULL,'Leather shoe with shoelaces','Leather shoe with shoelaces','2024-12-08 08:01:04','2024-12-08 08:01:04'),(87,17,'bn','Black leather backpack en','<p>t is a long established fact that a reader will be distracted by the readable content of a page when looking at its layout. The point of using Lorem Ipsum is that it has a more-or-less normal distribution of letters, as opposed to using \'Content here, content here\', making it look like readable English. Many desktop publishing packages and web page editors now use Lorem Ipsum as their default model text, and a search for \'lorem ipsum\' will uncover many web sites still in their infancy.&nbsp;</p>\r\n<p>t is a long established fact that a reader will be distracted by the readable content of a page when looking at its layout. The point of using Lorem Ipsum is that it has a more-or-less normal distribution of letters, as opposed to using \'Content here, content here\',</p>\r\n<p>t is a long established fact that a reader will be distracted by the readable content of a page when looking at its layout. The point of using Lorem Ipsum is that it has a more-or-less normal distribution of letters, as opposed to using \'Content here, content here\', making it look like readable English. Many desktop publishing packages and web page editors now use Lorem Ipsum as their default model text, and a search for \'lorem ipsum\' will uncover many web sites still in their infancy.&nbsp; en</p>','ghfghfghfgh','Black leather backpack en','Black leather backpack en','2024-12-08 08:01:04','2024-12-08 08:01:04'),(94,5,'ro','Blossom Charm Dress','<p>t is a long established fact that a reader will be distracted by the readable content of a page when looking at its layout. The point of using Lorem Ipsum is that it has a more-or-less normal distribution of letters, as opposed to using \'Content here, content here\', making it look like readable English. Many desktop publishing packages and web page editors now use Lorem Ipsum as their default model text, and a search for \'lorem ipsum\' will uncover many web sites still in their infancy.&nbsp;</p>\r\n<p>t is a long established fact that a reader will be distracted by the readable content of a page when looking at its layout. The point of using Lorem Ipsum is that it has a more-or-less normal distribution of letters, as opposed to using \'Content here, content here\',</p>\r\n<p>t is a long established fact that a reader will be distracted by the readable content of a page when looking at its layout. The point of using Lorem Ipsum is that it has a more-or-less normal distribution of letters, as opposed to using \'Content here, content here\', making it look like readable English. Many desktop publishing packages and web page editors now use Lorem Ipsum as their default model text, and a search for \'lorem ipsum\' will uncover many web sites still in their infancy.&nbsp;</p>',NULL,'Blossom Charm Dress','Blossom Charm Dress','2026-05-15 10:10:11','2026-05-15 10:10:11'),(95,6,'ro','Darling Petal Frock','<p>t is a long established fact that a reader will be distracted by the readable content of a page when looking at its layout. The point of using Lorem Ipsum is that it has a more-or-less normal distribution of letters, as opposed to using \'Content here, content here\', making it look like readable English. Many desktop publishing packages and web page editors now use Lorem Ipsum as their default model text, and a search for \'lorem ipsum\' will uncover many web sites still in their infancy.&nbsp;</p>\r\n<p>t is a long established fact that a reader will be distracted by the readable content of a page when looking at its layout. The point of using Lorem Ipsum is that it has a more-or-less normal distribution of letters, as opposed to using \'Content here, content here\',</p>\r\n<p>t is a long established fact that a reader will be distracted by the readable content of a page when looking at its layout. The point of using Lorem Ipsum is that it has a more-or-less normal distribution of letters, as opposed to using \'Content here, content here\', making it look like readable English. Many desktop publishing packages and web page editors now use Lorem Ipsum as their default model text, and a search for \'lorem ipsum\' will uncover many web sites still in their infancy.&nbsp;</p>',NULL,'Darling Petal Frock','Darling Petal Frock','2026-05-15 10:10:11','2026-05-15 10:10:11'),(96,7,'ro','Rainbow Sequin Dress','<p>t is a long established fact that a reader will be distracted by the readable content of a page when looking at its layout. The point of using Lorem Ipsum is that it has a more-or-less normal distribution of letters, as opposed to using \'Content here, content here\', making it look like readable English. Many desktop publishing packages and web page editors now use Lorem Ipsum as their default model text, and a search for \'lorem ipsum\' will uncover many web sites still in their infancy.&nbsp;</p>\r\n<p>t is a long established fact that a reader will be distracted by the readable content of a page when looking at its layout. The point of using Lorem Ipsum is that it has a more-or-less normal distribution of letters, as opposed to using \'Content here, content here\',</p>\r\n<p>t is a long established fact that a reader will be distracted by the readable content of a page when looking at its layout. The point of using Lorem Ipsum is that it has a more-or-less normal distribution of letters, as opposed to using \'Content here, content here\', making it look like readable English. Many desktop publishing packages and web page editors now use Lorem Ipsum as their default model text, and a search for \'lorem ipsum\' will uncover many web sites still in their infancy.&nbsp;</p>',NULL,'Rainbow Sequin Dress','Rainbow Sequin Dress','2026-05-15 10:10:11','2026-05-15 10:10:11'),(97,8,'ro','Sparkling Dreams Dress','<p>t is a long established fact that a reader will be distracted by the readable content of a page when looking at its layout. The point of using Lorem Ipsum is that it has a more-or-less normal distribution of letters, as opposed to using \'Content here, content here\', making it look like readable English. Many desktop publishing packages and web page editors now use Lorem Ipsum as their default model text, and a search for \'lorem ipsum\' will uncover many web sites still in their infancy.&nbsp;</p>\r\n<p>t is a long established fact that a reader will be distracted by the readable content of a page when looking at its layout. The point of using Lorem Ipsum is that it has a more-or-less normal distribution of letters, as opposed to using \'Content here, content here\',</p>\r\n<p>t is a long established fact that a reader will be distracted by the readable content of a page when looking at its layout. The point of using Lorem Ipsum is that it has a more-or-less normal distribution of letters, as opposed to using \'Content here, content here\', making it look like readable English. Many desktop publishing packages and web page editors now use Lorem Ipsum as their default model text, and a search for \'lorem ipsum\' will uncover many web sites still in their infancy.&nbsp;</p>',NULL,'Sparkling Dreams Dress','Sparkling Dreams Dress','2026-05-15 10:10:11','2026-05-15 10:10:11'),(98,9,'ro','Starry Night Glam','<p>t is a long established fact that a reader will be distracted by the readable content of a page when looking at its layout. The point of using Lorem Ipsum is that it has a more-or-less normal distribution of letters, as opposed to using \'Content here, content here\', making it look like readable English. Many desktop publishing packages and web page editors now use Lorem Ipsum as their default model text, and a search for \'lorem ipsum\' will uncover many web sites still in their infancy.&nbsp;</p>\r\n<p>t is a long established fact that a reader will be distracted by the readable content of a page when looking at its layout. The point of using Lorem Ipsum is that it has a more-or-less normal distribution of letters, as opposed to using \'Content here, content here\',</p>\r\n<p>t is a long established fact that a reader will be distracted by the readable content of a page when looking at its layout. The point of using Lorem Ipsum is that it has a more-or-less normal distribution of letters, as opposed to using \'Content here, content here\', making it look like readable English. Many desktop publishing packages and web page editors now use Lorem Ipsum as their default model text, and a search for \'lorem ipsum\' will uncover many web sites still in their infancy.&nbsp;</p>',NULL,'Starry Night Glam','Starry Night Glam','2026-05-15 10:10:11','2026-05-15 10:10:11'),(99,10,'ro','Casual off-white ladies shoes','<p>t is a long established fact that a reader will be distracted by the readable content of a page when looking at its layout. The point of using Lorem Ipsum is that it has a more-or-less normal distribution of letters, as opposed to using \'Content here, content here\', making it look like readable English. Many desktop publishing packages and web page editors now use Lorem Ipsum as their default model text, and a search for \'lorem ipsum\' will uncover many web sites still in their infancy.&nbsp;</p>\r\n<p>t is a long established fact that a reader will be distracted by the readable content of a page when looking at its layout. The point of using Lorem Ipsum is that it has a more-or-less normal distribution of letters, as opposed to using \'Content here, content here\',</p>\r\n<p>t is a long established fact that a reader will be distracted by the readable content of a page when looking at its layout. The point of using Lorem Ipsum is that it has a more-or-less normal distribution of letters, as opposed to using \'Content here, content here\', making it look like readable English. Many desktop publishing packages and web page editors now use Lorem Ipsum as their default model text, and a search for \'lorem ipsum\' will uncover many web sites still in their infancy.&nbsp;</p>',NULL,'Casual off-white ladies shoes','Casual off-white ladies shoes','2026-05-15 10:10:11','2026-05-15 10:10:11'),(100,11,'ro','Maroon sweater for Men','<p>t is a long established fact that a reader will be distracted by the readable content of a page when looking at its layout. The point of using Lorem Ipsum is that it has a more-or-less normal distribution of letters, as opposed to using \'Content here, content here\', making it look like readable English. Many desktop publishing packages and web page editors now use Lorem Ipsum as their default model text, and a search for \'lorem ipsum\' will uncover many web sites still in their infancy.&nbsp;</p>\r\n<p>t is a long established fact that a reader will be distracted by the readable content of a page when looking at its layout. The point of using Lorem Ipsum is that it has a more-or-less normal distribution of letters, as opposed to using \'Content here, content here\',</p>\r\n<p>t is a long established fact that a reader will be distracted by the readable content of a page when looking at its layout. The point of using Lorem Ipsum is that it has a more-or-less normal distribution of letters, as opposed to using \'Content here, content here\', making it look like readable English. Many desktop publishing packages and web page editors now use Lorem Ipsum as their default model text, and a search for \'lorem ipsum\' will uncover many web sites still in their infancy.&nbsp;</p>',NULL,'Maroon sweater for Men','Maroon sweater for Men','2026-05-15 10:10:11','2026-05-15 10:10:11'),(101,12,'ro','Men’s black stylish half shirt','<p>t is a long established fact that a reader will be distracted by the readable content of a page when looking at its layout. The point of using Lorem Ipsum is that it has a more-or-less normal distribution of letters, as opposed to using \'Content here, content here\', making it look like readable English. Many desktop publishing packages and web page editors now use Lorem Ipsum as their default model text, and a search for \'lorem ipsum\' will uncover many web sites still in their infancy.&nbsp;</p>\r\n<p>t is a long established fact that a reader will be distracted by the readable content of a page when looking at its layout. The point of using Lorem Ipsum is that it has a more-or-less normal distribution of letters, as opposed to using \'Content here, content here\',</p>\r\n<p>t is a long established fact that a reader will be distracted by the readable content of a page when looking at its layout. The point of using Lorem Ipsum is that it has a more-or-less normal distribution of letters, as opposed to using \'Content here, content here\', making it look like readable English. Many desktop publishing packages and web page editors now use Lorem Ipsum as their default model text, and a search for \'lorem ipsum\' will uncover many web sites still in their infancy.&nbsp;</p>',NULL,'Men’s black stylish half shirt','Men’s black stylish half shirt','2026-05-15 10:10:11','2026-05-15 10:10:11'),(102,13,'ro','Silk blazer suit for men','<p>t is a long established fact that a reader will be distracted by the readable content of a page when looking at its layout. The point of using Lorem Ipsum is that it has a more-or-less normal distribution of letters, as opposed to using \'Content here, content here\', making it look like readable English. Many desktop publishing packages and web page editors now use Lorem Ipsum as their default model text, and a search for \'lorem ipsum\' will uncover many web sites still in their infancy.&nbsp;</p>\r\n<p>t is a long established fact that a reader will be distracted by the readable content of a page when looking at its layout. The point of using Lorem Ipsum is that it has a more-or-less normal distribution of letters, as opposed to using \'Content here, content here\',</p>\r\n<p>t is a long established fact that a reader will be distracted by the readable content of a page when looking at its layout. The point of using Lorem Ipsum is that it has a more-or-less normal distribution of letters, as opposed to using \'Content here, content here\', making it look like readable English. Many desktop publishing packages and web page editors now use Lorem Ipsum as their default model text, and a search for \'lorem ipsum\' will uncover many web sites still in their infancy.&nbsp;</p>',NULL,'Silk blazer suit for men','Silk blazer suit for men','2026-05-15 10:10:11','2026-05-15 10:10:11'),(103,14,'ro','Beautiful Blue Dress','<p>t is a long established fact that a reader will be distracted by the readable content of a page when looking at its layout. The point of using Lorem Ipsum is that it has a more-or-less normal distribution of letters, as opposed to using \'Content here, content here\', making it look like readable English. Many desktop publishing packages and web page editors now use Lorem Ipsum as their default model text, and a search for \'lorem ipsum\' will uncover many web sites still in their infancy.&nbsp;</p>\r\n<p>t is a long established fact that a reader will be distracted by the readable content of a page when looking at its layout. The point of using Lorem Ipsum is that it has a more-or-less normal distribution of letters, as opposed to using \'Content here, content here\',</p>\r\n<p>t is a long established fact that a reader will be distracted by the readable content of a page when looking at its layout. The point of using Lorem Ipsum is that it has a more-or-less normal distribution of letters, as opposed to using \'Content here, content here\', making it look like readable English. Many desktop publishing packages and web page editors now use Lorem Ipsum as their default model text, and a search for \'lorem ipsum\' will uncover many web sites still in their infancy.&nbsp;</p>',NULL,'Beautiful Blue Dress','Beautiful Blue Dress','2026-05-15 10:10:11','2026-05-15 10:10:11'),(104,15,'ro','Maroon sweater for Men','<p>t is a long established fact that a reader will be distracted by the readable content of a page when looking at its layout. The point of using Lorem Ipsum is that it has a more-or-less normal distribution of letters, as opposed to using \'Content here, content here\', making it look like readable English. Many desktop publishing packages and web page editors now use Lorem Ipsum as their default model text, and a search for \'lorem ipsum\' will uncover many web sites still in their infancy.&nbsp;</p>\r\n<p>t is a long established fact that a reader will be distracted by the readable content of a page when looking at its layout. The point of using Lorem Ipsum is that it has a more-or-less normal distribution of letters, as opposed to using \'Content here, content here\',</p>\r\n<p>t is a long established fact that a reader will be distracted by the readable content of a page when looking at its layout. The point of using Lorem Ipsum is that it has a more-or-less normal distribution of letters, as opposed to using \'Content here, content here\', making it look like readable English. Many desktop publishing packages and web page editors now use Lorem Ipsum as their default model text, and a search for \'lorem ipsum\' will uncover many web sites still in their infancy.&nbsp;</p>',NULL,'Maroon sweater for Men','Maroon sweater for Men','2026-05-15 10:10:11','2026-05-15 10:10:11'),(105,16,'ro','Leather shoe with shoelaces','<p>t is a long established fact that a reader will be distracted by the readable content of a page when looking at its layout. The point of using Lorem Ipsum is that it has a more-or-less normal distribution of letters, as opposed to using \'Content here, content here\', making it look like readable English. Many desktop publishing packages and web page editors now use Lorem Ipsum as their default model text, and a search for \'lorem ipsum\' will uncover many web sites still in their infancy.&nbsp;</p>\r\n<p>t is a long established fact that a reader will be distracted by the readable content of a page when looking at its layout. The point of using Lorem Ipsum is that it has a more-or-less normal distribution of letters, as opposed to using \'Content here, content here\',</p>\r\n<p>t is a long established fact that a reader will be distracted by the readable content of a page when looking at its layout. The point of using Lorem Ipsum is that it has a more-or-less normal distribution of letters, as opposed to using \'Content here, content here\', making it look like readable English. Many desktop publishing packages and web page editors now use Lorem Ipsum as their default model text, and a search for \'lorem ipsum\' will uncover many web sites still in their infancy.&nbsp;</p>',NULL,'Leather shoe with shoelaces','Leather shoe with shoelaces','2026-05-15 10:10:11','2026-05-15 10:10:11'),(106,17,'ro','Black leather backpack en','<p>t is a long established fact that a reader will be distracted by the readable content of a page when looking at its layout. The point of using Lorem Ipsum is that it has a more-or-less normal distribution of letters, as opposed to using \'Content here, content here\', making it look like readable English. Many desktop publishing packages and web page editors now use Lorem Ipsum as their default model text, and a search for \'lorem ipsum\' will uncover many web sites still in their infancy.&nbsp;</p>\r\n<p>t is a long established fact that a reader will be distracted by the readable content of a page when looking at its layout. The point of using Lorem Ipsum is that it has a more-or-less normal distribution of letters, as opposed to using \'Content here, content here\',</p>\r\n<p>t is a long established fact that a reader will be distracted by the readable content of a page when looking at its layout. The point of using Lorem Ipsum is that it has a more-or-less normal distribution of letters, as opposed to using \'Content here, content here\', making it look like readable English. Many desktop publishing packages and web page editors now use Lorem Ipsum as their default model text, and a search for \'lorem ipsum\' will uncover many web sites still in their infancy.&nbsp; en</p>','ghfghfghfgh','Black leather backpack en','Black leather backpack en','2026-05-15 10:10:11','2026-05-15 10:10:11');

--
-- Table structure for table `products`
--

CREATE TABLE `products` (
  `id` bigint(20) unsigned NOT NULL AUTO_INCREMENT,
  `category_id` int(11) NOT NULL DEFAULT 4,
  `sub_category_id` int(11) NOT NULL,
  `child_category_id` int(11) DEFAULT NULL,
  `name` varchar(255) NOT NULL,
  `slug` varchar(255) NOT NULL,
  `price` decimal(8,2) NOT NULL,
  `offer_price` decimal(8,2) DEFAULT NULL,
  `small_description` mediumtext NOT NULL,
  `thumbnail_image` varchar(255) NOT NULL,
  `sku` varchar(255) NOT NULL,
  `description` text NOT NULL,
  `is_trending` tinyint(4) NOT NULL DEFAULT 0,
  `status` tinyint(4) NOT NULL DEFAULT 1,
  `created_at` timestamp NULL DEFAULT NULL,
  `updated_at` timestamp NULL DEFAULT NULL,
  PRIMARY KEY (`id`)
) ENGINE=InnoDB AUTO_INCREMENT=20 DEFAULT CHARSET=utf8mb4 COLLATE=utf8mb4_unicode_ci;

--
-- Dumping data for table `products`
--

INSERT INTO `products` VALUES (5,4,27,NULL,'Blossom Charm Dress','blossom-charm-dress',10.00,2.00,'It is a long established fact that a reader will be distracted by the readable there content of a page when looking at its layout into the find to make it amazing to end.','uploads/custom-images/listing-2024-12-05-12-39-20-6232.webp','M-Express-01','<p>t is a long established fact that a reader will be distracted by the readable content of a page when looking at its layout. The point of using Lorem Ipsum is that it has a more-or-less normal distribution of letters, as opposed to using \'Content here, content here\', making it look like readable English. Many desktop publishing packages and web page editors now use Lorem Ipsum as their default model text, and a search for \'lorem ipsum\' will uncover many web sites still in their infancy.&nbsp;</p>\r\n<p>t is a long established fact that a reader will be distracted by the readable content of a page when looking at its layout. The point of using Lorem Ipsum is that it has a more-or-less normal distribution of letters, as opposed to using \'Content here, content here\',</p>\r\n<p>t is a long established fact that a reader will be distracted by the readable content of a page when looking at its layout. The point of using Lorem Ipsum is that it has a more-or-less normal distribution of letters, as opposed to using \'Content here, content here\', making it look like readable English. Many desktop publishing packages and web page editors now use Lorem Ipsum as their default model text, and a search for \'lorem ipsum\' will uncover many web sites still in their infancy.&nbsp;</p>',1,1,'2024-12-05 06:39:20','2024-12-05 06:43:42'),(6,4,28,NULL,'Darling Petal Frock','darling-petal-frock',100.00,0.00,'It is a long established fact that a reader will be distracted by the readable there content of a page when looking at its layout into the find to make it amazing to end.','uploads/custom-images/listing-2024-12-05-12-46-16-6229.webp','M-Express-02','<p>t is a long established fact that a reader will be distracted by the readable content of a page when looking at its layout. The point of using Lorem Ipsum is that it has a more-or-less normal distribution of letters, as opposed to using \'Content here, content here\', making it look like readable English. Many desktop publishing packages and web page editors now use Lorem Ipsum as their default model text, and a search for \'lorem ipsum\' will uncover many web sites still in their infancy.&nbsp;</p>\r\n<p>t is a long established fact that a reader will be distracted by the readable content of a page when looking at its layout. The point of using Lorem Ipsum is that it has a more-or-less normal distribution of letters, as opposed to using \'Content here, content here\',</p>\r\n<p>t is a long established fact that a reader will be distracted by the readable content of a page when looking at its layout. The point of using Lorem Ipsum is that it has a more-or-less normal distribution of letters, as opposed to using \'Content here, content here\', making it look like readable English. Many desktop publishing packages and web page editors now use Lorem Ipsum as their default model text, and a search for \'lorem ipsum\' will uncover many web sites still in their infancy.&nbsp;</p>',1,1,'2024-12-05 06:46:17','2024-12-05 06:46:17'),(7,4,28,NULL,'Rainbow Sequin Dress','rainbow-sequin-dress',50.00,3.00,'It is a long established fact that a reader will be distracted by the readable there content of a page when looking at its layout into the find to make it amazing to end.','uploads/custom-images/listing-2024-12-05-12-48-06-7668.webp','M-Express-03','<p>t is a long established fact that a reader will be distracted by the readable content of a page when looking at its layout. The point of using Lorem Ipsum is that it has a more-or-less normal distribution of letters, as opposed to using \'Content here, content here\', making it look like readable English. Many desktop publishing packages and web page editors now use Lorem Ipsum as their default model text, and a search for \'lorem ipsum\' will uncover many web sites still in their infancy.&nbsp;</p>\r\n<p>t is a long established fact that a reader will be distracted by the readable content of a page when looking at its layout. The point of using Lorem Ipsum is that it has a more-or-less normal distribution of letters, as opposed to using \'Content here, content here\',</p>\r\n<p>t is a long established fact that a reader will be distracted by the readable content of a page when looking at its layout. The point of using Lorem Ipsum is that it has a more-or-less normal distribution of letters, as opposed to using \'Content here, content here\', making it look like readable English. Many desktop publishing packages and web page editors now use Lorem Ipsum as their default model text, and a search for \'lorem ipsum\' will uncover many web sites still in their infancy.&nbsp;</p>',1,1,'2024-12-05 06:48:07','2024-12-05 06:48:07'),(8,4,28,NULL,'Sparkling Dreams Dress','sparkling-dreams-dress',100.00,2.00,'It is a long established fact that a reader will be distracted by the readable there content of a page when looking at its layout into the find to make it amazing to end.','uploads/custom-images/listing-2024-12-05-12-50-07-7487.webp','M-Express-04','<p>t is a long established fact that a reader will be distracted by the readable content of a page when looking at its layout. The point of using Lorem Ipsum is that it has a more-or-less normal distribution of letters, as opposed to using \'Content here, content here\', making it look like readable English. Many desktop publishing packages and web page editors now use Lorem Ipsum as their default model text, and a search for \'lorem ipsum\' will uncover many web sites still in their infancy.&nbsp;</p>\r\n<p>t is a long established fact that a reader will be distracted by the readable content of a page when looking at its layout. The point of using Lorem Ipsum is that it has a more-or-less normal distribution of letters, as opposed to using \'Content here, content here\',</p>\r\n<p>t is a long established fact that a reader will be distracted by the readable content of a page when looking at its layout. The point of using Lorem Ipsum is that it has a more-or-less normal distribution of letters, as opposed to using \'Content here, content here\', making it look like readable English. Many desktop publishing packages and web page editors now use Lorem Ipsum as their default model text, and a search for \'lorem ipsum\' will uncover many web sites still in their infancy.&nbsp;</p>',1,1,'2024-12-05 06:50:08','2024-12-05 06:50:08'),(9,4,25,NULL,'Starry Night Glam','starry-night-glam',150.00,3.00,'It is a long established fact that a reader will be distracted by the readable there content of a page when looking at its layout into the find to make it amazing to end.','uploads/custom-images/listing-2024-12-05-12-51-31-4127.webp','M-Express-05','<p>t is a long established fact that a reader will be distracted by the readable content of a page when looking at its layout. The point of using Lorem Ipsum is that it has a more-or-less normal distribution of letters, as opposed to using \'Content here, content here\', making it look like readable English. Many desktop publishing packages and web page editors now use Lorem Ipsum as their default model text, and a search for \'lorem ipsum\' will uncover many web sites still in their infancy.&nbsp;</p>\r\n<p>t is a long established fact that a reader will be distracted by the readable content of a page when looking at its layout. The point of using Lorem Ipsum is that it has a more-or-less normal distribution of letters, as opposed to using \'Content here, content here\',</p>\r\n<p>t is a long established fact that a reader will be distracted by the readable content of a page when looking at its layout. The point of using Lorem Ipsum is that it has a more-or-less normal distribution of letters, as opposed to using \'Content here, content here\', making it look like readable English. Many desktop publishing packages and web page editors now use Lorem Ipsum as their default model text, and a search for \'lorem ipsum\' will uncover many web sites still in their infancy.&nbsp;</p>',1,1,'2024-12-05 06:51:31','2024-12-05 06:51:31'),(10,4,31,NULL,'Casual off-white ladies shoes','casual-offwhite-ladies-shoes',100.00,5.00,'It is a long established fact that a reader will be distracted by the readable there content of a page when looking at its layout into the find to make it amazing to end.','uploads/custom-images/listing-2024-12-05-12-56-31-7100.webp','M-Express-06','<p>t is a long established fact that a reader will be distracted by the readable content of a page when looking at its layout. The point of using Lorem Ipsum is that it has a more-or-less normal distribution of letters, as opposed to using \'Content here, content here\', making it look like readable English. Many desktop publishing packages and web page editors now use Lorem Ipsum as their default model text, and a search for \'lorem ipsum\' will uncover many web sites still in their infancy.&nbsp;</p>\r\n<p>t is a long established fact that a reader will be distracted by the readable content of a page when looking at its layout. The point of using Lorem Ipsum is that it has a more-or-less normal distribution of letters, as opposed to using \'Content here, content here\',</p>\r\n<p>t is a long established fact that a reader will be distracted by the readable content of a page when looking at its layout. The point of using Lorem Ipsum is that it has a more-or-less normal distribution of letters, as opposed to using \'Content here, content here\', making it look like readable English. Many desktop publishing packages and web page editors now use Lorem Ipsum as their default model text, and a search for \'lorem ipsum\' will uncover many web sites still in their infancy.&nbsp;</p>',0,1,'2024-12-05 06:56:31','2024-12-05 06:56:31'),(11,4,28,NULL,'Maroon sweater for Men','maroon-sweater-for-men',200.00,4.00,'It is a long established fact that a reader will be distracted by the readable there content of a page when looking at its layout into the find to make it amazing to end.','uploads/custom-images/listing-2024-12-05-12-58-18-4295.webp','M-Express-07','<p>t is a long established fact that a reader will be distracted by the readable content of a page when looking at its layout. The point of using Lorem Ipsum is that it has a more-or-less normal distribution of letters, as opposed to using \'Content here, content here\', making it look like readable English. Many desktop publishing packages and web page editors now use Lorem Ipsum as their default model text, and a search for \'lorem ipsum\' will uncover many web sites still in their infancy.&nbsp;</p>\r\n<p>t is a long established fact that a reader will be distracted by the readable content of a page when looking at its layout. The point of using Lorem Ipsum is that it has a more-or-less normal distribution of letters, as opposed to using \'Content here, content here\',</p>\r\n<p>t is a long established fact that a reader will be distracted by the readable content of a page when looking at its layout. The point of using Lorem Ipsum is that it has a more-or-less normal distribution of letters, as opposed to using \'Content here, content here\', making it look like readable English. Many desktop publishing packages and web page editors now use Lorem Ipsum as their default model text, and a search for \'lorem ipsum\' will uncover many web sites still in their infancy.&nbsp;</p>',0,1,'2024-12-05 06:58:18','2024-12-05 08:17:19'),(12,4,28,NULL,'Men’s black stylish half shirt','mens-black-stylish-half-shirt',200.00,NULL,'It is a long established fact that a reader will be distracted by the readable there content of a page when looking at its layout into the find to make it amazing to end.','uploads/custom-images/listing-2024-12-05-01-00-54-7433.webp','M-Express-08','<p>t is a long established fact that a reader will be distracted by the readable content of a page when looking at its layout. The point of using Lorem Ipsum is that it has a more-or-less normal distribution of letters, as opposed to using \'Content here, content here\', making it look like readable English. Many desktop publishing packages and web page editors now use Lorem Ipsum as their default model text, and a search for \'lorem ipsum\' will uncover many web sites still in their infancy.&nbsp;</p>\r\n<p>t is a long established fact that a reader will be distracted by the readable content of a page when looking at its layout. The point of using Lorem Ipsum is that it has a more-or-less normal distribution of letters, as opposed to using \'Content here, content here\',</p>\r\n<p>t is a long established fact that a reader will be distracted by the readable content of a page when looking at its layout. The point of using Lorem Ipsum is that it has a more-or-less normal distribution of letters, as opposed to using \'Content here, content here\', making it look like readable English. Many desktop publishing packages and web page editors now use Lorem Ipsum as their default model text, and a search for \'lorem ipsum\' will uncover many web sites still in their infancy.&nbsp;</p>',0,1,'2024-12-05 07:00:54','2024-12-05 07:00:54'),(13,4,28,NULL,'Silk blazer suit for men','silk-blazer-suit-for-men',200.00,20.00,'It is a long established fact that a reader will be distracted by the readable there content of a page when looking at its layout into the find to make it amazing to end.','uploads/custom-images/listing-2024-12-05-01-03-55-2373.webp','M-Express-09','<p>t is a long established fact that a reader will be distracted by the readable content of a page when looking at its layout. The point of using Lorem Ipsum is that it has a more-or-less normal distribution of letters, as opposed to using \'Content here, content here\', making it look like readable English. Many desktop publishing packages and web page editors now use Lorem Ipsum as their default model text, and a search for \'lorem ipsum\' will uncover many web sites still in their infancy.&nbsp;</p>\r\n<p>t is a long established fact that a reader will be distracted by the readable content of a page when looking at its layout. The point of using Lorem Ipsum is that it has a more-or-less normal distribution of letters, as opposed to using \'Content here, content here\',</p>\r\n<p>t is a long established fact that a reader will be distracted by the readable content of a page when looking at its layout. The point of using Lorem Ipsum is that it has a more-or-less normal distribution of letters, as opposed to using \'Content here, content here\', making it look like readable English. Many desktop publishing packages and web page editors now use Lorem Ipsum as their default model text, and a search for \'lorem ipsum\' will uncover many web sites still in their infancy.&nbsp;</p>',0,1,'2024-12-05 07:03:55','2024-12-05 07:03:55'),(14,4,25,NULL,'Beautiful Blue Dress','beautiful-blue-dress',100.00,1.00,'It is a long established fact that a reader will be distracted by the readable there content of a page when looking at its layout into the find to make it amazing to end.','uploads/custom-images/listing-2024-12-05-01-04-57-9612.webp','M-Express-10','<p>t is a long established fact that a reader will be distracted by the readable content of a page when looking at its layout. The point of using Lorem Ipsum is that it has a more-or-less normal distribution of letters, as opposed to using \'Content here, content here\', making it look like readable English. Many desktop publishing packages and web page editors now use Lorem Ipsum as their default model text, and a search for \'lorem ipsum\' will uncover many web sites still in their infancy.&nbsp;</p>\r\n<p>t is a long established fact that a reader will be distracted by the readable content of a page when looking at its layout. The point of using Lorem Ipsum is that it has a more-or-less normal distribution of letters, as opposed to using \'Content here, content here\',</p>\r\n<p>t is a long established fact that a reader will be distracted by the readable content of a page when looking at its layout. The point of using Lorem Ipsum is that it has a more-or-less normal distribution of letters, as opposed to using \'Content here, content here\', making it look like readable English. Many desktop publishing packages and web page editors now use Lorem Ipsum as their default model text, and a search for \'lorem ipsum\' will uncover many web sites still in their infancy.&nbsp;</p>',0,1,'2024-12-05 07:04:57','2024-12-05 08:16:56'),(15,4,25,NULL,'Maroon sweater for Men','maroon-sweater-for-men1',50.00,NULL,'It is a long established fact that a reader will be distracted by the readable there content of a page when looking at its layout into the find to make it amazing to end.','uploads/custom-images/listing-2024-12-05-01-16-28-7894.webp','M-Express-11','<p>t is a long established fact that a reader will be distracted by the readable content of a page when looking at its layout. The point of using Lorem Ipsum is that it has a more-or-less normal distribution of letters, as opposed to using \'Content here, content here\', making it look like readable English. Many desktop publishing packages and web page editors now use Lorem Ipsum as their default model text, and a search for \'lorem ipsum\' will uncover many web sites still in their infancy.&nbsp;</p>\r\n<p>t is a long established fact that a reader will be distracted by the readable content of a page when looking at its layout. The point of using Lorem Ipsum is that it has a more-or-less normal distribution of letters, as opposed to using \'Content here, content here\',</p>\r\n<p>t is a long established fact that a reader will be distracted by the readable content of a page when looking at its layout. The point of using Lorem Ipsum is that it has a more-or-less normal distribution of letters, as opposed to using \'Content here, content here\', making it look like readable English. Many desktop publishing packages and web page editors now use Lorem Ipsum as their default model text, and a search for \'lorem ipsum\' will uncover many web sites still in their infancy.&nbsp;</p>',0,1,'2024-12-05 07:16:28','2024-12-05 08:14:11'),(16,4,32,NULL,'Leather shoe with shoelaces','leather-shoe-with-shoelaces1',150.00,10.00,'It is a long established fact that a reader will be distracted by the readable there content of a page when looking at its layout into the find to make it amazing to end.','uploads/custom-images/listing-2024-12-05-01-17-35-8504.webp','M-Express-12','<p>t is a long established fact that a reader will be distracted by the readable content of a page when looking at its layout. The point of using Lorem Ipsum is that it has a more-or-less normal distribution of letters, as opposed to using \'Content here, content here\', making it look like readable English. Many desktop publishing packages and web page editors now use Lorem Ipsum as their default model text, and a search for \'lorem ipsum\' will uncover many web sites still in their infancy.&nbsp;</p>\r\n<p>t is a long established fact that a reader will be distracted by the readable content of a page when looking at its layout. The point of using Lorem Ipsum is that it has a more-or-less normal distribution of letters, as opposed to using \'Content here, content here\',</p>\r\n<p>t is a long established fact that a reader will be distracted by the readable content of a page when looking at its layout. The point of using Lorem Ipsum is that it has a more-or-less normal distribution of letters, as opposed to using \'Content here, content here\', making it look like readable English. Many desktop publishing packages and web page editors now use Lorem Ipsum as their default model text, and a search for \'lorem ipsum\' will uncover many web sites still in their infancy.&nbsp;</p>',0,1,'2024-12-05 07:17:35','2024-12-05 08:16:40'),(17,4,30,NULL,'Black leather backpack','black-leather-backpack-en',400.00,35.00,'It is a long established fact that a reader will be distracted by the readable there content of a page when looking at its layout into the find to make it amazing to end.','uploads/custom-images/file-name-17427261488049.webp','M-Express-13','<p>t is a long established fact that a reader will be distracted by the readable content of a page when looking at its layout. The point of using Lorem Ipsum is that it has a more-or-less normal distribution of letters, as opposed to using \'Content here, content here\', making it look like readable English. Many desktop publishing packages and web page editors now use Lorem Ipsum as their default model text, and a search for \'lorem ipsum\' will uncover many web sites still in their infancy.&nbsp;</p>\r\n<p>t is a long established fact that a reader will be distracted by the readable content of a page when looking at its layout. The point of using Lorem Ipsum is that it has a more-or-less normal distribution of letters, as opposed to using \'Content here, content here\',</p>\r\n<p>t is a long established fact that a reader will be distracted by the readable content of a page when looking at its layout. The point of using Lorem Ipsum is that it has a more-or-less normal distribution of letters, as opposed to using \'Content here, content here\', making it look like readable English. Many desktop publishing packages and web page editors now use Lorem Ipsum as their default model text, and a search for \'lorem ipsum\' will uncover many web sites still in their infancy.&nbsp;</p>',1,1,'2024-12-05 07:18:31','2025-03-23 10:35:48');

--
-- Table structure for table `promotion_settings`
--

CREATE TABLE `promotion_settings` (
  `id` bigint(20) unsigned NOT NULL AUTO_INCREMENT,
  `price_search_home` decimal(10,2) NOT NULL DEFAULT 0.00,
  `price_banner_slider` decimal(10,2) NOT NULL DEFAULT 0.00,
  `price_email_banner` decimal(10,2) NOT NULL DEFAULT 0.00,
  `paid_duration_days` int(10) unsigned NOT NULL DEFAULT 30,
  `homepage_slot_count` tinyint(3) unsigned NOT NULL DEFAULT 6,
  `banner_slot_count` tinyint(3) unsigned NOT NULL DEFAULT 3,
  `email_slot_count` tinyint(3) unsigned NOT NULL DEFAULT 1,
  `created_at` timestamp NULL DEFAULT NULL,
  `updated_at` timestamp NULL DEFAULT NULL,
  PRIMARY KEY (`id`)
) ENGINE=InnoDB AUTO_INCREMENT=2 DEFAULT CHARSET=utf8mb4 COLLATE=utf8mb4_unicode_ci;

--
-- Dumping data for table `promotion_settings`
--

INSERT INTO `promotion_settings` VALUES (1,9.99,14.99,19.99,30,6,3,1,'2026-05-18 14:21:44','2026-05-18 14:21:44');

--
-- Table structure for table `reviews`
--

CREATE TABLE `reviews` (
  `id` bigint(20) unsigned NOT NULL AUTO_INCREMENT,
  `user_id` int(11) NOT NULL,
  `agent_id` int(11) NOT NULL,
  `listing_id` int(11) NOT NULL,
  `rating` int(11) NOT NULL,
  `comment` text NOT NULL,
  `status` varchar(255) NOT NULL DEFAULT 'disable',
  `created_at` timestamp NULL DEFAULT NULL,
  `updated_at` timestamp NULL DEFAULT NULL,
  `reviewType` varchar(255) DEFAULT NULL,
  PRIMARY KEY (`id`)
) ENGINE=InnoDB AUTO_INCREMENT=3 DEFAULT CHARSET=utf8mb4 COLLATE=utf8mb4_unicode_ci;

--
-- Dumping data for table `reviews`
--

INSERT INTO `reviews` VALUES (1,2,6,46,5,'asdasd','enable','2026-05-18 18:14:49','2026-05-18 18:45:30','listing'),(2,2,3,47,5,'asd','enable','2026-05-18 18:16:42','2026-05-18 18:45:16','listing');

--
-- Table structure for table `seo_settings`
--

CREATE TABLE `seo_settings` (
  `id` bigint(20) unsigned NOT NULL AUTO_INCREMENT,
  `page_name` varchar(255) NOT NULL,
  `seo_title` text DEFAULT NULL,
  `seo_description` text DEFAULT NULL,
  `created_at` timestamp NULL DEFAULT NULL,
  `updated_at` timestamp NULL DEFAULT NULL,
  PRIMARY KEY (`id`)
) ENGINE=InnoDB AUTO_INCREMENT=12 DEFAULT CHARSET=utf8mb4 COLLATE=utf8mb4_unicode_ci;

--
-- Dumping data for table `seo_settings`
--

INSERT INTO `seo_settings` VALUES (1,'Home','[app_name] || Classified Ads, Directory & Job Listing Laravel Script','<p>[app_name] || Classified Ads, Directory &amp; Job Listing Laravel Script</p>','2023-09-12 05:43:51','2026-05-16 14:26:29'),(2,'Blogs','Our Blog || Advanced PHP Laravel Classified ads','<p>Advanced PHP Laravel Classified ads</p>','2023-09-12 05:43:51','2024-04-02 22:35:30'),(3,'About Us','About Us || Advanced PHP Laravel Classified ads','Advanced PHP Laravel Classified ads','2023-09-12 05:43:51','2024-03-29 19:35:08'),(4,'Contact Us','Contact Us || Advanced PHP Laravel Classified ads','Advanced PHP Laravel Classified ads','2023-09-12 05:43:51','2024-03-29 19:35:17'),(5,'FAQ','FAQ || Advanced PHP Laravel Classified ads','Advanced PHP Laravel Classified ads','2023-09-12 05:43:51','2024-03-29 19:35:25'),(6,'Terms & Conditions','Terms & Conditions || Advanced PHP Laravel Classified ads','<p>Advanced PHP Laravel Classified ads</p>','2023-09-12 05:43:51','2024-04-02 22:43:18'),(7,'Privacy Policy','Privacy Policy || Advanced PHP Laravel Classified ads','Advanced PHP Laravel Classified ads','2023-09-12 05:43:51','2024-03-29 19:36:38'),(8,'Cookie Policy','Cookie Policy || [app_name]','Cookie Policy','2026-05-18 07:29:15','2026-05-18 07:29:15'),(10,'Listing','Listing || Advanced PHP Laravel Classified ads','Advanced PHP Laravel Classified ads','2023-09-12 05:43:51','2024-03-29 19:36:04');

--
-- Table structure for table `shipping_methods`
--

CREATE TABLE `shipping_methods` (
  `id` bigint(20) unsigned NOT NULL AUTO_INCREMENT,
  `name` varchar(40) NOT NULL,
  `price` decimal(28,8) NOT NULL,
  `status` tinyint(4) NOT NULL DEFAULT 1,
  `created_at` timestamp NULL DEFAULT NULL,
  `updated_at` timestamp NULL DEFAULT NULL,
  PRIMARY KEY (`id`)
) ENGINE=InnoDB AUTO_INCREMENT=5 DEFAULT CHARSET=utf8mb4 COLLATE=utf8mb4_unicode_ci;

--
-- Dumping data for table `shipping_methods`
--

INSERT INTO `shipping_methods` VALUES (1,'Free Shipping',0.00000000,1,'2024-11-16 04:20:35','2024-11-16 04:20:35'),(2,'Inside City',60.00000000,1,'2024-11-16 04:20:48','2024-11-16 04:20:48'),(3,'Outside City',120.00000000,1,'2024-11-16 04:21:00','2024-11-16 04:21:00'),(4,'demo shipping',10.00000000,1,'2024-12-04 10:09:22','2024-12-04 10:09:22');

--
-- Table structure for table `slider_translations`
--

CREATE TABLE `slider_translations` (
  `id` bigint(20) unsigned NOT NULL AUTO_INCREMENT,
  `slider_id` int(11) NOT NULL,
  `lang_code` varchar(255) NOT NULL,
  `small_text` varchar(255) NOT NULL,
  `title` mediumtext NOT NULL,
  `created_at` timestamp NULL DEFAULT NULL,
  `updated_at` timestamp NULL DEFAULT NULL,
  PRIMARY KEY (`id`)
) ENGINE=InnoDB AUTO_INCREMENT=15 DEFAULT CHARSET=utf8mb4 COLLATE=utf8mb4_unicode_ci;

--
-- Dumping data for table `slider_translations`
--

INSERT INTO `slider_translations` VALUES (3,2,'en','Unleash the Latest Trends with','Get 67% Off !','2024-11-06 04:45:22','2024-12-05 05:39:53'),(4,2,'hd','Unleash the Latest Trends with','Get 67% Off !','2024-11-06 04:45:22','2024-12-05 05:39:53'),(5,3,'en','Elevate Your Style with Our','Discover the Latest Trends','2024-11-06 04:48:55','2024-12-05 05:35:46'),(6,3,'hd','Elevate Your Style with Our','Discover the Latest Trends','2024-11-06 04:48:55','2024-12-05 05:35:46'),(12,2,'ro','Descoperă cele mai noi tendințe cu','Primești 67% reducere!','2026-05-15 10:14:43','2026-05-15 10:36:06'),(13,3,'ro','Ridică-ți stilul cu','Descoperă cele mai noi tendințe','2026-05-15 10:14:43','2026-05-15 10:36:06');

--
-- Table structure for table `sliders`
--

CREATE TABLE `sliders` (
  `id` bigint(20) unsigned NOT NULL AUTO_INCREMENT,
  `image` varchar(255) NOT NULL,
  `url` varchar(255) DEFAULT NULL,
  `status` tinyint(4) NOT NULL DEFAULT 1,
  `created_at` timestamp NULL DEFAULT NULL,
  `updated_at` timestamp NULL DEFAULT NULL,
  PRIMARY KEY (`id`)
) ENGINE=InnoDB AUTO_INCREMENT=6 DEFAULT CHARSET=utf8mb4 COLLATE=utf8mb4_unicode_ci;

--
-- Dumping data for table `sliders`
--

INSERT INTO `sliders` VALUES (2,'uploads/custom-images/slider-2024-12-05-11-39-52-4333.webp','#',1,'2024-11-06 04:45:22','2024-12-05 05:39:53'),(3,'uploads/custom-images/slider-2024-12-05-11-36-29-9088.webp','#',1,'2024-11-06 04:48:55','2024-12-05 05:36:30');

--
-- Table structure for table `sub_categories`
--

CREATE TABLE `sub_categories` (
  `id` bigint(20) unsigned NOT NULL AUTO_INCREMENT,
  `category_id` int(11) NOT NULL,
  `slug` varchar(255) NOT NULL,
  `icon` varchar(255) DEFAULT NULL,
  `status` varchar(255) NOT NULL DEFAULT 'enable',
  `homepage_sort_order` smallint(5) unsigned NOT NULL DEFAULT 0,
  `show_on_homepage` tinyint(1) NOT NULL DEFAULT 0,
  `booking_enabled` tinyint(1) NOT NULL DEFAULT 0,
  `created_at` timestamp NULL DEFAULT NULL,
  `updated_at` timestamp NULL DEFAULT NULL,
  PRIMARY KEY (`id`)
) ENGINE=InnoDB AUTO_INCREMENT=37 DEFAULT CHARSET=utf8mb4 COLLATE=utf8mb4_unicode_ci;

--
-- Dumping data for table `sub_categories`
--

INSERT INTO `sub_categories` VALUES (1,1,'auto-moto','uploads/custom-images/file-name-17789410777595.png','enable',0,1,0,'2026-05-15 10:10:11','2026-05-18 06:38:27'),(2,1,'electronice','uploads/custom-images/file-name-17789414514308.png','enable',0,1,0,'2026-05-15 10:10:11','2026-05-18 06:39:02'),(3,1,'casa-gradina','uploads/custom-images/file-name-17789416695841.png','enable',0,1,0,'2026-05-15 10:10:11','2026-05-18 06:38:56'),(4,1,'moda-frumusete','uploads/custom-images/file-name-17789417815896.png','enable',0,1,0,'2026-05-15 10:10:11','2026-05-18 06:38:49'),(5,1,'servicii','uploads/custom-images/file-name-17789418184355.png','enable',0,1,0,'2026-05-15 10:10:11','2026-05-18 06:38:41'),(6,2,'de-vânzare','uploads/custom-images/file-name-17789419929132.png','enable',0,0,0,'2026-05-15 10:10:11','2026-05-18 06:21:47'),(7,2,'de-închiriat','uploads/custom-images/file-name-17789571288003.png','enable',0,0,1,'2026-05-15 10:10:11','2026-05-18 06:21:47'),(10,1,'spatii-comerciale','uploads/custom-images/file-name-17789573752619.png','enable',0,0,0,'2026-05-15 10:10:11','2026-05-18 06:21:47'),(13,3,'it-software','uploads/custom-images/file-name-17789576203832.png','enable',0,0,0,'2026-05-15 10:10:11','2026-05-18 06:21:47'),(14,3,'vanzari','uploads/custom-images/file-name-17789576738219.png','enable',0,0,0,'2026-05-15 10:10:11','2026-05-18 06:21:47'),(15,3,'marketing','uploads/custom-images/file-name-17789577268458.png','enable',0,0,0,'2026-05-15 10:10:11','2026-05-18 06:21:47'),(16,3,'constructii',NULL,'enable',0,0,0,'2026-05-15 10:10:11','2026-05-18 06:21:47'),(17,3,'horeca',NULL,'enable',0,0,0,'2026-05-15 10:10:11','2026-05-18 06:21:47'),(18,3,'transport-logistica',NULL,'enable',0,0,0,'2026-05-15 10:10:11','2026-05-18 06:21:47'),(19,3,'financiar-contabilitate',NULL,'enable',0,0,0,'2026-05-15 10:10:11','2026-05-18 06:21:47'),(20,3,'sanatate',NULL,'enable',0,0,0,'2026-05-15 10:10:11','2026-05-18 06:21:47'),(21,3,'educatie',NULL,'enable',0,0,0,'2026-05-15 10:10:11','2026-05-18 06:21:47'),(22,3,'suport-clienti',NULL,'enable',0,0,0,'2026-05-15 10:10:11','2026-05-18 06:21:47'),(25,4,'fashion',NULL,'enable',0,0,0,'2026-05-15 10:10:11','2026-05-18 06:21:47'),(27,4,'women-clothing',NULL,'enable',0,0,0,'2026-05-15 10:10:11','2026-05-18 06:21:47'),(28,4,'men-clothing',NULL,'enable',0,0,0,'2026-05-15 10:10:11','2026-05-18 06:21:47'),(30,4,'bags-accessories',NULL,'enable',0,0,0,'2026-05-15 10:10:11','2026-05-18 06:21:47'),(31,4,'women-shoes',NULL,'enable',0,0,0,'2026-05-15 10:10:11','2026-05-18 06:21:47'),(32,4,'men-shoes',NULL,'enable',0,0,0,'2026-05-15 10:10:11','2026-05-18 06:21:47'),(33,4,'electronics',NULL,'enable',0,0,0,'2026-05-15 10:10:11','2026-05-18 06:21:47'),(34,4,'home-garden',NULL,'enable',0,0,0,'2026-05-15 10:10:11','2026-05-18 06:21:47'),(35,1,'beauty','uploads/custom-images/file-name-17789578062476.png','enable',0,0,0,'2026-05-15 10:10:11','2026-05-18 06:21:47'),(36,4,'sports',NULL,'enable',0,0,0,'2026-05-15 10:10:11','2026-05-18 06:21:47');

--
-- Table structure for table `sub_category_translations`
--

CREATE TABLE `sub_category_translations` (
  `id` bigint(20) unsigned NOT NULL AUTO_INCREMENT,
  `sub_category_id` int(11) NOT NULL,
  `lang_code` varchar(255) NOT NULL,
  `name` varchar(255) NOT NULL,
  `created_at` timestamp NULL DEFAULT NULL,
  `updated_at` timestamp NULL DEFAULT NULL,
  PRIMARY KEY (`id`)
) ENGINE=InnoDB AUTO_INCREMENT=128 DEFAULT CHARSET=utf8mb4 COLLATE=utf8mb4_unicode_ci;

--
-- Dumping data for table `sub_category_translations`
--

INSERT INTO `sub_category_translations` VALUES (1,1,'ro','Auto & Moto','2026-05-15 10:10:11','2026-05-15 10:10:11'),(2,1,'en','Auto & Moto','2026-05-15 10:10:11','2026-05-15 10:10:11'),(3,2,'ro','Electronice','2026-05-15 10:10:11','2026-05-15 10:10:11'),(4,2,'en','Electronics','2026-05-15 10:10:11','2026-05-15 10:10:11'),(5,3,'ro','Casă & Grădină','2026-05-15 10:10:11','2026-05-15 10:10:11'),(6,3,'en','Home & Garden','2026-05-15 10:10:11','2026-05-15 10:10:11'),(7,4,'ro','Modă & Frumusețe','2026-05-15 10:10:11','2026-05-15 10:10:11'),(8,4,'en','Fashion & Beauty','2026-05-15 10:10:11','2026-05-15 10:10:11'),(9,5,'ro','Servicii','2026-05-15 10:10:11','2026-05-15 10:10:11'),(10,5,'en','Services','2026-05-15 10:10:11','2026-05-15 10:10:11'),(11,6,'ro','De vânzare','2026-05-15 10:10:11','2026-05-17 22:12:14'),(12,6,'en','Apartments for sale','2026-05-15 10:10:11','2026-05-15 10:10:11'),(13,7,'ro','De închiriat','2026-05-15 10:10:11','2026-05-17 22:12:34'),(14,7,'en','Apartments for rent','2026-05-15 10:10:11','2026-05-15 10:10:11'),(19,10,'ro','Spații comerciale','2026-05-15 10:10:11','2026-05-15 10:10:11'),(20,10,'en','Commercial spaces','2026-05-15 10:10:11','2026-05-15 10:10:11'),(25,13,'ro','IT & Software','2026-05-15 10:10:11','2026-05-15 10:10:11'),(26,13,'en','IT & Software','2026-05-15 10:10:11','2026-05-15 10:10:11'),(27,14,'ro','Vânzări','2026-05-15 10:10:11','2026-05-15 10:10:11'),(28,14,'en','Sales','2026-05-15 10:10:11','2026-05-15 10:10:11'),(29,15,'ro','Marketing','2026-05-15 10:10:11','2026-05-15 10:10:11'),(30,15,'en','Marketing','2026-05-15 10:10:11','2026-05-15 10:10:11'),(31,16,'ro','Construcții','2026-05-15 10:10:11','2026-05-15 10:10:11'),(32,16,'en','Construction','2026-05-15 10:10:11','2026-05-15 10:10:11'),(33,17,'ro','HoReCa','2026-05-15 10:10:11','2026-05-15 10:10:11'),(34,17,'en','HoReCa','2026-05-15 10:10:11','2026-05-15 10:10:11'),(35,18,'ro','Transport / Logistică','2026-05-15 10:10:11','2026-05-15 10:10:11'),(36,18,'en','Transport / Logistics','2026-05-15 10:10:11','2026-05-15 10:10:11'),(37,19,'ro','Financiar / Contabilitate','2026-05-15 10:10:11','2026-05-15 10:10:11'),(38,19,'en','Finance / Accounting','2026-05-15 10:10:11','2026-05-15 10:10:11'),(39,20,'ro','Sănătate','2026-05-15 10:10:11','2026-05-15 10:10:11'),(40,20,'en','Healthcare','2026-05-15 10:10:11','2026-05-15 10:10:11'),(41,21,'ro','Educație','2026-05-15 10:10:11','2026-05-15 10:10:11'),(42,21,'en','Education','2026-05-15 10:10:11','2026-05-15 10:10:11'),(43,22,'ro','Suport clienți','2026-05-15 10:10:11','2026-05-15 10:10:11'),(44,22,'en','Customer Support','2026-05-15 10:10:11','2026-05-15 10:10:11'),(45,25,'ro','Fashion','2026-05-15 10:10:11','2026-05-15 10:10:11'),(46,25,'en','Fashion','2026-05-15 10:10:11','2026-05-15 10:10:11'),(47,27,'ro','Îmbrăcăminte damă','2026-05-15 10:10:11','2026-05-15 10:10:11'),(48,27,'en','Women Clothing','2026-05-15 10:10:11','2026-05-15 10:10:11'),(49,28,'ro','Îmbrăcăminte bărbați','2026-05-15 10:10:11','2026-05-15 10:10:11'),(50,28,'en','Men Clothing','2026-05-15 10:10:11','2026-05-15 10:10:11'),(51,30,'ro','Genți & Accesorii','2026-05-15 10:10:11','2026-05-15 10:10:11'),(52,30,'en','Bags & Accessories','2026-05-15 10:10:11','2026-05-15 10:10:11'),(53,31,'ro','Încălțăminte damă','2026-05-15 10:10:11','2026-05-15 10:10:11'),(54,31,'en','Women Shoes','2026-05-15 10:10:11','2026-05-15 10:10:11'),(55,32,'ro','Încălțăminte bărbați','2026-05-15 10:10:11','2026-05-15 10:10:11'),(56,32,'en','Men Shoes','2026-05-15 10:10:11','2026-05-15 10:10:11'),(57,33,'ro','Electronice','2026-05-15 10:10:11','2026-05-15 10:10:11'),(58,33,'en','Electronics','2026-05-15 10:10:11','2026-05-15 10:10:11'),(59,34,'ro','Casă & Grădină','2026-05-15 10:10:11','2026-05-15 10:10:11'),(60,34,'en','Home & Garden','2026-05-15 10:10:11','2026-05-15 10:10:11'),(61,35,'ro','Frumusețe','2026-05-15 10:10:11','2026-05-15 10:10:11'),(62,35,'en','Beauty','2026-05-15 10:10:11','2026-05-15 10:10:11'),(63,36,'ro','Sport','2026-05-15 10:10:11','2026-05-15 10:10:11'),(64,36,'en','Sports','2026-05-15 10:10:11','2026-05-15 10:10:11');

--
-- Table structure for table `subscription_histories`
--

CREATE TABLE `subscription_histories` (
  `id` bigint(20) unsigned NOT NULL AUTO_INCREMENT,
  `order_id` varchar(255) NOT NULL,
  `user_id` int(11) NOT NULL,
  `subscription_plan_id` int(11) NOT NULL,
  `plan_name` varchar(255) NOT NULL,
  `plan_price` decimal(8,2) NOT NULL,
  `expiration_date` varchar(255) NOT NULL,
  `expiration` varchar(255) NOT NULL,
  `max_listing` varchar(255) NOT NULL,
  `featured_listing` varchar(255) NOT NULL,
  `banner_slider_listing` varchar(255) DEFAULT NULL,
  `email_banner_listing` varchar(255) DEFAULT NULL,
  `price_search_home` decimal(10,2) DEFAULT NULL,
  `price_banner_slider` decimal(10,2) DEFAULT NULL,
  `price_email_banner` decimal(10,2) DEFAULT NULL,
  `status` varchar(255) NOT NULL DEFAULT 'inactive',
  `payment_method` varchar(255) NOT NULL,
  `payment_status` varchar(255) NOT NULL DEFAULT 'inactive',
  `transaction` varchar(255) NOT NULL,
  `created_at` timestamp NULL DEFAULT NULL,
  `updated_at` timestamp NULL DEFAULT NULL,
  PRIMARY KEY (`id`)
) ENGINE=InnoDB AUTO_INCREMENT=20 DEFAULT CHARSET=utf8mb4 COLLATE=utf8mb4_unicode_ci;

--
-- Dumping data for table `subscription_histories`
--

INSERT INTO `subscription_histories` VALUES (1,'630211828',2,1,'Gratuit',0.00,'lifetime','lifetime','5','0',NULL,NULL,NULL,NULL,NULL,'expired','Freemium','success','Freemium','2026-05-15 20:39:49','2026-05-18 23:10:53'),(2,'23284896',2,2,'Starter',5.00,'2026-06-14','monthly','10','2',NULL,NULL,NULL,NULL,NULL,'expired','Admin','success','admin-1-1778849767','2026-05-15 22:56:07','2026-05-18 23:10:53'),(3,'1668213389',2,4,'Companie',170.00,'2026-06-14','monthly','50','15',NULL,NULL,NULL,NULL,NULL,'expired','Admin','success','admin-1-1778850375','2026-05-15 23:06:15','2026-05-18 23:10:53'),(4,'1062575439',1,1,'Gratuit',0.00,'lifetime','lifetime','5','0',NULL,NULL,NULL,NULL,NULL,'active','Freemium','success','Freemium','2026-05-16 00:27:07','2026-05-16 00:27:07'),(5,'1667725178',3,1,'Gratuit',0.00,'lifetime','lifetime','5','0',NULL,NULL,NULL,NULL,NULL,'expired','Registration','success','default-plan-3-1778957900','2026-05-16 18:58:20','2026-05-18 16:44:03'),(6,'772088477',3,1,'Gratuit',0.00,'lifetime','lifetime','5','0',NULL,NULL,NULL,NULL,NULL,'expired','Freemium','success','Freemium','2026-05-16 19:00:10','2026-05-18 16:44:03'),(7,'1117841645',4,1,'Gratuit',0.00,'lifetime','lifetime','5','0',NULL,NULL,NULL,NULL,NULL,'active','Registration','success','default-plan-4-1778965571','2026-05-16 21:06:11','2026-05-16 21:06:11'),(8,'1636267528',5,1,'Gratuit',0.00,'lifetime','lifetime','5','0',NULL,NULL,NULL,NULL,NULL,'active','Registration','success','default-plan-5-1779010721','2026-05-17 09:38:41','2026-05-17 09:38:41'),(9,'1337835892',6,1,'Gratuit',0.00,'lifetime','lifetime','5','0',NULL,NULL,NULL,NULL,NULL,'expired','Registration','success','default-plan-6-1779092614','2026-05-18 08:23:34','2026-05-18 17:19:39'),(10,'190967457',3,4,'Companie',170.00,'2026-06-17','monthly','50','15','15','15',NULL,NULL,NULL,'expired','Admin','success','admin-4-1779114350','2026-05-18 14:25:50','2026-05-18 16:44:03'),(11,'794166038',2,3,'Pro',80.00,'2026-06-17','monthly','20','5','0','0',NULL,NULL,NULL,'expired','Admin','success','admin-4-1779115593','2026-05-18 14:46:33','2026-05-18 23:10:53'),(12,'587871420',3,1,'Gratuit',0.00,'lifetime','lifetime','5','0','0','0',9.99,14.99,19.99,'expired','Admin','success','admin-4-1779118877','2026-05-18 15:41:17','2026-05-18 16:44:03'),(13,'650091053',3,2,'Starter',35.00,'2026-06-17','monthly','0','2','0','0',7.99,9.99,14.99,'expired','Admin','success','admin-4-1779121745','2026-05-18 16:29:05','2026-05-18 16:44:03'),(14,'1588688682',3,3,'Pro',80.00,'2026-06-17','monthly','20','5','0','0',9.99,14.99,19.99,'expired','Admin','success','admin-4-1779122038','2026-05-18 16:33:58','2026-05-18 16:44:03'),(15,'960423977',3,2,'Starter',35.00,'2026-06-17','monthly','25','5','5','5',7.99,9.99,14.99,'expired','Admin','success','admin-4-1779122043','2026-05-18 16:34:03','2026-05-18 16:44:03'),(16,'852609256',3,1,'Gratuit',0.00,'lifetime','lifetime','15','3','3','3',7.99,9.99,14.99,'active','Admin','success','admin-4-1779122643','2026-05-18 16:44:03','2026-05-18 16:44:03'),(17,'971056322',6,2,'Starter',35.00,'2026-06-17','monthly','25','5','5','5',7.99,9.99,14.99,'active','Admin','success','admin-4-1779124779','2026-05-18 17:19:39','2026-05-18 17:19:39'),(18,'65291936',2,4,'Companie',170.00,'2026-06-18','monthly','50','15','15','15',7.99,11.99,14.99,'active','Admin','success','admin-1-1779145853','2026-05-18 23:10:53','2026-05-18 23:10:53'),(19,'937864221',7,1,'Gratuit',0.00,'lifetime','lifetime','15','3','3','3',7.99,9.99,14.99,'active','Registration','success','default-plan-7-1779185370','2026-05-19 10:09:30','2026-05-19 10:09:30');

--
-- Table structure for table `subscription_plans`
--

CREATE TABLE `subscription_plans` (
  `id` bigint(20) unsigned NOT NULL AUTO_INCREMENT,
  `plan_name` varchar(255) NOT NULL,
  `plan_price` decimal(8,2) NOT NULL,
  `expiration_date` varchar(255) NOT NULL,
  `max_listing` int(11) NOT NULL,
  `featured_listing` int(11) NOT NULL,
  `banner_slider_listing` int(10) unsigned NOT NULL DEFAULT 0,
  `email_banner_listing` int(10) unsigned NOT NULL DEFAULT 0,
  `price_search_home` decimal(10,2) DEFAULT NULL,
  `price_banner_slider` decimal(10,2) DEFAULT NULL,
  `price_email_banner` decimal(10,2) DEFAULT NULL,
  `status` varchar(255) NOT NULL,
  `purchase_status` varchar(255) NOT NULL DEFAULT 'active',
  `promotion_form_enabled` tinyint(1) NOT NULL DEFAULT 1,
  `is_default` tinyint(1) NOT NULL DEFAULT 0,
  `serial` int(11) NOT NULL,
  `created_at` timestamp NULL DEFAULT NULL,
  `updated_at` timestamp NULL DEFAULT NULL,
  PRIMARY KEY (`id`)
) ENGINE=InnoDB AUTO_INCREMENT=5 DEFAULT CHARSET=utf8mb4 COLLATE=utf8mb4_unicode_ci;

--
-- Dumping data for table `subscription_plans`
--

INSERT INTO `subscription_plans` VALUES (1,'Gratuit',0.00,'lifetime',15,3,3,3,7.99,9.99,14.99,'active','active',1,1,1,'2026-05-15 20:35:45','2026-05-18 16:44:32'),(2,'Starter',35.00,'monthly',25,5,5,5,7.99,9.99,14.99,'active','active',1,0,2,'2026-05-15 20:36:28','2026-05-18 16:32:34'),(3,'Pro',80.00,'monthly',20,5,0,0,9.99,14.99,19.99,'active','inactive',1,0,3,'2026-05-15 20:36:49','2026-05-17 11:27:44'),(4,'Companie',170.00,'monthly',50,15,15,15,7.99,11.99,14.99,'active','inactive',1,0,4,'2026-05-15 20:38:21','2026-05-18 15:40:38');

--
-- Table structure for table `support_tickets`
--

CREATE TABLE `support_tickets` (
  `id` bigint(20) unsigned NOT NULL AUTO_INCREMENT,
  `user_id` int(11) NOT NULL,
  `subject` text NOT NULL,
  `ticket_id` varchar(255) NOT NULL,
  `priority` varchar(255) DEFAULT NULL,
  `message` text DEFAULT NULL,
  `status` varchar(255) NOT NULL DEFAULT 'pending' COMMENT 'pending, in_progress, closed',
  `created_at` timestamp NULL DEFAULT NULL,
  `updated_at` timestamp NULL DEFAULT NULL,
  PRIMARY KEY (`id`)
) ENGINE=InnoDB AUTO_INCREMENT=3 DEFAULT CHARSET=utf8mb4 COLLATE=utf8mb4_unicode_ci;

--
-- Dumping data for table `support_tickets`
--

INSERT INTO `support_tickets` VALUES (1,2,'test','1006737564','medium',NULL,'closed','2026-05-15 22:47:08','2026-05-16 03:17:55'),(2,3,'test asdasd','1570620929','medium',NULL,'answered','2026-05-18 19:16:34','2026-05-18 20:56:12');

--
-- Table structure for table `tawk_chats`
--

CREATE TABLE `tawk_chats` (
  `id` bigint(20) unsigned NOT NULL AUTO_INCREMENT,
  `chat_link` varchar(255) DEFAULT NULL,
  `status` int(11) NOT NULL DEFAULT 1,
  `created_at` timestamp NULL DEFAULT NULL,
  `updated_at` timestamp NULL DEFAULT NULL,
  PRIMARY KEY (`id`)
) ENGINE=InnoDB AUTO_INCREMENT=2 DEFAULT CHARSET=utf8mb4 COLLATE=utf8mb4_unicode_ci;

--
-- Dumping data for table `tawk_chats`
--

INSERT INTO `tawk_chats` VALUES (1,'https://embed.tawk.to/5a7c31ded7591465c7077c48/default',0,NULL,'2026-05-15 19:25:18');

--
-- Table structure for table `term_and_conditions`
--

CREATE TABLE `term_and_conditions` (
  `id` bigint(20) unsigned NOT NULL AUTO_INCREMENT,
  `lang_code` varchar(255) NOT NULL,
  `description` longtext NOT NULL,
  `created_at` timestamp NULL DEFAULT NULL,
  `updated_at` timestamp NULL DEFAULT NULL,
  PRIMARY KEY (`id`)
) ENGINE=InnoDB AUTO_INCREMENT=47 DEFAULT CHARSET=utf8mb4 COLLATE=utf8mb4_unicode_ci;

--
-- Dumping data for table `term_and_conditions`
--

INSERT INTO `term_and_conditions` VALUES (1,'en','<h3>01.Acceptance of Terms</h3>\r\n<p>A Privacy Policy is a legal document that informs users about the data collected, how it\'s used, and how it\'s protected. It typically includes information about the type of personal our ainformation collected (such as names, email addresses, etc.), the purpose of collection, and whether the information is shared with third parties. It outlines the rights of users regarding their data, such as the right to access, correct, or delete their information</p>\r\n<h3>02.User Eligibility and User Responsibilities</h3>\r\n<p>Terms of Service (also known as Terms and Conditions or Terms of Use) set the rules and guidelines for using a particular service or platform. They establish the contractual relationship between the user and the service provider. They often include details about user behavior, content usage policies, disclaimers, limitations of liability, and procedures for dispute resolution.Users typically agree to these terms by using the service.When you visit a website or use an online service, you are usually asked to agree to both the Privacy Policy and the Terms of Service. These documents are crucial for transparency, legal compliance, and establishing the terms under which users can access and use the service.<br><br>It\'s important for businesses and service providers to keep these documents up-to-date and easily accessible to users. If you have specific questions or concerns about privacy policies or terms of service, feel free to provide more details, and I\'ll do my best to assist you.</p>\r\n<h3>3. Intellectual Property</h3>\r\n<p>Lorem Ipsum is simply dummy text of the printing and typesetting industry. Lorem Ipsum has been the industry\'s standard dummy text ever since the 1500s, when an unknown as printer took a galley of type and scrambled it to make a type specimen book. It has survived not only five centuriezcs but also the on leap into as eylectronic typesetting, remaining as essentially unchanged. It wasn&rsquo;t popularised in the 1960s with the release of Letraszvxet sheets containing Lorem Ipsum our spassages, andei more recently with a desktop publishing software like Aldus PageMaker including versions of Lorem Ipsum to make a type specimen book. five centuries but also a the on leap into electronic typesetting, remaining essentially unchanged. It aswasn&rsquo;t popularised in the 1960s with the release of Letraset sheets containing Lorem Ipsum passages, andei more recently with desktop our aspublishing software like Aldus PageMaker including versions of Lorem Ipsum to make a type specimen book.</p>\r\n<h3>4. Payment and Billing (if applicable)</h3>\r\n<p>Lorem Ipsum is simply dummy text of the printing and typesetting industry. Lorem Ipsum has been the industry\'s standard dummy text ever since the 1500s, when an unknown as printer took a galley of type and scrambled it to make a type specimen book. It has survived not only five centuriezcs but also the on leap into as eylectronic typesetting, remaining as essentially unchanged. It wasn&rsquo;t popularised in the 1960s with the release of Letraszvxet sheets containing Lorem Ipsum our spassages, andei more recently with a desktop publishing software like Aldus PageMaker including versions of Lorem Ipsum to make a type specimen book. five centuries but also a the on leap into electronic typesetting, remaining essentially unchanged. It aswasn&rsquo;t popularised in the 1960s with the release of Letraset sheets containing Lorem Ipsum passages, andei more recently with desktop our aspublishing software like Aldus PageMaker including versions of Lorem Ipsum to make a type specimen book.</p>\r\n<h3>5. Disclaimers and Limitations of Liability</h3>\r\n<p>Lorem Ipsum is simply dummy text of the printing and typesetting industry. Lorem Ipsum has been the industry\'s standard dummy text ever since the as1500s, when an unknown printer took a galley of type and scrambled it to make a type specimen book. It has survived not only five as centuries but also the on leap into as electronic ki typesetting, remaining essentially unchanged. It wasn&rsquo;t popularised in the 1960s with the release of as Leitraset sheets containing Loriem Ipsum passages, our andei more recently with desktop publishing software like Aldus PageMaker including versions of Lorem Ipsum to make a type specimen book.<br><br>five centuries but also the on leap into electronic typesetting, remaining essentially unchanged. It wasn&rsquo;t popularised in the 1960s with the release of Letraset as sheets containing Lorem Ipsum passages, andei more recently with desktop publishing software like Aldus PageMaker our as including versions of Loriem Ipsum to make a type our as specimen book. It wasn&rsquo;t popularised in the 1960s with the release of Letraset sheets as containing Lorem Ipsum passages, andei more recently with a desktop publishing software like Aldus PageMaker including versions of Loremas Ipsum to make a type specimen book.</p>\r\n<h3>06.Pricing and Payment Terms</h3>\r\n<p>Lorem Ipsum is simply dummy text of the printing and typesetting industry. Lorem Ipsum has been the industry\'s standard dummy text ever since the as 1500s, when an unknown printer took a galley of type and scrambled it to make a type specimen book. It has survived not only five as centuries but also as the on leap into electronic as typesetting, remaining essentially unchanged. It wasn&rsquo;t popularised in the 1960s with the release as of Letraset sheets containing Lorem Ipsum our spassages, andei more recently with desktop publishing software like Aldus PageMaker including versions of Lorem Ipsum to make a type specimen book.<br><br>five centuries but also the on leap into electronic typesetting, remaining essentially unchanged. It wasn&rsquo;t popularised in the 1960s with the release of Letraset sheets containing Lorem Ipsum passages, andei more recently with desktop publishing software like Aldus PageMaker our as including versions of Lorem aIpsum to make a type specimen our as book. It wasn&rsquo;t popularised in the 1960s with the release of Letraset sheetsasd containing Lorem Ipsum passages, andei more recentlysl with desktop publishing software like Aldus PageMaker including versions of Loremadfsfds Ipsum to make a type specimen book.<br><br>It has survived not only five centuries but also the on leap into electronic typesetting, remaining essentially unchanged. It wasn&rsquo;t popularised in the our 1960s with the release of Letraset sheets containing Lorem Ipsum passages, andei more recently with desktop publishing asou software like Aldus PageMaker including versions of Lorem Ipsum to make a type specimen book.</p>',NULL,'2024-03-30 23:24:33'),(46,'ro','<h3>01.Acceptance of Terms</h3>\r\n<p>A Privacy Policy is a legal document that informs users about the data collected, how it\'s used, and how it\'s protected. It typically includes information about the type of personal our ainformation collected (such as names, email addresses, etc.), the purpose of collection, and whether the information is shared with third parties. It outlines the rights of users regarding their data, such as the right to access, correct, or delete their information</p>\r\n<h3>02.User Eligibility and User Responsibilities</h3>\r\n<p>Terms of Service (also known as Terms and Conditions or Terms of Use) set the rules and guidelines for using a particular service or platform. They establish the contractual relationship between the user and the service provider. They often include details about user behavior, content usage policies, disclaimers, limitations of liability, and procedures for dispute resolution.Users typically agree to these terms by using the service.When you visit a website or use an online service, you are usually asked to agree to both the Privacy Policy and the Terms of Service. These documents are crucial for transparency, legal compliance, and establishing the terms under which users can access and use the service.<br><br>It\'s important for businesses and service providers to keep these documents up-to-date and easily accessible to users. If you have specific questions or concerns about privacy policies or terms of service, feel free to provide more details, and I\'ll do my best to assist you.</p>\r\n<h3>3. Intellectual Property</h3>\r\n<p>Lorem Ipsum is simply dummy text of the printing and typesetting industry. Lorem Ipsum has been the industry\'s standard dummy text ever since the 1500s, when an unknown as printer took a galley of type and scrambled it to make a type specimen book. It has survived not only five centuriezcs but also the on leap into as eylectronic typesetting, remaining as essentially unchanged. It wasn&rsquo;t popularised in the 1960s with the release of Letraszvxet sheets containing Lorem Ipsum our spassages, andei more recently with a desktop publishing software like Aldus PageMaker including versions of Lorem Ipsum to make a type specimen book. five centuries but also a the on leap into electronic typesetting, remaining essentially unchanged. It aswasn&rsquo;t popularised in the 1960s with the release of Letraset sheets containing Lorem Ipsum passages, andei more recently with desktop our aspublishing software like Aldus PageMaker including versions of Lorem Ipsum to make a type specimen book.</p>\r\n<h3>4. Payment and Billing (if applicable)</h3>\r\n<p>Lorem Ipsum is simply dummy text of the printing and typesetting industry. Lorem Ipsum has been the industry\'s standard dummy text ever since the 1500s, when an unknown as printer took a galley of type and scrambled it to make a type specimen book. It has survived not only five centuriezcs but also the on leap into as eylectronic typesetting, remaining as essentially unchanged. It wasn&rsquo;t popularised in the 1960s with the release of Letraszvxet sheets containing Lorem Ipsum our spassages, andei more recently with a desktop publishing software like Aldus PageMaker including versions of Lorem Ipsum to make a type specimen book. five centuries but also a the on leap into electronic typesetting, remaining essentially unchanged. It aswasn&rsquo;t popularised in the 1960s with the release of Letraset sheets containing Lorem Ipsum passages, andei more recently with desktop our aspublishing software like Aldus PageMaker including versions of Lorem Ipsum to make a type specimen book.</p>\r\n<h3>5. Disclaimers and Limitations of Liability</h3>\r\n<p>Lorem Ipsum is simply dummy text of the printing and typesetting industry. Lorem Ipsum has been the industry\'s standard dummy text ever since the as1500s, when an unknown printer took a galley of type and scrambled it to make a type specimen book. It has survived not only five as centuries but also the on leap into as electronic ki typesetting, remaining essentially unchanged. It wasn&rsquo;t popularised in the 1960s with the release of as Leitraset sheets containing Loriem Ipsum passages, our andei more recently with desktop publishing software like Aldus PageMaker including versions of Lorem Ipsum to make a type specimen book.<br><br>five centuries but also the on leap into electronic typesetting, remaining essentially unchanged. It wasn&rsquo;t popularised in the 1960s with the release of Letraset as sheets containing Lorem Ipsum passages, andei more recently with desktop publishing software like Aldus PageMaker our as including versions of Loriem Ipsum to make a type our as specimen book. It wasn&rsquo;t popularised in the 1960s with the release of Letraset sheets as containing Lorem Ipsum passages, andei more recently with a desktop publishing software like Aldus PageMaker including versions of Loremas Ipsum to make a type specimen book.</p>\r\n<h3>06.Pricing and Payment Terms</h3>\r\n<p>Lorem Ipsum is simply dummy text of the printing and typesetting industry. Lorem Ipsum has been the industry\'s standard dummy text ever since the as 1500s, when an unknown printer took a galley of type and scrambled it to make a type specimen book. It has survived not only five as centuries but also as the on leap into electronic as typesetting, remaining essentially unchanged. It wasn&rsquo;t popularised in the 1960s with the release as of Letraset sheets containing Lorem Ipsum our spassages, andei more recently with desktop publishing software like Aldus PageMaker including versions of Lorem Ipsum to make a type specimen book.<br><br>five centuries but also the on leap into electronic typesetting, remaining essentially unchanged. It wasn&rsquo;t popularised in the 1960s with the release of Letraset sheets containing Lorem Ipsum passages, andei more recently with desktop publishing software like Aldus PageMaker our as including versions of Lorem aIpsum to make a type specimen our as book. It wasn&rsquo;t popularised in the 1960s with the release of Letraset sheetsasd containing Lorem Ipsum passages, andei more recentlysl with desktop publishing software like Aldus PageMaker including versions of Loremadfsfds Ipsum to make a type specimen book.<br><br>It has survived not only five centuries but also the on leap into electronic typesetting, remaining essentially unchanged. It wasn&rsquo;t popularised in the our 1960s with the release of Letraset sheets containing Lorem Ipsum passages, andei more recently with desktop publishing asou software like Aldus PageMaker including versions of Lorem Ipsum to make a type specimen book.</p>','2026-05-16 14:02:38','2026-05-16 14:02:38');

--
-- Table structure for table `testimonial_translations`
--

CREATE TABLE `testimonial_translations` (
  `id` bigint(20) unsigned NOT NULL AUTO_INCREMENT,
  `lang_code` varchar(255) NOT NULL,
  `testimonial_id` int(11) NOT NULL,
  `name` varchar(255) NOT NULL,
  `designation` varchar(255) NOT NULL,
  `comment` text NOT NULL,
  `created_at` timestamp NULL DEFAULT NULL,
  `updated_at` timestamp NULL DEFAULT NULL,
  PRIMARY KEY (`id`)
) ENGINE=InnoDB DEFAULT CHARSET=utf8mb4 COLLATE=utf8mb4_unicode_ci;

--
-- Dumping data for table `testimonial_translations`
--


--
-- Table structure for table `testimonials`
--

CREATE TABLE `testimonials` (
  `id` bigint(20) unsigned NOT NULL AUTO_INCREMENT,
  `image` varchar(255) NOT NULL,
  `status` varchar(255) NOT NULL DEFAULT 'active',
  `created_at` timestamp NULL DEFAULT NULL,
  `updated_at` timestamp NULL DEFAULT NULL,
  PRIMARY KEY (`id`)
) ENGINE=InnoDB DEFAULT CHARSET=utf8mb4 COLLATE=utf8mb4_unicode_ci;

--
-- Dumping data for table `testimonials`
--


--
-- Table structure for table `ticket_messages`
--

CREATE TABLE `ticket_messages` (
  `id` bigint(20) unsigned NOT NULL AUTO_INCREMENT,
  `support_ticket_id` int(11) NOT NULL,
  `user_id` int(11) NOT NULL,
  `admin_id` int(11) NOT NULL,
  `message` text NOT NULL,
  `message_from` varchar(255) NOT NULL COMMENT 'user, admin',
  `seen_by_admin` varchar(255) NOT NULL DEFAULT 'no',
  `seen_by_user` varchar(255) NOT NULL DEFAULT 'no',
  `created_at` timestamp NULL DEFAULT NULL,
  `updated_at` timestamp NULL DEFAULT NULL,
  PRIMARY KEY (`id`)
) ENGINE=InnoDB AUTO_INCREMENT=10 DEFAULT CHARSET=utf8mb4 COLLATE=utf8mb4_unicode_ci;

--
-- Dumping data for table `ticket_messages`
--

INSERT INTO `ticket_messages` VALUES (1,1,2,0,'testt','user','yes','yes','2026-05-15 22:47:08','2026-05-16 00:00:51'),(2,1,2,1,'tesss','admin','yes','yes','2026-05-15 22:47:35','2026-05-18 22:27:27'),(3,1,2,4,'teeasdasd','admin','yes','yes','2026-05-16 00:00:51','2026-05-18 22:27:27'),(4,2,3,0,'asdasd','user','yes','yes','2026-05-18 19:16:34','2026-05-18 20:58:57'),(5,2,3,1,'asdasdasd','admin','yes','yes','2026-05-18 20:28:33','2026-05-19 09:53:21'),(6,2,3,1,'asdasd','admin','yes','yes','2026-05-18 20:29:09','2026-05-19 09:53:21'),(7,2,3,0,'asdasd','user','yes','yes','2026-05-18 20:43:56','2026-05-18 20:58:57'),(8,2,3,0,'asdasdasda','user','yes','yes','2026-05-18 20:54:02','2026-05-18 20:58:57'),(9,2,3,1,'asdasdasd','admin','yes','yes','2026-05-18 20:56:12','2026-05-19 09:53:21');

--
-- Table structure for table `user_conversations`
--

CREATE TABLE `user_conversations` (
  `id` bigint(20) unsigned NOT NULL AUTO_INCREMENT,
  `listing_id` bigint(20) unsigned DEFAULT NULL,
  `buyer_id` bigint(20) unsigned NOT NULL,
  `seller_id` bigint(20) unsigned NOT NULL,
  `subject` varchar(255) NOT NULL,
  `last_message_at` timestamp NULL DEFAULT NULL,
  `created_at` timestamp NULL DEFAULT NULL,
  `updated_at` timestamp NULL DEFAULT NULL,
  PRIMARY KEY (`id`),
  UNIQUE KEY `user_conversations_participants_listing_unique` (`buyer_id`,`seller_id`,`listing_id`),
  KEY `user_conversations_buyer_id_last_message_at_index` (`buyer_id`,`last_message_at`),
  KEY `user_conversations_seller_id_last_message_at_index` (`seller_id`,`last_message_at`)
) ENGINE=InnoDB AUTO_INCREMENT=22 DEFAULT CHARSET=utf8mb4 COLLATE=utf8mb4_unicode_ci;

--
-- Dumping data for table `user_conversations`
--

INSERT INTO `user_conversations` VALUES (1,47,2,3,'asdas','2026-05-18 21:32:09','2026-05-18 21:17:37','2026-05-18 21:32:09'),(2,40,3,2,'3','2026-05-18 21:42:13','2026-05-18 21:37:36','2026-05-18 21:42:13'),(3,41,3,2,'2','2026-05-18 21:41:31','2026-05-18 21:41:31','2026-05-18 21:41:31'),(4,38,3,2,'4','2026-05-18 21:42:48','2026-05-18 21:42:48','2026-05-18 21:42:48'),(5,37,3,2,'5','2026-05-18 21:43:33','2026-05-18 21:43:33','2026-05-18 21:43:33'),(6,39,3,2,'6','2026-05-18 21:43:55','2026-05-18 21:43:55','2026-05-18 21:43:55'),(7,42,3,2,'7','2026-05-19 09:51:49','2026-05-18 21:44:39','2026-05-19 09:51:49'),(8,42,6,2,'111','2026-05-18 21:55:52','2026-05-18 21:55:52','2026-05-18 21:55:52'),(9,41,6,2,'222','2026-05-18 21:56:22','2026-05-18 21:56:22','2026-05-18 21:56:22'),(10,40,6,2,'333','2026-05-18 21:57:17','2026-05-18 21:57:17','2026-05-18 21:57:17'),(11,38,6,2,'444','2026-05-18 21:57:28','2026-05-18 21:57:28','2026-05-18 21:57:28'),(12,37,6,2,'555','2026-05-18 21:57:39','2026-05-18 21:57:39','2026-05-18 21:57:39'),(13,39,6,2,'666','2026-05-18 21:57:49','2026-05-18 21:57:49','2026-05-18 21:57:49'),(14,26,6,2,'777','2026-05-18 21:58:03','2026-05-18 21:58:03','2026-05-18 21:58:03'),(15,20,6,2,'888','2026-05-18 21:58:19','2026-05-18 21:58:19','2026-05-18 21:58:19'),(16,29,6,2,'999','2026-05-18 21:58:42','2026-05-18 21:58:42','2026-05-18 21:58:42'),(17,18,6,2,'1010','2026-05-18 21:58:55','2026-05-18 21:58:55','2026-05-18 21:58:55'),(18,19,6,2,'11111','2026-05-18 22:25:02','2026-05-18 21:59:07','2026-05-18 22:25:03'),(19,42,5,2,'asdasdasdasda','2026-05-18 22:50:16','2026-05-18 22:25:25','2026-05-18 22:50:16'),(20,28,2,3,'messaj','2026-05-19 10:01:12','2026-05-19 09:50:27','2026-05-19 10:01:12'),(21,46,2,6,'test email','2026-05-19 10:07:12','2026-05-19 10:07:12','2026-05-19 10:07:12');

--
-- Table structure for table `user_ip_logs`
--

CREATE TABLE `user_ip_logs` (
  `id` bigint(20) unsigned NOT NULL AUTO_INCREMENT,
  `user_id` bigint(20) unsigned DEFAULT NULL,
  `ip` varchar(45) NOT NULL,
  `country` varchar(255) DEFAULT NULL,
  `country_code` varchar(10) DEFAULT NULL,
  `city` varchar(255) DEFAULT NULL,
  `is_vpn` tinyint(1) NOT NULL DEFAULT 0,
  `is_proxy` tinyint(1) NOT NULL DEFAULT 0,
  `is_tor` tinyint(1) NOT NULL DEFAULT 0,
  `is_hosting` tinyint(1) NOT NULL DEFAULT 0,
  `event` varchar(32) NOT NULL,
  `user_agent` text DEFAULT NULL,
  `created_at` timestamp NULL DEFAULT NULL,
  `updated_at` timestamp NULL DEFAULT NULL,
  PRIMARY KEY (`id`),
  KEY `user_ip_logs_user_id_created_at_index` (`user_id`,`created_at`),
  KEY `user_ip_logs_ip_created_at_index` (`ip`,`created_at`)
) ENGINE=InnoDB DEFAULT CHARSET=utf8mb4 COLLATE=utf8mb4_unicode_ci;

--
-- Dumping data for table `user_ip_logs`
--


--
-- Table structure for table `user_messages`
--

CREATE TABLE `user_messages` (
  `id` bigint(20) unsigned NOT NULL AUTO_INCREMENT,
  `user_conversation_id` bigint(20) unsigned NOT NULL,
  `sender_id` bigint(20) unsigned NOT NULL,
  `body` text NOT NULL,
  `read_at` timestamp NULL DEFAULT NULL,
  `created_at` timestamp NULL DEFAULT NULL,
  `updated_at` timestamp NULL DEFAULT NULL,
  PRIMARY KEY (`id`),
  KEY `user_messages_user_conversation_id_created_at_index` (`user_conversation_id`,`created_at`),
  KEY `user_messages_sender_id_index` (`sender_id`)
) ENGINE=InnoDB AUTO_INCREMENT=68 DEFAULT CHARSET=utf8mb4 COLLATE=utf8mb4_unicode_ci;

--
-- Dumping data for table `user_messages`
--

INSERT INTO `user_messages` VALUES (1,1,2,'asdasdasd','2026-05-18 21:18:25','2026-05-18 21:17:37','2026-05-18 21:18:25'),(2,1,3,'dasdasd','2026-05-18 21:32:00','2026-05-18 21:30:07','2026-05-18 21:32:00'),(3,1,2,'asdasd','2026-05-18 21:34:11','2026-05-18 21:32:09','2026-05-18 21:34:11'),(4,2,3,'1','2026-05-18 21:39:28','2026-05-18 21:37:36','2026-05-18 21:39:28'),(5,3,3,'2','2026-05-18 21:45:05','2026-05-18 21:41:31','2026-05-18 21:45:05'),(6,2,3,'3','2026-05-18 21:53:18','2026-05-18 21:42:13','2026-05-18 21:53:18'),(7,4,3,'4','2026-05-18 21:53:03','2026-05-18 21:42:48','2026-05-18 21:53:03'),(8,5,3,'5','2026-05-18 21:52:58','2026-05-18 21:43:33','2026-05-18 21:52:58'),(9,6,3,'6','2026-05-18 21:45:10','2026-05-18 21:43:55','2026-05-18 21:45:10'),(10,7,3,'7','2026-05-18 21:53:09','2026-05-18 21:44:39','2026-05-18 21:53:09'),(11,7,3,'7','2026-05-18 21:53:09','2026-05-18 21:44:39','2026-05-18 21:53:09'),(12,8,6,'111','2026-05-18 22:12:23','2026-05-18 21:55:52','2026-05-18 22:12:23'),(13,9,6,'222','2026-05-18 22:12:59','2026-05-18 21:56:22','2026-05-18 22:12:59'),(14,10,6,'333','2026-05-18 22:12:58','2026-05-18 21:57:17','2026-05-18 22:12:58'),(15,11,6,'444','2026-05-18 22:09:19','2026-05-18 21:57:28','2026-05-18 22:09:19'),(16,12,6,'555','2026-05-18 22:12:21','2026-05-18 21:57:39','2026-05-18 22:12:21'),(17,13,6,'666','2026-05-18 22:12:56','2026-05-18 21:57:49','2026-05-18 22:12:56'),(18,14,6,'777','2026-05-18 22:12:55','2026-05-18 21:58:03','2026-05-18 22:12:55'),(19,15,6,'888','2026-05-18 22:12:51','2026-05-18 21:58:19','2026-05-18 22:12:51'),(20,16,6,'999','2026-05-18 22:12:15','2026-05-18 21:58:42','2026-05-18 22:12:15'),(21,17,6,'1010','2026-05-18 22:08:10','2026-05-18 21:58:55','2026-05-18 22:08:10'),(22,18,6,'1111','2026-05-18 22:08:04','2026-05-18 21:59:07','2026-05-18 22:08:04'),(23,7,2,'asdasd','2026-05-19 09:51:39','2026-05-18 22:02:42','2026-05-19 09:51:39'),(24,18,6,'dasdasd','2026-05-18 22:13:08','2026-05-18 22:12:42','2026-05-18 22:13:08'),(25,18,2,'asdasd','2026-05-18 22:13:20','2026-05-18 22:13:12','2026-05-18 22:13:20'),(26,18,6,'asdasd','2026-05-18 22:16:58','2026-05-18 22:16:14','2026-05-18 22:16:58'),(27,18,6,'asdasda','2026-05-18 22:18:09','2026-05-18 22:17:15','2026-05-18 22:18:09'),(28,18,2,'asdasd','2026-05-18 22:18:23','2026-05-18 22:18:14','2026-05-18 22:18:23'),(29,18,6,'asdasda','2026-05-18 22:24:59','2026-05-18 22:18:31','2026-05-18 22:24:59'),(30,18,2,'asdasd',NULL,'2026-05-18 22:25:02','2026-05-18 22:25:02'),(31,19,5,'sdasdasd','2026-05-18 22:25:48','2026-05-18 22:25:25','2026-05-18 22:25:48'),(32,19,2,'asdasd','2026-05-18 22:26:05','2026-05-18 22:25:54','2026-05-18 22:26:05'),(33,19,5,'asdasd','2026-05-18 22:26:16','2026-05-18 22:26:08','2026-05-18 22:26:16'),(34,19,2,'asdasdasd','2026-05-18 22:26:23','2026-05-18 22:26:22','2026-05-18 22:26:23'),(35,19,5,'testemail','2026-05-18 22:26:51','2026-05-18 22:26:37','2026-05-18 22:26:51'),(36,19,2,'tester','2026-05-18 22:27:01','2026-05-18 22:26:54','2026-05-18 22:27:01'),(37,19,5,'asdf','2026-05-18 22:34:43','2026-05-18 22:34:19','2026-05-18 22:34:43'),(38,19,2,'asdasd','2026-05-18 22:34:50','2026-05-18 22:34:46','2026-05-18 22:34:50'),(39,19,2,'asdasd','2026-05-18 22:35:20','2026-05-18 22:35:16','2026-05-18 22:35:20'),(45,19,2,'asdasdad','2026-05-18 22:38:15','2026-05-18 22:38:12','2026-05-18 22:38:15'),(46,19,5,'1','2026-05-18 22:38:29','2026-05-18 22:38:23','2026-05-18 22:38:29'),(47,19,5,'2','2026-05-18 22:38:29','2026-05-18 22:38:28','2026-05-18 22:38:29'),(48,19,5,'3','2026-05-18 22:38:56','2026-05-18 22:38:34','2026-05-18 22:38:56'),(49,19,5,'**Cuvant Blocat**','2026-05-18 22:44:49','2026-05-18 22:44:45','2026-05-18 22:44:49'),(50,19,5,'sa **Cuvant Blocat** pe el','2026-05-18 22:45:14','2026-05-18 22:44:59','2026-05-18 22:45:14'),(51,19,5,'**URL Blocat**','2026-05-18 22:45:14','2026-05-18 22:45:13','2026-05-18 22:45:14'),(52,19,5,'**Domeniu Blocat**','2026-05-18 22:45:24','2026-05-18 22:45:20','2026-05-18 22:45:24'),(53,19,5,'**Domeniu Blocat**','2026-05-18 22:45:34','2026-05-18 22:45:32','2026-05-18 22:45:34'),(54,19,5,'**Email Blocat**','2026-05-18 22:47:34','2026-05-18 22:47:33','2026-05-18 22:47:34'),(55,19,5,'muie','2026-05-18 22:47:44','2026-05-18 22:47:43','2026-05-18 22:47:44'),(56,19,5,'**Domeniu Blocat**','2026-05-18 22:48:54','2026-05-18 22:48:50','2026-05-18 22:48:54'),(57,19,5,'**Cuvant Blocat** ma','2026-05-18 22:49:09','2026-05-18 22:49:06','2026-05-18 22:49:09'),(58,19,5,'sa ma pish pe tine','2026-05-18 22:49:24','2026-05-18 22:49:23','2026-05-18 22:49:24'),(59,19,5,'sa ma pis pe tine','2026-05-18 22:49:34','2026-05-18 22:49:33','2026-05-18 22:49:34'),(60,19,5,'esti o **Cuvant Blocat**','2026-05-18 22:50:19','2026-05-18 22:50:16','2026-05-18 22:50:19'),(61,20,2,'test contact','2026-05-19 09:51:47','2026-05-19 09:50:27','2026-05-19 09:51:47'),(62,7,3,'asdasd',NULL,'2026-05-19 09:51:44','2026-05-19 09:51:44'),(63,7,3,'asdasd',NULL,'2026-05-19 09:51:49','2026-05-19 09:51:49'),(64,20,2,'sdasd','2026-05-19 09:53:12','2026-05-19 09:52:43','2026-05-19 09:53:12'),(65,20,2,'test message',NULL,'2026-05-19 09:59:06','2026-05-19 09:59:06'),(66,20,2,'messaj',NULL,'2026-05-19 10:01:12','2026-05-19 10:01:12'),(67,21,2,'test email',NULL,'2026-05-19 10:07:12','2026-05-19 10:07:12');

--
-- Table structure for table `user_roles`
--

CREATE TABLE `user_roles` (
  `id` bigint(20) unsigned NOT NULL AUTO_INCREMENT,
  `name` varchar(255) NOT NULL,
  `slug` varchar(255) NOT NULL,
  `type` varchar(255) NOT NULL DEFAULT 'user',
  `category_ids` longtext CHARACTER SET utf8mb4 COLLATE utf8mb4_bin NOT NULL CHECK (json_valid(`category_ids`)),
  `sets_dealer_profile` tinyint(1) NOT NULL DEFAULT 0,
  `allows_working_hours` tinyint(1) NOT NULL DEFAULT 0,
  `is_system` tinyint(1) NOT NULL DEFAULT 0,
  `is_default` tinyint(1) NOT NULL DEFAULT 0,
  `status` varchar(255) NOT NULL DEFAULT 'active',
  `created_at` timestamp NULL DEFAULT NULL,
  `updated_at` timestamp NULL DEFAULT NULL,
  PRIMARY KEY (`id`),
  UNIQUE KEY `user_roles_slug_unique` (`slug`)
) ENGINE=InnoDB AUTO_INCREMENT=4 DEFAULT CHARSET=utf8mb4 COLLATE=utf8mb4_unicode_ci;

--
-- Dumping data for table `user_roles`
--

INSERT INTO `user_roles` VALUES (1,'Utilizator','utilizator','user','[1,3]',0,0,1,1,'active','2026-05-15 21:21:53','2026-05-15 21:21:53'),(2,'Agentie imobiliara','agentie_imobiliara','agent','[\"2\"]',1,1,1,0,'active','2026-05-15 21:21:53','2026-05-18 18:35:32'),(3,'Firma','firma','company','[\"1\",\"2\",\"3\"]',1,1,1,0,'active','2026-05-15 21:21:53','2026-05-18 18:35:26');

--
-- Table structure for table `wishlists`
--

CREATE TABLE `wishlists` (
  `id` bigint(20) unsigned NOT NULL AUTO_INCREMENT,
  `user_id` int(11) NOT NULL,
  `listing_id` int(11) DEFAULT NULL,
  `product_id` int(11) DEFAULT NULL,
  `created_at` timestamp NULL DEFAULT NULL,
  `updated_at` timestamp NULL DEFAULT NULL,
  PRIMARY KEY (`id`)
) ENGINE=InnoDB AUTO_INCREMENT=2 DEFAULT CHARSET=utf8mb4 COLLATE=utf8mb4_unicode_ci;

--
-- Dumping data for table `wishlists`
--

INSERT INTO `wishlists` VALUES (1,2,3,NULL,'2026-05-15 23:36:33','2026-05-15 23:36:33');

--
-- Dumping routines for database 'aadfirst_laravel'
--
